{"id":2297,"date":"2022-09-28T11:10:22","date_gmt":"2022-09-28T14:10:22","guid":{"rendered":"https:\/\/uenf.br\/projetos\/arvoresdauenf\/?page_id=2297"},"modified":"2023-08-23T14:58:10","modified_gmt":"2023-08-23T17:58:10","slug":"lima-comum-sobre-flying-dragon","status":"publish","type":"page","link":"https:\/\/uenf.br\/projetos\/arvoresdauenf\/campus-leonel-brizola\/pesquisas\/setor-de-fruticultura\/lima-comum-sobre-flying-dragon\/","title":{"rendered":"Lima comum sobre Flying Dragon"},"content":{"rendered":"<p>Esp\u00e9cie: <em>Citrus<\/em> x <em>sinensis\u00a0\u00a0\u00a0\u00a0\u00a0\u00a0\u00a0\u00a0\u00a0\u00a0\u00a0\u00a0\u00a0\u00a0\u00a0\u00a0\u00a0\u00a0\u00a0\u00a0\u00a0\u00a0\u00a0\u00a0\u00a0\u00a0 <\/em><\/p>\n<p>Cultivar copa: laranjeira \u2018Lima comum\u2019<\/p>\n<p>Matura\u00e7\u00e3o dos frutos: precoce<\/p>\n<p>Cultivar porta-enxerto: <em>Poncirus trifoliata<\/em> var. Flying Dragon<\/p>\n<p>Data de plantio: 12\/2010<\/p>\n<p><img loading=\"lazy\" decoding=\"async\" class=\"size-medium wp-image-2445 aligncenter\" src=\"https:\/\/uenf.br\/projetos\/arvoresdauenf\/files\/2023\/05\/copa-planta-1-169x300.jpeg\" alt=\"\" width=\"169\" height=\"300\" srcset=\"https:\/\/uenf.br\/projetos\/arvoresdauenf\/files\/2023\/05\/copa-planta-1-169x300.jpeg 169w, https:\/\/uenf.br\/projetos\/arvoresdauenf\/files\/2023\/05\/copa-planta-1-575x1024.jpeg 575w, https:\/\/uenf.br\/projetos\/arvoresdauenf\/files\/2023\/05\/copa-planta-1.jpeg 719w\" sizes=\"auto, (max-width: 169px) 100vw, 169px\" \/><\/p>\n<p><img loading=\"lazy\" decoding=\"async\" class=\"size-medium wp-image-2446 aligncenter\" src=\"https:\/\/uenf.br\/projetos\/arvoresdauenf\/files\/2023\/05\/Fruta-planta-1-169x300.jpg\" alt=\"\" width=\"169\" height=\"300\" srcset=\"https:\/\/uenf.br\/projetos\/arvoresdauenf\/files\/2023\/05\/Fruta-planta-1-169x300.jpg 169w, https:\/\/uenf.br\/projetos\/arvoresdauenf\/files\/2023\/05\/Fruta-planta-1-575x1024.jpg 575w, https:\/\/uenf.br\/projetos\/arvoresdauenf\/files\/2023\/05\/Fruta-planta-1.jpg 719w\" sizes=\"auto, (max-width: 169px) 100vw, 169px\" \/><\/p>\n<p><img loading=\"lazy\" decoding=\"async\" class=\"wp-image-2444 aligncenter\" src=\"https:\/\/uenf.br\/projetos\/arvoresdauenf\/files\/2023\/05\/planta-1.jpeg\" alt=\"\" width=\"147\" height=\"303\" srcset=\"https:\/\/uenf.br\/projetos\/arvoresdauenf\/files\/2023\/05\/planta-1.jpeg 622w, https:\/\/uenf.br\/projetos\/arvoresdauenf\/files\/2023\/05\/planta-1-146x300.jpeg 146w, https:\/\/uenf.br\/projetos\/arvoresdauenf\/files\/2023\/05\/planta-1-498x1024.jpeg 498w\" sizes=\"auto, (max-width: 147px) 100vw, 147px\" \/><\/p>\n<p>Copa: Laranjeira Lima comum \u2013 <strong><em>Citrus<\/em><\/strong> x <strong><em>aurantium <\/em><\/strong>var <strong><em>sinensis<\/em><\/strong> L.<\/p>\n<p>Tipo: Laranja de baixa acidez<\/p>\n<p>Porta-enxerto: <strong><em>Poncirus trifoliata<\/em> <\/strong>var<strong> monstrosa <\/strong>(\u2018Flying Dragon\u2019)<\/p>\n<p>Caracter\u00edsticas: A laranja lima comum possui sabor extremamente doce e pode ser produzida em todo o Brasil. Seus frutos amadurecem entre os meses de abril a junho em plantio irrigado nas condi\u00e7\u00f5es de Campos dos Goytacazes-RJ. O formato do fruto \u00e9 esf\u00e9rico e a polpa tem baixa acidez. Quando enxertada sobre o porta-enxerto \u2018Flying Dragon\u2019, as plantas tiveram pequeno volume de copa no in\u00edcio do quarto ano ap\u00f3s o plantio, atingindo um valor de 1,3 m<sup>3<\/sup> e altura de 1,6 m aos 12 anos ap\u00f3s o plantio. A produ\u00e7\u00e3o foi de 15 kg por planta nesse mesmo per\u00edodo o que resultou em alta efici\u00eancia produtiva, que \u00e9 a massa de frutos dividida pelo volume da copa. A laranja Lima Comum, apesar de ter baixa acidez, tem altos teores de \u00e1cido asc\u00f3rbico, chegando a 31 mg\/100 mL de polpa, superando os teores de vitamina C de muitas outras laranjas comuns. Os frutos podem ser destinados \u00e0s pessoas com restri\u00e7\u00f5es para ingest\u00e3o de frutas \u00e1cidas, como crian\u00e7as ou adultos, suprindo suas demandas nessa vitamina. Quando a planta \u00e9 enxertada sobre o Flying Dragon o teor de a\u00e7\u00facar da polpa (graus Brix) chega a 10,5 graus o que, em conjunto \u00e0 sua baixa acidez, confere um sabor extremamente adocicado aos frutos (Portella, 2015).<\/p>\n<p>Refer\u00eancias:<\/p>\n<p><a href=\"https:\/\/uenf.br\/posgraduacao\/producao-vegetal\/wp-content\/uploads\/sites\/10\/2015\/07\/Disserta%C3%A7%C3%A3o-Camilla-25-06-2015-vers%C3%A3o-final-com-ficha-catalog.pdf\">https:\/\/uenf.br\/posgraduacao\/producao-vegetal\/wp-content\/uploads\/sites\/10\/2015\/07\/Disserta%C3%A7%C3%A3o-Camilla-25-06-2015-vers%C3%A3o-final-com-ficha-catalog.pdf<\/a><\/p>\n","protected":false},"excerpt":{"rendered":"<p>Esp\u00e9cie: Citrus x sinensis\u00a0\u00a0\u00a0\u00a0\u00a0\u00a0\u00a0\u00a0\u00a0\u00a0\u00a0\u00a0\u00a0\u00a0\u00a0\u00a0\u00a0\u00a0\u00a0\u00a0\u00a0\u00a0\u00a0\u00a0\u00a0\u00a0 Cultivar copa: laranjeira \u2018Lima comum\u2019 Matura\u00e7\u00e3o dos frutos: precoce Cultivar porta-enxerto: Poncirus trifoliata var. Flying Dragon&#8230;<\/p>\n","protected":false},"author":22,"featured_media":0,"parent":2148,"menu_order":0,"comment_status":"closed","ping_status":"closed","template":"","meta":{"footnotes":""},"class_list":["post-2297","page","type-page","status-publish","hentry"],"_links":{"self":[{"href":"https:\/\/uenf.br\/projetos\/arvoresdauenf\/wp-json\/wp\/v2\/pages\/2297","targetHints":{"allow":["GET"]}}],"collection":[{"href":"https:\/\/uenf.br\/projetos\/arvoresdauenf\/wp-json\/wp\/v2\/pages"}],"about":[{"href":"https:\/\/uenf.br\/projetos\/arvoresdauenf\/wp-json\/wp\/v2\/types\/page"}],"author":[{"embeddable":true,"href":"https:\/\/uenf.br\/projetos\/arvoresdauenf\/wp-json\/wp\/v2\/users\/22"}],"replies":[{"embeddable":true,"href":"https:\/\/uenf.br\/projetos\/arvoresdauenf\/wp-json\/wp\/v2\/comments?post=2297"}],"version-history":[{"count":0,"href":"https:\/\/uenf.br\/projetos\/arvoresdauenf\/wp-json\/wp\/v2\/pages\/2297\/revisions"}],"up":[{"embeddable":true,"href":"https:\/\/uenf.br\/projetos\/arvoresdauenf\/wp-json\/wp\/v2\/pages\/2148"}],"wp:attachment":[{"href":"https:\/\/uenf.br\/projetos\/arvoresdauenf\/wp-json\/wp\/v2\/media?parent=2297"}],"curies":[{"name":"wp","href":"https:\/\/api.w.org\/{rel}","templated":true}]}}