{"id":2311,"date":"2022-09-28T11:17:48","date_gmt":"2022-09-28T14:17:48","guid":{"rendered":"https:\/\/uenf.br\/projetos\/arvoresdauenf\/?page_id=2311"},"modified":"2023-05-18T11:18:24","modified_gmt":"2023-05-18T14:18:24","slug":"araca-roxo","status":"publish","type":"page","link":"https:\/\/uenf.br\/projetos\/arvoresdauenf\/campus-leonel-brizola\/pesquisas\/setor-de-fruticultura\/araca-roxo\/","title":{"rendered":"Ara\u00e7\u00e1 Roxo"},"content":{"rendered":"<p><em>Psidium myrtoides<\/em><\/p>\n<p>Nome comum: ara\u00e7\u00e1una ou ara\u00e7\u00e1 roxo<\/p>\n<p>Data de plantio: 11\/2012<\/p>\n<div id=\"attachment_2405\" style=\"width: 235px\" class=\"wp-caption aligncenter\"><img loading=\"lazy\" decoding=\"async\" aria-describedby=\"caption-attachment-2405\" class=\"wp-image-2405 size-medium\" src=\"https:\/\/uenf.br\/projetos\/arvoresdauenf\/files\/2023\/05\/araca-roxo-arvore-225x300.jpg\" alt=\"\" width=\"225\" height=\"300\" srcset=\"https:\/\/uenf.br\/projetos\/arvoresdauenf\/files\/2023\/05\/araca-roxo-arvore-225x300.jpg 225w, https:\/\/uenf.br\/projetos\/arvoresdauenf\/files\/2023\/05\/araca-roxo-arvore-768x1024.jpg 768w, https:\/\/uenf.br\/projetos\/arvoresdauenf\/files\/2023\/05\/araca-roxo-arvore-1152x1536.jpg 1152w, https:\/\/uenf.br\/projetos\/arvoresdauenf\/files\/2023\/05\/araca-roxo-arvore.jpg 1200w\" sizes=\"auto, (max-width: 225px) 100vw, 225px\" \/><p id=\"caption-attachment-2405\" class=\"wp-caption-text\">Foto: Cl\u00e1udia Sales Marinho<\/p><\/div>\n<div id=\"attachment_2406\" style=\"width: 235px\" class=\"wp-caption aligncenter\"><img loading=\"lazy\" decoding=\"async\" aria-describedby=\"caption-attachment-2406\" class=\"wp-image-2406 size-medium\" src=\"https:\/\/uenf.br\/projetos\/arvoresdauenf\/files\/2023\/05\/araca-roxo-225x300.jpg\" alt=\"\" width=\"225\" height=\"300\" srcset=\"https:\/\/uenf.br\/projetos\/arvoresdauenf\/files\/2023\/05\/araca-roxo-225x300.jpg 225w, https:\/\/uenf.br\/projetos\/arvoresdauenf\/files\/2023\/05\/araca-roxo-768x1024.jpg 768w, https:\/\/uenf.br\/projetos\/arvoresdauenf\/files\/2023\/05\/araca-roxo-1152x1536.jpg 1152w, https:\/\/uenf.br\/projetos\/arvoresdauenf\/files\/2023\/05\/araca-roxo.jpg 1200w\" sizes=\"auto, (max-width: 225px) 100vw, 225px\" \/><p id=\"caption-attachment-2406\" class=\"wp-caption-text\">Foto: Cl\u00e1udia Sales Marinho<\/p><\/div>\n<p>Copa: Ara\u00e7azeiro \u2013 <em>Psidium Myrtoides<\/em><\/p>\n<p>Tipo: Ara\u00e7\u00e1 Una ou Ara\u00e7\u00e1 roxo<\/p>\n<p>Caracter\u00edsticas: \u00e9 um ara\u00e7azeiro com frutos de casca roxa, conhecido popularmente por ara\u00e7\u00e1 una ou ara\u00e7a\u00fana. Apresenta \u00e1rvore com ramos espalhados e brotos jovens com caule de cor verde amarela. A forma da folha completamente desenvolvida \u00e9 obovolanceolada, com curvatura m\u00e9dia na se\u00e7\u00e3o transversal, sem apresentar tor\u00e7\u00e3o, com presen\u00e7a de curvatura forte na 58 nervura central. As folhas completamente desenvolvidas n\u00e3o apresentam variega\u00e7\u00e3o, com cor verde-escura, e a nervura central na parte inferior com colora\u00e7\u00e3o amarela. As folhas completamente desenvolvidas n\u00e3o apresentam ondula\u00e7\u00e3o da margem, com forma da base obtusa e forma da ponta apiculada. A florada ocorre com infloresc\u00eancias com um grande n\u00famero de flores. A flora\u00e7\u00e3o ocorre principalmente em ramos do ano, no entanto pode ocorrer flora\u00e7\u00e3o em ramos do ano anterior, mesmo que em menor quantidade. Pode ocorrer mais de uma flora\u00e7\u00e3o no ano, com menor quantidade de frutos que apresentam tamanhos maiores, por\u00e9m a esta\u00e7\u00e3o de flora\u00e7\u00e3o normalmente ocorre entre outubro e novembro (Bremenkamp et al., . Os frutos apresentaram comprimento m\u00e9dio de 28,4 mm, com di\u00e2metro m\u00e9dio de 28,6 mm. A forma no final do ped\u00fanculo do fruto \u00e9 amplamente arredondada, com cor da casca roxa, textura da superf\u00edcie \u00e1spera. A polpa do fruto apresenta colora\u00e7\u00e3o rosa escuro uniforme, sem descolora\u00e7\u00e3o ap\u00f3s o corte. A espessura da polpa exterior em rela\u00e7\u00e3o ao di\u00e2metro do n\u00facleo \u00e9 espessa. Os frutos s\u00e3o pouco suculentos, com pH m\u00e9dio de 3,60. Os frutos apresentam poucas sementes (m\u00e9dia de 6,55 sementes por fruto), de tamanho grande. O per\u00edodo entre o florescimento at\u00e9 a maturidade do fruto \u00e9 curto, de cerca de 3 meses, com a maior concentra\u00e7\u00e3o de frutos entre dezembro e janeiro (Bremenkamp, 2015).<\/p>\n<p>Refer\u00eancias:<\/p>\n<p>DISSIMILARIDADE GEN\u00c9TICA, FENOLOGIA E CARACTERIZA\u00c7\u00c3O AGRON\u00d4MICA DE ACESSOS DE ARA\u00c7AZEIROS EM CULTIVO IRRIGADO NO NORTE FLUMINENSE \u2013 CINTIA APARECIDA BREMENKAMP \u2013 Tese UENF &#8211; 2015<\/p>\n<p><a href=\"https:\/\/uenf.br\/posgraduacao\/producao-vegetal\/wp-content\/uploads\/sites\/10\/2015\/10\/Tese_Cintia_A_Bremenkamp.pdf\">https:\/\/uenf.br\/posgraduacao\/producao-vegetal\/wp-content\/uploads\/sites\/10\/2015\/10\/Tese_Cintia_A_Bremenkamp.pdf<\/a><\/p>\n<p><strong>Bremenkamp et al., 2016 &#8211; CARACTER\u00cdSTICAS FENOL\u00d3GICAS DE GEN\u00d3TIPOS DE ARA\u00c7AZEIROS E GOIABEIRAS SUBMETIDOS \u00c0 PODA DE FRUTIFICA\u00c7\u00c3O \u2013<\/strong><\/p>\n<p><a href=\"https:\/\/www.scielo.br\/j\/rbf\/a\/WZbnGgfn8XCJtsMs9vgQZJp\/?format=pdf&amp;lang=em\"><strong>https:\/\/www.scielo.br\/j\/rbf\/a\/WZbnGgfn8XCJtsMs9vgQZJp\/?format=pdf&amp;lang=em<\/strong><\/a><\/p>\n<p><strong>Biazatti et al. (2018) MULTIPLICATION OF\u00a0Cattley guava\u00a0BY DIFFERENT TECHNIQUES AND VARIABILITY AMONG GENOTYPES IN VIGOR AND ROOTING<\/strong><\/p>\n<p><a href=\"https:\/\/www.scielo.br\/j\/cerne\/a\/fkKGKQZPmycCcwnk8mmwqzJ\/?format=pdf&amp;lang=en\"><strong>https:\/\/www.scielo.br\/j\/cerne\/a\/fkKGKQZPmycCcwnk8mmwqzJ\/?format=pdf&amp;lang=en<\/strong><\/a><\/p>\n","protected":false},"excerpt":{"rendered":"<p>Psidium myrtoides Nome comum: ara\u00e7\u00e1una ou ara\u00e7\u00e1 roxo Data de plantio: 11\/2012 Copa: Ara\u00e7azeiro \u2013 Psidium Myrtoides Tipo: Ara\u00e7\u00e1 Una&#8230;<\/p>\n","protected":false},"author":22,"featured_media":0,"parent":2148,"menu_order":0,"comment_status":"closed","ping_status":"closed","template":"","meta":{"footnotes":""},"class_list":["post-2311","page","type-page","status-publish","hentry"],"_links":{"self":[{"href":"https:\/\/uenf.br\/projetos\/arvoresdauenf\/wp-json\/wp\/v2\/pages\/2311","targetHints":{"allow":["GET"]}}],"collection":[{"href":"https:\/\/uenf.br\/projetos\/arvoresdauenf\/wp-json\/wp\/v2\/pages"}],"about":[{"href":"https:\/\/uenf.br\/projetos\/arvoresdauenf\/wp-json\/wp\/v2\/types\/page"}],"author":[{"embeddable":true,"href":"https:\/\/uenf.br\/projetos\/arvoresdauenf\/wp-json\/wp\/v2\/users\/22"}],"replies":[{"embeddable":true,"href":"https:\/\/uenf.br\/projetos\/arvoresdauenf\/wp-json\/wp\/v2\/comments?post=2311"}],"version-history":[{"count":0,"href":"https:\/\/uenf.br\/projetos\/arvoresdauenf\/wp-json\/wp\/v2\/pages\/2311\/revisions"}],"up":[{"embeddable":true,"href":"https:\/\/uenf.br\/projetos\/arvoresdauenf\/wp-json\/wp\/v2\/pages\/2148"}],"wp:attachment":[{"href":"https:\/\/uenf.br\/projetos\/arvoresdauenf\/wp-json\/wp\/v2\/media?parent=2311"}],"curies":[{"name":"wp","href":"https:\/\/api.w.org\/{rel}","templated":true}]}}