{"id":242,"date":"2019-01-22T10:05:05","date_gmt":"2019-01-22T12:05:05","guid":{"rendered":"http:\/\/uenf.br\/projetos\/arvoresdauenf\/?page_id=242"},"modified":"2021-03-28T12:36:57","modified_gmt":"2021-03-28T15:36:57","slug":"nespera","status":"publish","type":"page","link":"https:\/\/uenf.br\/projetos\/arvoresdauenf\/especie-2\/nespera\/","title":{"rendered":"N\u00easpera"},"content":{"rendered":"<h2 class=\"taxon\"><i>Eriobotrya japonica\u00a0<\/i>(Thunb.) Lindl.<\/h2>\n<div id=\"attachment_1778\" style=\"width: 405px\" class=\"wp-caption aligncenter\"><img loading=\"lazy\" decoding=\"async\" aria-describedby=\"caption-attachment-1778\" class=\"wp-image-1778\" src=\"http:\/\/uenf.br\/projetos\/arvoresdauenf\/files\/2020\/08\/DSC05695-min-768x1024.jpg\" alt=\"\" width=\"395\" height=\"527\" srcset=\"https:\/\/uenf.br\/projetos\/arvoresdauenf\/files\/2020\/08\/DSC05695-min-768x1024.jpg 768w, https:\/\/uenf.br\/projetos\/arvoresdauenf\/files\/2020\/08\/DSC05695-min-225x300.jpg 225w, https:\/\/uenf.br\/projetos\/arvoresdauenf\/files\/2020\/08\/DSC05695-min-1152x1536.jpg 1152w, https:\/\/uenf.br\/projetos\/arvoresdauenf\/files\/2020\/08\/DSC05695-min-1536x2048.jpg 1536w\" sizes=\"auto, (max-width: 395px) 100vw, 395px\" \/><p id=\"caption-attachment-1778\" class=\"wp-caption-text\">A Nespereira pode alcan\u00e7ar at\u00e9 10 metros de altura, por\u00e9m majoritariamente possui um tronco curto e baixo porte. Suas folhas s\u00e3o alternadas, de colora\u00e7\u00e3o verde escura e medem de 10 a 25 cent\u00edmetros.<\/p><\/div>\n<p>&nbsp;<\/p>\n<div id=\"attachment_1779\" style=\"width: 403px\" class=\"wp-caption aligncenter\"><img loading=\"lazy\" decoding=\"async\" aria-describedby=\"caption-attachment-1779\" class=\"wp-image-1779\" src=\"http:\/\/uenf.br\/projetos\/arvoresdauenf\/files\/2020\/08\/DSC05696-min-1024x768.jpg\" alt=\"\" width=\"393\" height=\"295\" srcset=\"https:\/\/uenf.br\/projetos\/arvoresdauenf\/files\/2020\/08\/DSC05696-min-1024x768.jpg 1024w, https:\/\/uenf.br\/projetos\/arvoresdauenf\/files\/2020\/08\/DSC05696-min-300x225.jpg 300w, https:\/\/uenf.br\/projetos\/arvoresdauenf\/files\/2020\/08\/DSC05696-min-768x576.jpg 768w, https:\/\/uenf.br\/projetos\/arvoresdauenf\/files\/2020\/08\/DSC05696-min-1536x1152.jpg 1536w, https:\/\/uenf.br\/projetos\/arvoresdauenf\/files\/2020\/08\/DSC05696-min-2048x1536.jpg 2048w\" sizes=\"auto, (max-width: 393px) 100vw, 393px\" \/><p id=\"caption-attachment-1779\" class=\"wp-caption-text\">Suas flores apresentam cerca de 2 cm de di\u00e2metro, colora\u00e7\u00e3o branca e florescem em cachos. Os mesmos possuem de tr\u00eas a dez flores, que geralmente disp\u00f5e de cinco p\u00e9talas. Fotos: Jos\u00e9 Gabriel de Souza Silva<\/p><\/div>\n<p>&nbsp;<\/p>\n<h3><span style=\"color: #000000\"><strong>Fam\u00edlia: Rosaceae<\/strong><\/span><\/h3>\n<div>\n<h3><span style=\"color: #000000\"><strong>Nomes populares: ameixa amarela, n\u00easpera<\/strong><\/span><\/h3>\n<h3 id=\"distribuicaoGeografica\" class=\"label\">Origem: China<\/h3>\n<\/div>\n<h3 id=\"distribuicaoGeografica\" class=\"label\"><strong>Distribui\u00e7\u00e3o Geogr\u00e1fica<\/strong><\/h3>\n<div class=\"tabelamapa\">\n<h4><strong>Ocorr\u00eancias :<\/strong><\/h4>\n<\/div>\n<div id=\"tr-carregaTaxonGrupoDistribuicaoGeograficaCertezaNorte\" class=\"distribuicaoGeograficaCertezaNorte\">\n<ul>\n<li id=\"idFieldCertezaNorte\" class=\"field\"><b>\u00a0Norte<\/b>\u00a0(Par\u00e1, Tocantins)<\/li>\n<li class=\"field\"><b>Nordeste<\/b>\u00a0(Alagoas, Bahia, Para\u00edba, Pernambuco, Piau\u00ed, Sergipe)<\/li>\n<li class=\"field\"><b>\u00a0Centro-Oeste<\/b>\u00a0(Distrito Federal, Goi\u00e1s, Mato Grosso do Sul)<\/li>\n<li class=\"field\"><b>\u00a0Sudeste<\/b>\u00a0(Esp\u00edrito Santo, Minas Gerais, Rio de Janeiro, S\u00e3o Paulo)<\/li>\n<li class=\"field\"><b>Sul<\/b>\u00a0(Paran\u00e1, Rio Grande do Sul, Santa Catarina)<\/li>\n<\/ul>\n<\/div>\n<h3 id=\"tr-carregaTaxonGrupoDistribuicaoGeograficaCertezaSul\" class=\"distribuicaoGeograficaCertezaSul\">Dom\u00ednios Fitogeogr\u00e1ficos<\/h3>\n<div>\n<ul>\n<li>Amaz\u00f4nia, Caatinga, Cerrado, Mata Atl\u00e2ntica, Pampa<\/li>\n<\/ul>\n<p><img loading=\"lazy\" decoding=\"async\" class=\"size-full wp-image-1776 aligncenter\" src=\"http:\/\/uenf.br\/projetos\/arvoresdauenf\/files\/2020\/08\/nespera-min-1.jpg\" alt=\"\" width=\"379\" height=\"347\" srcset=\"https:\/\/uenf.br\/projetos\/arvoresdauenf\/files\/2020\/08\/nespera-min-1.jpg 379w, https:\/\/uenf.br\/projetos\/arvoresdauenf\/files\/2020\/08\/nespera-min-1-300x275.jpg 300w\" sizes=\"auto, (max-width: 379px) 100vw, 379px\" \/> Fonte: Flora do Brasil, 2020 (<a href=\"http:\/\/floradobrasil.jbrj.gov.br\/reflora\/listaBrasil\/ConsultaPublicaUC\/BemVindoConsultaPublicaConsultar.do?invalidatePageControlCounter=2&amp;idsFilhosAlgas=%5B2%5D&amp;idsFilhosFungos=%5B1%2C10%2C11%5D&amp;lingua=&amp;grupo=5&amp;familia=null&amp;genero=&amp;especie=&amp;autor=&amp;nomeVernaculo=&amp;nomeCompleto=Eriobotrya+japonica&amp;formaVida=null&amp;substrato=null&amp;ocorreBrasil=QUALQUER&amp;ocorrencia=OCORRE&amp;endemismo=TODOS&amp;origem=TODOS&amp;regiao=QUALQUER&amp;estado=QUALQUER&amp;ilhaOceanica=32767&amp;domFitogeograficos=QUALQUER&amp;bacia=QUALQUER&amp;vegetacao=TODOS&amp;mostrarAte=SUBESP_VAR&amp;opcoesBusca=TODOS_OS_NOMES&amp;loginUsuario=Visitante&amp;senhaUsuario=&amp;contexto=consulta-publica\">clique aqui<\/a>)<\/p>\n<h3>Curiosidades:<\/h3>\n<ul>\n<li>N\u00easperas em calda s\u00e3o utilizadas na medicina tradicional chinesa como expectorante e para acalmar a garganta. As folhas da nespereira tamb\u00e9m s\u00e3o utilizadas para o preparo de compressas, ch\u00e1s e extratos. Possuem propriedades antioxidantes e podem auxiliar no combate ao diabetes, \u00e0s inflama\u00e7\u00f5es de pele, ao c\u00e2ncer de pele, \u00e0s viroses e, inclusive, no combate ao v\u00edrus HIV, devido \u00e0 presen\u00e7a do \u00e1cido 2-alpha-hydoxyursolico nas folhas, que possui efeito anti-HIV. (Dr. NEWTON ALEX MAYER. Pesquisador da Embrapa Clima Temperado, Pelotas, RS) (<a href=\"https:\/\/www.todafruta.com.br\/nespera\/\">clique aqui<\/a>)<\/li>\n<li>As sementes s\u00e3o levemente venenosas por conterem uma pequena quantidade de glic\u00f3sidos cianog\u00e9nicos que produzem cianeto quando digeridos, mas a pequena concentra\u00e7\u00e3o e o sabor amargo geralmente previnem que uma quantidade suficientemente t\u00f3xica seja consumida. (<a href=\"https:\/\/pt.wikipedia.org\/wiki\/Nespereira_(%C3%A1rvore)\">clique aqui<\/a>)<\/li>\n<li>Cultivada pelos frutos e na ornamenta\u00e7\u00e3o em parques e jardins, por vezes referida como assilvestrada. A ramagem \u00e9 utilizada como forragem para o gado. (<a href=\"http:\/\/www.mitra-nature.uevora.pt\/Especies-e-habitats\/Plantas\/Lenhosas\/Arvores\/Rosaceae\/Eriobotrya-japonica\">clique aqui<\/a>)<\/li>\n<li>A melhor condi\u00e7\u00e3o de armazenamento da N\u00easpera \u00e9 em refrigera\u00e7\u00e3o na temperatura de dois graus Celsius, devido a sua alta perecibilidade.\u00a0 <a href=\"http:\/\/www2.ufpel.edu.br\/faem\/agrociencia\/v2n3\/artigo10.pdf\">(Clique aqui)<\/a><\/li>\n<\/ul>\n<\/div>\n<div><\/div>\n","protected":false},"excerpt":{"rendered":"<p>Eriobotrya japonica\u00a0(Thunb.) Lindl. &nbsp; &nbsp; Fam\u00edlia: Rosaceae Nomes populares: ameixa amarela, n\u00easpera Origem: China Distribui\u00e7\u00e3o Geogr\u00e1fica Ocorr\u00eancias : \u00a0Norte\u00a0(Par\u00e1, Tocantins)&#8230;<\/p>\n","protected":false},"author":22,"featured_media":0,"parent":27,"menu_order":0,"comment_status":"closed","ping_status":"closed","template":"","meta":{"footnotes":""},"class_list":["post-242","page","type-page","status-publish","hentry"],"_links":{"self":[{"href":"https:\/\/uenf.br\/projetos\/arvoresdauenf\/wp-json\/wp\/v2\/pages\/242","targetHints":{"allow":["GET"]}}],"collection":[{"href":"https:\/\/uenf.br\/projetos\/arvoresdauenf\/wp-json\/wp\/v2\/pages"}],"about":[{"href":"https:\/\/uenf.br\/projetos\/arvoresdauenf\/wp-json\/wp\/v2\/types\/page"}],"author":[{"embeddable":true,"href":"https:\/\/uenf.br\/projetos\/arvoresdauenf\/wp-json\/wp\/v2\/users\/22"}],"replies":[{"embeddable":true,"href":"https:\/\/uenf.br\/projetos\/arvoresdauenf\/wp-json\/wp\/v2\/comments?post=242"}],"version-history":[{"count":0,"href":"https:\/\/uenf.br\/projetos\/arvoresdauenf\/wp-json\/wp\/v2\/pages\/242\/revisions"}],"up":[{"embeddable":true,"href":"https:\/\/uenf.br\/projetos\/arvoresdauenf\/wp-json\/wp\/v2\/pages\/27"}],"wp:attachment":[{"href":"https:\/\/uenf.br\/projetos\/arvoresdauenf\/wp-json\/wp\/v2\/media?parent=242"}],"curies":[{"name":"wp","href":"https:\/\/api.w.org\/{rel}","templated":true}]}}