{"id":2501,"date":"2023-06-16T21:55:01","date_gmt":"2023-06-17T00:55:01","guid":{"rendered":"https:\/\/uenf.br\/projetos\/arvoresdauenf\/?page_id=2501"},"modified":"2023-06-17T00:46:27","modified_gmt":"2023-06-17T03:46:27","slug":"amburana","status":"publish","type":"page","link":"https:\/\/uenf.br\/projetos\/arvoresdauenf\/especie-2\/amburana\/","title":{"rendered":"Amburana"},"content":{"rendered":"<h2><em>Amburana cearensis<\/em><\/h2>\n<div id=\"attachment_2502\" style=\"width: 381px\" class=\"wp-caption aligncenter\"><img loading=\"lazy\" decoding=\"async\" aria-describedby=\"caption-attachment-2502\" class=\"wp-image-2502\" src=\"https:\/\/uenf.br\/projetos\/arvoresdauenf\/files\/2023\/06\/Amburana_cearensis-236x300.jpg\" alt=\"\" width=\"371\" height=\"472\" srcset=\"https:\/\/uenf.br\/projetos\/arvoresdauenf\/files\/2023\/06\/Amburana_cearensis-236x300.jpg 236w, https:\/\/uenf.br\/projetos\/arvoresdauenf\/files\/2023\/06\/Amburana_cearensis.jpg 420w\" sizes=\"auto, (max-width: 371px) 100vw, 371px\" \/><p id=\"caption-attachment-2502\" class=\"wp-caption-text\">Fonte: https:\/\/pt.wikipedia.org\/wiki\/Amburana<\/p><\/div>\n<div style=\"width: 465px\" class=\"wp-caption aligncenter\"><img loading=\"lazy\" decoding=\"async\" class=\"wp-image-2503\" src=\"https:\/\/uenf.br\/projetos\/arvoresdauenf\/files\/2023\/06\/rvore_Amburana-300x225-1.jpg\" alt=\"\" width=\"455\" height=\"341\" \/><p class=\"wp-caption-text\">Fonte: https:\/\/www.ibflorestas.org.br\/lista-de-especies-nativas\/amburana<\/p><\/div>\n<p>&nbsp;<\/p>\n<div id=\"attachment_2504\" style=\"width: 468px\" class=\"wp-caption aligncenter\"><img loading=\"lazy\" decoding=\"async\" aria-describedby=\"caption-attachment-2504\" class=\"wp-image-2504\" src=\"https:\/\/uenf.br\/projetos\/arvoresdauenf\/files\/2023\/06\/Amburana_cearensis_1_Autor_Bruno_nonato-300x300.jpg\" alt=\"\" width=\"458\" height=\"458\" srcset=\"https:\/\/uenf.br\/projetos\/arvoresdauenf\/files\/2023\/06\/Amburana_cearensis_1_Autor_Bruno_nonato-300x300.jpg 300w, https:\/\/uenf.br\/projetos\/arvoresdauenf\/files\/2023\/06\/Amburana_cearensis_1_Autor_Bruno_nonato-150x150.jpg 150w, https:\/\/uenf.br\/projetos\/arvoresdauenf\/files\/2023\/06\/Amburana_cearensis_1_Autor_Bruno_nonato.jpg 600w\" sizes=\"auto, (max-width: 458px) 100vw, 458px\" \/><p id=\"caption-attachment-2504\" class=\"wp-caption-text\">Fonte: https:\/\/www.rsc.org.br\/vendas\/sementes-nativas\/arvore\/46-amburana<\/p><\/div>\n<h3><strong>Fam\u00edlia: Fabaceae<\/strong><\/h3>\n<div>\n<h3><strong>Nomes populares: <\/strong>Cumaru-de-cheiro (nordeste), cerejeira, amburana-de-cheiro<\/h3>\n<h3 id=\"distribuicaoGeografica\" class=\"label\">Origem: Am\u00e9rica do Sul<\/h3>\n<\/div>\n<h3 id=\"distribuicaoGeografica\" class=\"label\"><strong>Distribui\u00e7\u00e3o Geogr\u00e1fica<\/strong><\/h3>\n<div class=\"tabelamapa\">\n<div id=\"tr-carregaTaxonGrupoDistribuicaoGeograficaCertezaNordeste\" class=\"distribuicaoGeograficaCertezaNordeste\">\n<div id=\"idFieldCertezaNordeste\" class=\"field\">\n<h3 id=\"distribuicaoGeografica\" class=\"label\"><strong>Ocorr\u00eancias:<\/strong><\/h3>\n<div class=\"tabelamapa\">\n<div id=\"tr-carregaTaxonGrupoDistribuicaoGeograficaCertezaNorte\" class=\"distribuicaoGeograficaCertezaNorte\">\n<ul>\n<li><b>\u00a0Norte<\/b> (Tocantins)<\/li>\n<li><b>\u00a0Nordeste<\/b> (Bahia, Cear\u00e1, Piau\u00ed, Alagoas, Pernambuco, Rio Grande do Norte, Para\u00edba)<\/li>\n<li><b>Centro-Oeste<\/b> (Goi\u00e1s, Mato Grosso do Sul)<\/li>\n<li><b>Sudeste<\/b>\u00a0(Esp\u00edrito Santo, Minas Gerais, Rio de Janeiro, S\u00e3o Paulo)<\/li>\n<\/ul>\n<div class=\"dominiosFitogeograficos\">\n<h3 class=\"label\"><strong>Dom\u00ednios Fitogeogr\u00e1ficos\u00a0<\/strong><\/h3>\n<\/div>\n<div id=\"tr-carregaTaxonGrupoDominiosFitogeograficos\" class=\"dominiosFitogeograficos\">\n<ul>\n<li id=\"idFieldDominiosFitogeograficos\" class=\"field\">Cerrado e Mata Atl\u00e2ntica, Caatinga, Pantanal<\/li>\n<\/ul>\n<p><img loading=\"lazy\" decoding=\"async\" class=\"alignnone wp-image-2505 aligncenter\" src=\"https:\/\/uenf.br\/projetos\/arvoresdauenf\/files\/2023\/06\/Amburana-300x292.png\" alt=\"\" width=\"343\" height=\"334\" srcset=\"https:\/\/uenf.br\/projetos\/arvoresdauenf\/files\/2023\/06\/Amburana-300x292.png 300w, https:\/\/uenf.br\/projetos\/arvoresdauenf\/files\/2023\/06\/Amburana.png 511w\" sizes=\"auto, (max-width: 343px) 100vw, 343px\" \/><\/p>\n<h3>Curiosidades:<\/h3>\n<ul>\n<li>Suas sementes s\u00e3o utilizadas comercialmente na perfumaria e a madeira \u00e9 empregada na carpintaria. <a href=\"https:\/\/www.ibflorestas.org.br\/lista-de-especies-nativas\/amburana\">(Clique Aqui)<\/a><\/li>\n<li>A casca do caule apresenta propriedades terap\u00eauticas, comprovadas cientificamente contra afec\u00e7\u00f5es respirat\u00f3rias, por isso serve de mat\u00e9ria-prima para fabrica\u00e7\u00e3o de fitoter\u00e1picos. <a href=\"https:\/\/www.ibflorestas.org.br\/lista-de-especies-nativas\/amburana\">(Clique Aqui)<\/a><\/li>\n<\/ul>\n<\/div>\n<\/div>\n<\/div>\n<\/div>\n<\/div>\n<\/div>\n","protected":false},"excerpt":{"rendered":"<p>Amburana cearensis &nbsp; Fam\u00edlia: Fabaceae Nomes populares: Cumaru-de-cheiro (nordeste), cerejeira, amburana-de-cheiro Origem: Am\u00e9rica do Sul Distribui\u00e7\u00e3o Geogr\u00e1fica Ocorr\u00eancias: \u00a0Norte (Tocantins)&#8230;<\/p>\n","protected":false},"author":34,"featured_media":0,"parent":27,"menu_order":0,"comment_status":"closed","ping_status":"closed","template":"","meta":{"footnotes":""},"class_list":["post-2501","page","type-page","status-publish","hentry"],"_links":{"self":[{"href":"https:\/\/uenf.br\/projetos\/arvoresdauenf\/wp-json\/wp\/v2\/pages\/2501","targetHints":{"allow":["GET"]}}],"collection":[{"href":"https:\/\/uenf.br\/projetos\/arvoresdauenf\/wp-json\/wp\/v2\/pages"}],"about":[{"href":"https:\/\/uenf.br\/projetos\/arvoresdauenf\/wp-json\/wp\/v2\/types\/page"}],"author":[{"embeddable":true,"href":"https:\/\/uenf.br\/projetos\/arvoresdauenf\/wp-json\/wp\/v2\/users\/34"}],"replies":[{"embeddable":true,"href":"https:\/\/uenf.br\/projetos\/arvoresdauenf\/wp-json\/wp\/v2\/comments?post=2501"}],"version-history":[{"count":0,"href":"https:\/\/uenf.br\/projetos\/arvoresdauenf\/wp-json\/wp\/v2\/pages\/2501\/revisions"}],"up":[{"embeddable":true,"href":"https:\/\/uenf.br\/projetos\/arvoresdauenf\/wp-json\/wp\/v2\/pages\/27"}],"wp:attachment":[{"href":"https:\/\/uenf.br\/projetos\/arvoresdauenf\/wp-json\/wp\/v2\/media?parent=2501"}],"curies":[{"name":"wp","href":"https:\/\/api.w.org\/{rel}","templated":true}]}}