{"id":2536,"date":"2023-06-19T11:11:36","date_gmt":"2023-06-19T14:11:36","guid":{"rendered":"https:\/\/uenf.br\/projetos\/arvoresdauenf\/?page_id=2536"},"modified":"2023-06-19T11:11:36","modified_gmt":"2023-06-19T14:11:36","slug":"louro-pardo","status":"publish","type":"page","link":"https:\/\/uenf.br\/projetos\/arvoresdauenf\/especie-2\/louro-pardo\/","title":{"rendered":"Louro-pardo"},"content":{"rendered":"<h2><em>Cordia trichotoma<\/em><\/h2>\n<div id=\"attachment_2537\" style=\"width: 618px\" class=\"wp-caption aligncenter\"><img loading=\"lazy\" decoding=\"async\" aria-describedby=\"caption-attachment-2537\" class=\"wp-image-2537\" src=\"https:\/\/uenf.br\/projetos\/arvoresdauenf\/files\/2023\/06\/louro-pardo-300x225.jpg\" alt=\"\" width=\"608\" height=\"456\" srcset=\"https:\/\/uenf.br\/projetos\/arvoresdauenf\/files\/2023\/06\/louro-pardo-300x225.jpg 300w, https:\/\/uenf.br\/projetos\/arvoresdauenf\/files\/2023\/06\/louro-pardo-1024x768.jpg 1024w, https:\/\/uenf.br\/projetos\/arvoresdauenf\/files\/2023\/06\/louro-pardo-768x576.jpg 768w, https:\/\/uenf.br\/projetos\/arvoresdauenf\/files\/2023\/06\/louro-pardo.jpg 1280w\" sizes=\"auto, (max-width: 608px) 100vw, 608px\" \/><p id=\"caption-attachment-2537\" class=\"wp-caption-text\">Fonte: https:\/\/www.mudasnativaslof.com.br\/especies\/detalhes\/louro-pardo<\/p><\/div>\n<div id=\"attachment_2538\" style=\"width: 557px\" class=\"wp-caption aligncenter\"><img loading=\"lazy\" decoding=\"async\" aria-describedby=\"caption-attachment-2538\" class=\"wp-image-2538\" src=\"https:\/\/uenf.br\/projetos\/arvoresdauenf\/files\/2023\/06\/louro-300x225.jpg\" alt=\"\" width=\"547\" height=\"410\" srcset=\"https:\/\/uenf.br\/projetos\/arvoresdauenf\/files\/2023\/06\/louro-300x225.jpg 300w, https:\/\/uenf.br\/projetos\/arvoresdauenf\/files\/2023\/06\/louro-1024x768.jpg 1024w, https:\/\/uenf.br\/projetos\/arvoresdauenf\/files\/2023\/06\/louro-768x576.jpg 768w, https:\/\/uenf.br\/projetos\/arvoresdauenf\/files\/2023\/06\/louro.jpg 1280w\" sizes=\"auto, (max-width: 547px) 100vw, 547px\" \/><p id=\"caption-attachment-2538\" class=\"wp-caption-text\">Fonte: https:\/\/www.mudasnativaslof.com.br\/especies\/detalhes\/louro-pardo<\/p><\/div>\n<h3><strong>Fam\u00edlia: Cordiaceae<\/strong><\/h3>\n<div>\n<h3><strong>Nomes populares: Peterebi, aju\u00ed, freij\u00f3<\/strong><\/h3>\n<h3 id=\"distribuicaoGeografica\" class=\"label\">Origem: Am\u00e9rica do Sul<\/h3>\n<p>&nbsp;<\/p>\n<h3 id=\"distribuicaoGeografica\" class=\"label\"><strong>Distribui\u00e7\u00e3o Geogr\u00e1fica<\/strong><\/h3>\n<div class=\"tabelamapa\">\n<div id=\"tr-carregaTaxonGrupoDistribuicaoGeograficaCertezaNordeste\" class=\"distribuicaoGeograficaCertezaNordeste\">\n<div id=\"idFieldCertezaNordeste\" class=\"field\">\n<h3 id=\"distribuicaoGeografica\" class=\"label\"><strong>Ocorr\u00eancias:<\/strong><\/h3>\n<div class=\"tabelamapa\">\n<div id=\"tr-carregaTaxonGrupoDistribuicaoGeograficaCertezaNorte\" class=\"distribuicaoGeograficaCertezaNorte\">\n<ul>\n<li><b>\u00a0Norte<\/b> (Tocantins)<\/li>\n<li><b>\u00a0Nordeste<\/b> (Bahia, Cear\u00e1, Maranh\u00e3o, Piau\u00ed, Alagoas, Para\u00edba, Pernambuco, Rio Grande do Norte, Sergipe)<\/li>\n<li><b>Centro-Oeste<\/b>\u00a0(Distrito Federal, Goi\u00e1s, Mato Grosso do Sul, Mato Grosso)<\/li>\n<li><b>Sudeste<\/b>\u00a0(Esp\u00edrito Santo, Minas Gerais, Rio de Janeiro, S\u00e3o Paulo)<\/li>\n<li><b>Sul<\/b>\u00a0(Paran\u00e1, Rio Grande do Sul, Santa Catarina)<\/li>\n<\/ul>\n<div class=\"dominiosFitogeograficos\">\n<h3 class=\"label\"><strong>Dom\u00ednios Fitogeogr\u00e1ficos\u00a0<\/strong><\/h3>\n<\/div>\n<div id=\"tr-carregaTaxonGrupoDominiosFitogeograficos\" class=\"dominiosFitogeograficos\">\n<ul>\n<li id=\"idFieldDominiosFitogeograficos\" class=\"field\">Cerrado e Mata Atl\u00e2ntica, Caatinga, Pampa<\/li>\n<\/ul>\n<p><img loading=\"lazy\" decoding=\"async\" class=\" wp-image-2539 aligncenter\" src=\"https:\/\/uenf.br\/projetos\/arvoresdauenf\/files\/2023\/06\/louro-pardo-279x300.png\" alt=\"\" width=\"337\" height=\"362\" srcset=\"https:\/\/uenf.br\/projetos\/arvoresdauenf\/files\/2023\/06\/louro-pardo-279x300.png 279w, https:\/\/uenf.br\/projetos\/arvoresdauenf\/files\/2023\/06\/louro-pardo.png 463w\" sizes=\"auto, (max-width: 337px) 100vw, 337px\" \/><\/p>\n<p>Fonte: Flora do Brasil, 2020\u00a0<a href=\"https:\/\/floradobrasil.jbrj.gov.br\/reflora\/listaBrasil\/ConsultaPublicaUC\/BemVindoConsultaPublicaConsultar.do?invalidatePageControlCounter=2&amp;idsFilhosAlgas=%5B2%5D&amp;idsFilhosFungos=%5B1%2C11%2C10%5D&amp;lingua=&amp;grupo=6&amp;familia=null&amp;genero=&amp;especie=&amp;autor=&amp;nomeVernaculo=&amp;nomeCompleto=Cordia+trichotoma&amp;formaVida=null&amp;substrato=null&amp;ocorreBrasil=QUALQUER&amp;ocorrencia=OCORRE&amp;endemismo=TODOS&amp;origem=TODOS&amp;regiao=QUALQUER&amp;estado=QUALQUER&amp;ilhaOceanica=32767&amp;domFitogeograficos=QUALQUER&amp;bacia=QUALQUER&amp;vegetacao=TODOS&amp;mostrarAte=SUBESP_VAR&amp;opcoesBusca=TODOS_OS_NOMES&amp;loginUsuario=Visitante&amp;senhaUsuario=&amp;contexto=consulta-publica\">(Clique Aqui)<\/a><\/p>\n<h3>Curiosidades:<\/h3>\n<ul>\n<li>\u00c9 uma esp\u00e9cie valiosa n\u00e3o s\u00f3 por cumprir fun\u00e7\u00f5es ecol\u00f3gicas importantes, mas tamb\u00e9m por possuir uma madeira muito apreciada para movelaria de luxo, serrados em geral, laminados e revestimentos. Sua madeira apresenta boa resist\u00eancia \u00e0 flex\u00e3o e excelentes atributos est\u00e9ticos e decorativos, com boa estabilidade para usos internos. <a href=\"https:\/\/www.agricultura.pr.gov.br\/PronasolosPR\/Pagina\/VEGETACAO-NATIVA-DO-ESTADO-DO-PARANA-LOURO-PARDO\">(Clique Aqui)<\/a><\/li>\n<li>Tamb\u00e9m \u00e9 utilizada na constru\u00e7\u00e3o civil como vigas, caibros, ripas, caixilhos, persianas, guarni\u00e7\u00f5es, tabuado, constru\u00e7\u00e3o de ton\u00e9is, embarca\u00e7\u00f5es leves, r\u00e9guas, carpintaria, marcenaria, chapas, torneados, esculturas e freios de locomotiva.\u00a0 <a href=\"https:\/\/www.agricultura.pr.gov.br\/PronasolosPR\/Pagina\/VEGETACAO-NATIVA-DO-ESTADO-DO-PARANA-LOURO-PARDO\">(Clique Aqui)<\/a><\/li>\n<\/ul>\n<\/div>\n<\/div>\n<\/div>\n<\/div>\n<\/div>\n<\/div>\n<\/div>\n","protected":false},"excerpt":{"rendered":"<p>Cordia trichotoma Fam\u00edlia: Cordiaceae Nomes populares: Peterebi, aju\u00ed, freij\u00f3 Origem: Am\u00e9rica do Sul &nbsp; Distribui\u00e7\u00e3o Geogr\u00e1fica Ocorr\u00eancias: \u00a0Norte (Tocantins) \u00a0Nordeste&#8230;<\/p>\n","protected":false},"author":34,"featured_media":0,"parent":27,"menu_order":0,"comment_status":"closed","ping_status":"closed","template":"","meta":{"footnotes":""},"class_list":["post-2536","page","type-page","status-publish","hentry"],"_links":{"self":[{"href":"https:\/\/uenf.br\/projetos\/arvoresdauenf\/wp-json\/wp\/v2\/pages\/2536","targetHints":{"allow":["GET"]}}],"collection":[{"href":"https:\/\/uenf.br\/projetos\/arvoresdauenf\/wp-json\/wp\/v2\/pages"}],"about":[{"href":"https:\/\/uenf.br\/projetos\/arvoresdauenf\/wp-json\/wp\/v2\/types\/page"}],"author":[{"embeddable":true,"href":"https:\/\/uenf.br\/projetos\/arvoresdauenf\/wp-json\/wp\/v2\/users\/34"}],"replies":[{"embeddable":true,"href":"https:\/\/uenf.br\/projetos\/arvoresdauenf\/wp-json\/wp\/v2\/comments?post=2536"}],"version-history":[{"count":0,"href":"https:\/\/uenf.br\/projetos\/arvoresdauenf\/wp-json\/wp\/v2\/pages\/2536\/revisions"}],"up":[{"embeddable":true,"href":"https:\/\/uenf.br\/projetos\/arvoresdauenf\/wp-json\/wp\/v2\/pages\/27"}],"wp:attachment":[{"href":"https:\/\/uenf.br\/projetos\/arvoresdauenf\/wp-json\/wp\/v2\/media?parent=2536"}],"curies":[{"name":"wp","href":"https:\/\/api.w.org\/{rel}","templated":true}]}}