{"id":2541,"date":"2023-06-19T11:46:36","date_gmt":"2023-06-19T14:46:36","guid":{"rendered":"https:\/\/uenf.br\/projetos\/arvoresdauenf\/?page_id=2541"},"modified":"2023-06-22T11:17:56","modified_gmt":"2023-06-22T14:17:56","slug":"embauba-prateada","status":"publish","type":"page","link":"https:\/\/uenf.br\/projetos\/arvoresdauenf\/especie-2\/embauba-prateada\/","title":{"rendered":"Emba\u00faba prateada"},"content":{"rendered":"<h2><em>Cecropia hololeuca<\/em><\/h2>\n<div id=\"attachment_2542\" style=\"width: 492px\" class=\"wp-caption aligncenter\"><img loading=\"lazy\" decoding=\"async\" aria-describedby=\"caption-attachment-2542\" class=\"wp-image-2542\" src=\"https:\/\/uenf.br\/projetos\/arvoresdauenf\/files\/2023\/06\/WhatsApp-Image-2023-06-19-at-11.31.47-300x300.jpeg\" alt=\"\" width=\"482\" height=\"482\" srcset=\"https:\/\/uenf.br\/projetos\/arvoresdauenf\/files\/2023\/06\/WhatsApp-Image-2023-06-19-at-11.31.47-300x300.jpeg 300w, https:\/\/uenf.br\/projetos\/arvoresdauenf\/files\/2023\/06\/WhatsApp-Image-2023-06-19-at-11.31.47-1024x1024.jpeg 1024w, https:\/\/uenf.br\/projetos\/arvoresdauenf\/files\/2023\/06\/WhatsApp-Image-2023-06-19-at-11.31.47-150x150.jpeg 150w, https:\/\/uenf.br\/projetos\/arvoresdauenf\/files\/2023\/06\/WhatsApp-Image-2023-06-19-at-11.31.47-768x768.jpeg 768w, https:\/\/uenf.br\/projetos\/arvoresdauenf\/files\/2023\/06\/WhatsApp-Image-2023-06-19-at-11.31.47-600x600.jpeg 600w, https:\/\/uenf.br\/projetos\/arvoresdauenf\/files\/2023\/06\/WhatsApp-Image-2023-06-19-at-11.31.47.jpeg 1496w\" sizes=\"auto, (max-width: 482px) 100vw, 482px\" \/><p id=\"caption-attachment-2542\" class=\"wp-caption-text\">Foto: Deborah Barroso<\/p><\/div>\n<h3><strong>Fam\u00edlia: Urticaceae<\/strong><\/h3>\n<div>\n<h3><strong>Nomes populares: Emba\u00faba-preta, emba\u00faba-branca, embauba\u00e7u<\/strong><\/h3>\n<h3 id=\"distribuicaoGeografica\" class=\"label\">Origem: End\u00eamica do Brasil<\/h3>\n<h3 id=\"distribuicaoGeografica\" class=\"label\"><strong>Distribui\u00e7\u00e3o Geogr\u00e1fica<\/strong><\/h3>\n<div class=\"tabelamapa\">\n<div id=\"tr-carregaTaxonGrupoDistribuicaoGeograficaCertezaNordeste\" class=\"distribuicaoGeograficaCertezaNordeste\">\n<div id=\"idFieldCertezaNordeste\" class=\"field\">\n<h3 id=\"distribuicaoGeografica\" class=\"label\"><strong>Ocorr\u00eancias:<\/strong><\/h3>\n<div class=\"tabelamapa\">\n<div id=\"tr-carregaTaxonGrupoDistribuicaoGeograficaCertezaNorte\" class=\"distribuicaoGeograficaCertezaNorte\">\n<ul>\n<li><b>\u00a0Nordeste<\/b> (Bahia)<\/li>\n<li><b>Sudeste<\/b>\u00a0(Esp\u00edrito Santo, Minas Gerais, Rio de Janeiro, S\u00e3o Paulo)<\/li>\n<\/ul>\n<div class=\"dominiosFitogeograficos\">\n<h3 class=\"label\"><strong>Dom\u00ednios Fitogeogr\u00e1ficos\u00a0<\/strong><\/h3>\n<\/div>\n<div id=\"tr-carregaTaxonGrupoDominiosFitogeograficos\" class=\"dominiosFitogeograficos\">\n<ul>\n<li id=\"idFieldDominiosFitogeograficos\" class=\"field\">Cerrado e Mata Atl\u00e2ntica<\/li>\n<\/ul>\n<p><img loading=\"lazy\" decoding=\"async\" class=\"wp-image-2543 aligncenter\" src=\"https:\/\/uenf.br\/projetos\/arvoresdauenf\/files\/2023\/06\/embauba-prata-298x300.png\" alt=\"\" width=\"350\" height=\"352\" srcset=\"https:\/\/uenf.br\/projetos\/arvoresdauenf\/files\/2023\/06\/embauba-prata-298x300.png 298w, https:\/\/uenf.br\/projetos\/arvoresdauenf\/files\/2023\/06\/embauba-prata-150x150.png 150w, https:\/\/uenf.br\/projetos\/arvoresdauenf\/files\/2023\/06\/embauba-prata.png 472w\" sizes=\"auto, (max-width: 350px) 100vw, 350px\" \/><\/p>\n<p>Fonte: Flora do Brasil, 2020\u00a0<a href=\"https:\/\/floradobrasil.jbrj.gov.br\/reflora\/listaBrasil\/ConsultaPublicaUC\/BemVindoConsultaPublicaConsultar.do?invalidatePageControlCounter=25&amp;idsFilhosAlgas=%5B2%5D&amp;idsFilhosFungos=%5B1%2C11%2C10%5D&amp;lingua=&amp;grupo=6&amp;familia=null&amp;genero=&amp;especie=&amp;autor=&amp;nomeVernaculo=&amp;nomeCompleto=Cecropia+hololeuca&amp;formaVida=null&amp;substrato=null&amp;ocorreBrasil=QUALQUER&amp;ocorrencia=OCORRE&amp;endemismo=TODOS&amp;origem=TODOS&amp;regiao=QUALQUER&amp;estado=QUALQUER&amp;ilhaOceanica=32767&amp;domFitogeograficos=QUALQUER&amp;bacia=QUALQUER&amp;vegetacao=TODOS&amp;mostrarAte=SUBESP_VAR&amp;opcoesBusca=TODOS_OS_NOMES&amp;loginUsuario=Visitante&amp;senhaUsuario=&amp;contexto=consulta-publica\">(Clique Aqui)<\/a><\/p>\n<h3>Curiosidades:<\/h3>\n<ul>\n<li>\u00a0Na terap\u00eautica popular \u00e9 utilizada para tratar Disbiose, Mal de Parkinson, Hipertens\u00e3o, Diabetes, Afec\u00e7\u00f5es pulmonares, Amenorr\u00e9ia, Dismenorr\u00e9ia, An\u00faria, Bronquite, Coqueluche, Dispn\u00e9ias, Erisipela, Ferimentos, Homoptise, Tuberculose, Tosse e Taquicardia. <a href=\"https:\/\/www.takecaregarden.com\/2022\/12\/embauba-prateada-ou-cecropia-hololeuca.html\">(Clique Aqui)<\/a><\/li>\n<\/ul>\n<\/div>\n<\/div>\n<\/div>\n<\/div>\n<\/div>\n<\/div>\n<\/div>\n","protected":false},"excerpt":{"rendered":"<p>Cecropia hololeuca Fam\u00edlia: Urticaceae Nomes populares: Emba\u00faba-preta, emba\u00faba-branca, embauba\u00e7u Origem: End\u00eamica do Brasil Distribui\u00e7\u00e3o Geogr\u00e1fica Ocorr\u00eancias: \u00a0Nordeste (Bahia) Sudeste\u00a0(Esp\u00edrito Santo,&#8230;<\/p>\n","protected":false},"author":34,"featured_media":0,"parent":27,"menu_order":0,"comment_status":"closed","ping_status":"closed","template":"","meta":{"footnotes":""},"class_list":["post-2541","page","type-page","status-publish","hentry"],"_links":{"self":[{"href":"https:\/\/uenf.br\/projetos\/arvoresdauenf\/wp-json\/wp\/v2\/pages\/2541","targetHints":{"allow":["GET"]}}],"collection":[{"href":"https:\/\/uenf.br\/projetos\/arvoresdauenf\/wp-json\/wp\/v2\/pages"}],"about":[{"href":"https:\/\/uenf.br\/projetos\/arvoresdauenf\/wp-json\/wp\/v2\/types\/page"}],"author":[{"embeddable":true,"href":"https:\/\/uenf.br\/projetos\/arvoresdauenf\/wp-json\/wp\/v2\/users\/34"}],"replies":[{"embeddable":true,"href":"https:\/\/uenf.br\/projetos\/arvoresdauenf\/wp-json\/wp\/v2\/comments?post=2541"}],"version-history":[{"count":0,"href":"https:\/\/uenf.br\/projetos\/arvoresdauenf\/wp-json\/wp\/v2\/pages\/2541\/revisions"}],"up":[{"embeddable":true,"href":"https:\/\/uenf.br\/projetos\/arvoresdauenf\/wp-json\/wp\/v2\/pages\/27"}],"wp:attachment":[{"href":"https:\/\/uenf.br\/projetos\/arvoresdauenf\/wp-json\/wp\/v2\/media?parent=2541"}],"curies":[{"name":"wp","href":"https:\/\/api.w.org\/{rel}","templated":true}]}}