{"id":2546,"date":"2023-06-19T12:48:45","date_gmt":"2023-06-19T15:48:45","guid":{"rendered":"https:\/\/uenf.br\/projetos\/arvoresdauenf\/?page_id=2546"},"modified":"2024-03-25T15:32:13","modified_gmt":"2024-03-25T18:32:13","slug":"abiu-amarelo","status":"publish","type":"page","link":"https:\/\/uenf.br\/projetos\/arvoresdauenf\/especie-2\/abiu-amarelo\/","title":{"rendered":"Abiu amarelo"},"content":{"rendered":"<h2><i><b>Pouteria caimito (Ruiz &amp; Pav.) Radlk.<\/b><\/i><\/h2>\n<div id=\"attachment_2547\" style=\"width: 369px\" class=\"wp-caption aligncenter\"><img loading=\"lazy\" decoding=\"async\" aria-describedby=\"caption-attachment-2547\" class=\"wp-image-2547\" src=\"https:\/\/uenf.br\/projetos\/arvoresdauenf\/files\/2023\/06\/WhatsApp-Image-2023-06-19-at-12.23.55-225x300.jpeg\" alt=\"\" width=\"359\" height=\"479\" srcset=\"https:\/\/uenf.br\/projetos\/arvoresdauenf\/files\/2023\/06\/WhatsApp-Image-2023-06-19-at-12.23.55-225x300.jpeg 225w, https:\/\/uenf.br\/projetos\/arvoresdauenf\/files\/2023\/06\/WhatsApp-Image-2023-06-19-at-12.23.55-769x1024.jpeg 769w, https:\/\/uenf.br\/projetos\/arvoresdauenf\/files\/2023\/06\/WhatsApp-Image-2023-06-19-at-12.23.55-768x1023.jpeg 768w, https:\/\/uenf.br\/projetos\/arvoresdauenf\/files\/2023\/06\/WhatsApp-Image-2023-06-19-at-12.23.55-1153x1536.jpeg 1153w, https:\/\/uenf.br\/projetos\/arvoresdauenf\/files\/2023\/06\/WhatsApp-Image-2023-06-19-at-12.23.55.jpeg 1201w\" sizes=\"auto, (max-width: 359px) 100vw, 359px\" \/><p id=\"caption-attachment-2547\" class=\"wp-caption-text\">Foto: Savyo Carvalho<\/p><\/div>\n<p>&nbsp;<\/p>\n<div id=\"attachment_2642\" style=\"width: 358px\" class=\"wp-caption aligncenter\"><img loading=\"lazy\" decoding=\"async\" aria-describedby=\"caption-attachment-2642\" class=\"wp-image-2642\" src=\"https:\/\/uenf.br\/projetos\/arvoresdauenf\/files\/2024\/03\/WhatsApp-Image-2024-03-25-at-15.18.37-225x300.jpeg\" alt=\"\" width=\"348\" height=\"464\" srcset=\"https:\/\/uenf.br\/projetos\/arvoresdauenf\/files\/2024\/03\/WhatsApp-Image-2024-03-25-at-15.18.37-225x300.jpeg 225w, https:\/\/uenf.br\/projetos\/arvoresdauenf\/files\/2024\/03\/WhatsApp-Image-2024-03-25-at-15.18.37-769x1024.jpeg 769w, https:\/\/uenf.br\/projetos\/arvoresdauenf\/files\/2024\/03\/WhatsApp-Image-2024-03-25-at-15.18.37-768x1023.jpeg 768w, https:\/\/uenf.br\/projetos\/arvoresdauenf\/files\/2024\/03\/WhatsApp-Image-2024-03-25-at-15.18.37-1153x1536.jpeg 1153w, https:\/\/uenf.br\/projetos\/arvoresdauenf\/files\/2024\/03\/WhatsApp-Image-2024-03-25-at-15.18.37-1537x2048.jpeg 1537w\" sizes=\"auto, (max-width: 348px) 100vw, 348px\" \/><p id=\"caption-attachment-2642\" class=\"wp-caption-text\">Foto: Savyo Carvalho<\/p><\/div>\n<h3><strong>Fam\u00edlia: Sapotaceae<\/strong><\/h3>\n<h3><strong>Nomes populares: Guapeva-mirim, guapeva-carv\u00e3o, guapeva, abiurana, abiu, sapoti-do-mato, abio, abiorana-peluda, abiu-da-restinga, abiurana-do-caranazal, abiurana-vermelha, gema-de-ovo<\/strong><\/h3>\n<h3>Origem: Regi\u00e3o Amaz\u00f4nica<\/h3>\n<h3 id=\"distribuicaoGeografica\" class=\"label\"><strong>Distribui\u00e7\u00e3o Geogr\u00e1fica<\/strong><\/h3>\n<div class=\"tabelamapa\">\n<div id=\"ocorrencia_confirmada\" class=\"label\"><strong>Ocorr\u00eancias:<\/strong><\/div>\n<ul>\n<li><b>Norte<\/b>\u00a0(Acre, Amazonas, Amap\u00e1, Par\u00e1, Rond\u00f4nia, Roraima, Tocantins)<\/li>\n<li><b>Nordeste<\/b> (Alagoas, Bahia, Cear\u00e1, Maranh\u00e3o, Para\u00edba, Pernambuco, Sergipe)<\/li>\n<li><b>Centro-oeste<\/b> (Mato Grosso)<\/li>\n<li><b>Sudeste<\/b>\u00a0(Esp\u00edrito Santo, Minas Gerais, Rio de Janeiro, S\u00e3o Paulo)<\/li>\n<li><b>Sul<\/b> (Paran\u00e1, Santa Catarina)<\/li>\n<\/ul>\n<\/div>\n<div class=\"tabelamapa\">\n<h3 class=\"label\"><strong>Dom\u00ednios Fitogeogr\u00e1ficos\u00a0<\/strong><\/h3>\n<ul>\n<li>Amaz\u00f4nia, Cerrado, Mata Atl\u00e2ntica<\/li>\n<\/ul>\n<p><img loading=\"lazy\" decoding=\"async\" class=\" wp-image-2549 aligncenter\" src=\"https:\/\/uenf.br\/projetos\/arvoresdauenf\/files\/2023\/06\/abiu-amarelo-294x300.png\" alt=\"\" width=\"357\" height=\"364\" srcset=\"https:\/\/uenf.br\/projetos\/arvoresdauenf\/files\/2023\/06\/abiu-amarelo-294x300.png 294w, https:\/\/uenf.br\/projetos\/arvoresdauenf\/files\/2023\/06\/abiu-amarelo.png 461w\" sizes=\"auto, (max-width: 357px) 100vw, 357px\" \/><\/p>\n<p>Fonte: Flora do Brasil, 2020 <a href=\"https:\/\/floradobrasil.jbrj.gov.br\/reflora\/listaBrasil\/ConsultaPublicaUC\/BemVindoConsultaPublicaConsultar.do?invalidatePageControlCounter=2&amp;idsFilhosAlgas=%5B2%5D&amp;idsFilhosFungos=%5B1%2C11%2C10%5D&amp;lingua=&amp;grupo=6&amp;familia=null&amp;genero=&amp;especie=&amp;autor=&amp;nomeVernaculo=&amp;nomeCompleto=Pouteria+caimito&amp;formaVida=null&amp;substrato=null&amp;ocorreBrasil=QUALQUER&amp;ocorrencia=OCORRE&amp;endemismo=TODOS&amp;origem=TODOS&amp;regiao=QUALQUER&amp;estado=QUALQUER&amp;ilhaOceanica=32767&amp;domFitogeograficos=QUALQUER&amp;bacia=QUALQUER&amp;vegetacao=TODOS&amp;mostrarAte=SUBESP_VAR&amp;opcoesBusca=TODOS_OS_NOMES&amp;loginUsuario=Visitante&amp;senhaUsuario=&amp;contexto=consulta-publica\">(Clique Aqui)<\/a><\/p>\n<h3>\u00a0<strong>Curiosidades:<\/strong><\/h3>\n<ul>\n<li>A polpa dos frutos \u00e9 consumida ao natural quando o fruto est\u00e1 bem maduro, tomando-se cuidado com o l\u00e1tex.\u00a0<a href=\"https:\/\/www.todafruta.com.br\/abiu\/\">(Clique Aqui)<\/a><\/li>\n<li>O nome abiu vem do tupi-guarani e significa \u201cfruta bicuda\u201d.\u00a0<a href=\"https:\/\/www.todafruta.com.br\/abiu\/\">(Clique Aqui)<\/a><\/li>\n<li>A fruta, ao natural, pode ser usada contra afec\u00e7\u00f5es pulmonares. A casca da planta \u00e9 antidisent\u00e9rica e baixa a febre. O azeite extra\u00eddo das sementes abranda inflama\u00e7\u00f5es na pele e otites. <a href=\"https:\/\/www.todafruta.com.br\/abiu\/\">(Clique Aqui)<\/a><\/li>\n<\/ul>\n<\/div>\n","protected":false},"excerpt":{"rendered":"<p>Pouteria caimito (Ruiz &amp; Pav.) Radlk. &nbsp; Fam\u00edlia: Sapotaceae Nomes populares: Guapeva-mirim, guapeva-carv\u00e3o, guapeva, abiurana, abiu, sapoti-do-mato, abio, abiorana-peluda, abiu-da-restinga,&#8230;<\/p>\n","protected":false},"author":34,"featured_media":0,"parent":27,"menu_order":0,"comment_status":"closed","ping_status":"closed","template":"","meta":{"footnotes":""},"class_list":["post-2546","page","type-page","status-publish","hentry"],"_links":{"self":[{"href":"https:\/\/uenf.br\/projetos\/arvoresdauenf\/wp-json\/wp\/v2\/pages\/2546","targetHints":{"allow":["GET"]}}],"collection":[{"href":"https:\/\/uenf.br\/projetos\/arvoresdauenf\/wp-json\/wp\/v2\/pages"}],"about":[{"href":"https:\/\/uenf.br\/projetos\/arvoresdauenf\/wp-json\/wp\/v2\/types\/page"}],"author":[{"embeddable":true,"href":"https:\/\/uenf.br\/projetos\/arvoresdauenf\/wp-json\/wp\/v2\/users\/34"}],"replies":[{"embeddable":true,"href":"https:\/\/uenf.br\/projetos\/arvoresdauenf\/wp-json\/wp\/v2\/comments?post=2546"}],"version-history":[{"count":0,"href":"https:\/\/uenf.br\/projetos\/arvoresdauenf\/wp-json\/wp\/v2\/pages\/2546\/revisions"}],"up":[{"embeddable":true,"href":"https:\/\/uenf.br\/projetos\/arvoresdauenf\/wp-json\/wp\/v2\/pages\/27"}],"wp:attachment":[{"href":"https:\/\/uenf.br\/projetos\/arvoresdauenf\/wp-json\/wp\/v2\/media?parent=2546"}],"curies":[{"name":"wp","href":"https:\/\/api.w.org\/{rel}","templated":true}]}}

<h2><i><b>Pouteria caimito (Ruiz &amp; Pav.) Radlk.</b></i></h2>
<div id="attachment_2547" style="width: 369px" class="wp-caption aligncenter"><img loading="lazy" decoding="async" aria-describedby="caption-attachment-2547" class="wp-image-2547" src="https://uenf.br/projetos/arvoresdauenf/files/2023/06/WhatsApp-Image-2023-06-19-at-12.23.55-225x300.jpeg" alt="" width="359" height="479" srcset="https://uenf.br/projetos/arvoresdauenf/files/2023/06/WhatsApp-Image-2023-06-19-at-12.23.55-225x300.jpeg 225w, https://uenf.br/projetos/arvoresdauenf/files/2023/06/WhatsApp-Image-2023-06-19-at-12.23.55-769x1024.jpeg 769w, https://uenf.br/projetos/arvoresdauenf/files/2023/06/WhatsApp-Image-2023-06-19-at-12.23.55-768x1023.jpeg 768w, https://uenf.br/projetos/arvoresdauenf/files/2023/06/WhatsApp-Image-2023-06-19-at-12.23.55-1153x1536.jpeg 1153w, https://uenf.br/projetos/arvoresdauenf/files/2023/06/WhatsApp-Image-2023-06-19-at-12.23.55.jpeg 1201w" sizes="auto, (max-width: 359px) 100vw, 359px" /><p id="caption-attachment-2547" class="wp-caption-text">Foto: Savyo Carvalho</p></div>
<p>&nbsp;</p>
<div id="attachment_2642" style="width: 358px" class="wp-caption aligncenter"><img loading="lazy" decoding="async" aria-describedby="caption-attachment-2642" class="wp-image-2642" src="https://uenf.br/projetos/arvoresdauenf/files/2024/03/WhatsApp-Image-2024-03-25-at-15.18.37-225x300.jpeg" alt="" width="348" height="464" srcset="https://uenf.br/projetos/arvoresdauenf/files/2024/03/WhatsApp-Image-2024-03-25-at-15.18.37-225x300.jpeg 225w, https://uenf.br/projetos/arvoresdauenf/files/2024/03/WhatsApp-Image-2024-03-25-at-15.18.37-769x1024.jpeg 769w, https://uenf.br/projetos/arvoresdauenf/files/2024/03/WhatsApp-Image-2024-03-25-at-15.18.37-768x1023.jpeg 768w, https://uenf.br/projetos/arvoresdauenf/files/2024/03/WhatsApp-Image-2024-03-25-at-15.18.37-1153x1536.jpeg 1153w, https://uenf.br/projetos/arvoresdauenf/files/2024/03/WhatsApp-Image-2024-03-25-at-15.18.37-1537x2048.jpeg 1537w" sizes="auto, (max-width: 348px) 100vw, 348px" /><p id="caption-attachment-2642" class="wp-caption-text">Foto: Savyo Carvalho</p></div>
<h3><strong>Família: Sapotaceae</strong></h3>
<h3><strong>Nomes populares: Guapeva-mirim, guapeva-carvão, guapeva, abiurana, abiu, sapoti-do-mato, abio, abiorana-peluda, abiu-da-restinga, abiurana-do-caranazal, abiurana-vermelha, gema-de-ovo</strong></h3>
<h3>Origem: Região Amazônica</h3>
<h3 id="distribuicaoGeografica" class="label"><strong>Distribuição Geográfica</strong></h3>
<div class="tabelamapa">
<div id="ocorrencia_confirmada" class="label"><strong>Ocorrências:</strong></div>
<ul>
<li><b>Norte</b> (Acre, Amazonas, Amapá, Pará, Rondônia, Roraima, Tocantins)</li>
<li><b>Nordeste</b> (Alagoas, Bahia, Ceará, Maranhão, Paraíba, Pernambuco, Sergipe)</li>
<li><b>Centro-oeste</b> (Mato Grosso)</li>
<li><b>Sudeste</b> (Espírito Santo, Minas Gerais, Rio de Janeiro, São Paulo)</li>
<li><b>Sul</b> (Paraná, Santa Catarina)</li>
</ul>
</div>
<div class="tabelamapa">
<h3 class="label"><strong>Domínios Fitogeográficos </strong></h3>
<ul>
<li>Amazônia, Cerrado, Mata Atlântica</li>
</ul>
<p><img loading="lazy" decoding="async" class=" wp-image-2549 aligncenter" src="https://uenf.br/projetos/arvoresdauenf/files/2023/06/abiu-amarelo-294x300.png" alt="" width="357" height="364" srcset="https://uenf.br/projetos/arvoresdauenf/files/2023/06/abiu-amarelo-294x300.png 294w, https://uenf.br/projetos/arvoresdauenf/files/2023/06/abiu-amarelo.png 461w" sizes="auto, (max-width: 357px) 100vw, 357px" /></p>
<p>Fonte: Flora do Brasil, 2020 <a href="https://floradobrasil.jbrj.gov.br/reflora/listaBrasil/ConsultaPublicaUC/BemVindoConsultaPublicaConsultar.do?invalidatePageControlCounter=2&amp;idsFilhosAlgas=%5B2%5D&amp;idsFilhosFungos=%5B1%2C11%2C10%5D&amp;lingua=&amp;grupo=6&amp;familia=null&amp;genero=&amp;especie=&amp;autor=&amp;nomeVernaculo=&amp;nomeCompleto=Pouteria+caimito&amp;formaVida=null&amp;substrato=null&amp;ocorreBrasil=QUALQUER&amp;ocorrencia=OCORRE&amp;endemismo=TODOS&amp;origem=TODOS&amp;regiao=QUALQUER&amp;estado=QUALQUER&amp;ilhaOceanica=32767&amp;domFitogeograficos=QUALQUER&amp;bacia=QUALQUER&amp;vegetacao=TODOS&amp;mostrarAte=SUBESP_VAR&amp;opcoesBusca=TODOS_OS_NOMES&amp;loginUsuario=Visitante&amp;senhaUsuario=&amp;contexto=consulta-publica">(Clique Aqui)</a></p>
<h3> <strong>Curiosidades:</strong></h3>
<ul>
<li>A polpa dos frutos é consumida ao natural quando o fruto está bem maduro, tomando-se cuidado com o látex. <a href="https://www.todafruta.com.br/abiu/">(Clique Aqui)</a></li>
<li>O nome abiu vem do tupi-guarani e significa “fruta bicuda”. <a href="https://www.todafruta.com.br/abiu/">(Clique Aqui)</a></li>
<li>A fruta, ao natural, pode ser usada contra afecções pulmonares. A casca da planta é antidisentérica e baixa a febre. O azeite extraído das sementes abranda inflamações na pele e otites. <a href="https://www.todafruta.com.br/abiu/">(Clique Aqui)</a></li>
</ul>
</div>

<p>Pouteria caimito (Ruiz &amp; Pav.) Radlk. &nbsp; Família: Sapotaceae Nomes populares: Guapeva-mirim, guapeva-carvão, guapeva, abiurana, abiu, sapoti-do-mato, abio, abiorana-peluda, abiu-da-restinga,&#8230;</p>
