{"id":283,"date":"2019-01-28T08:30:41","date_gmt":"2019-01-28T10:30:41","guid":{"rendered":"http:\/\/uenf.br\/projetos\/arvoresdauenf\/?page_id=283"},"modified":"2024-03-27T17:29:37","modified_gmt":"2024-03-27T20:29:37","slug":"chuva-de-ouro","status":"publish","type":"page","link":"https:\/\/uenf.br\/projetos\/arvoresdauenf\/especie-2\/chuva-de-ouro\/","title":{"rendered":"Chuva de Ouro"},"content":{"rendered":"<h2 class=\"taxon\"><i>Cassia fistula\u00a0<\/i>L.<\/h2>\n<p><img loading=\"lazy\" decoding=\"async\" class=\" wp-image-1826 aligncenter\" src=\"http:\/\/uenf.br\/projetos\/arvoresdauenf\/files\/2020\/08\/81701651_607118173412281_4789635437089182682_n-min.jpg\" alt=\"\" width=\"453\" height=\"453\" srcset=\"https:\/\/uenf.br\/projetos\/arvoresdauenf\/files\/2020\/08\/81701651_607118173412281_4789635437089182682_n-min.jpg 1000w, https:\/\/uenf.br\/projetos\/arvoresdauenf\/files\/2020\/08\/81701651_607118173412281_4789635437089182682_n-min-300x300.jpg 300w, https:\/\/uenf.br\/projetos\/arvoresdauenf\/files\/2020\/08\/81701651_607118173412281_4789635437089182682_n-min-150x150.jpg 150w, https:\/\/uenf.br\/projetos\/arvoresdauenf\/files\/2020\/08\/81701651_607118173412281_4789635437089182682_n-min-768x768.jpg 768w\" sizes=\"auto, (max-width: 453px) 100vw, 453px\" \/><\/p>\n<div id=\"attachment_2680\" style=\"width: 350px\" class=\"wp-caption aligncenter\"><img loading=\"lazy\" decoding=\"async\" aria-describedby=\"caption-attachment-2680\" class=\"wp-image-2680\" src=\"https:\/\/uenf.br\/projetos\/arvoresdauenf\/files\/2024\/03\/WhatsApp-Image-2024-03-25-at-15.18.35-1-225x300.jpeg\" alt=\"\" width=\"340\" height=\"453\" srcset=\"https:\/\/uenf.br\/projetos\/arvoresdauenf\/files\/2024\/03\/WhatsApp-Image-2024-03-25-at-15.18.35-1-225x300.jpeg 225w, https:\/\/uenf.br\/projetos\/arvoresdauenf\/files\/2024\/03\/WhatsApp-Image-2024-03-25-at-15.18.35-1-769x1024.jpeg 769w, https:\/\/uenf.br\/projetos\/arvoresdauenf\/files\/2024\/03\/WhatsApp-Image-2024-03-25-at-15.18.35-1-768x1023.jpeg 768w, https:\/\/uenf.br\/projetos\/arvoresdauenf\/files\/2024\/03\/WhatsApp-Image-2024-03-25-at-15.18.35-1-1153x1536.jpeg 1153w, https:\/\/uenf.br\/projetos\/arvoresdauenf\/files\/2024\/03\/WhatsApp-Image-2024-03-25-at-15.18.35-1-1537x2048.jpeg 1537w\" sizes=\"auto, (max-width: 340px) 100vw, 340px\" \/><p id=\"caption-attachment-2680\" class=\"wp-caption-text\">Foto: Savyo Carvalho<\/p><\/div>\n<p>&nbsp;<\/p>\n<div id=\"attachment_1827\" style=\"width: 469px\" class=\"wp-caption aligncenter\"><img loading=\"lazy\" decoding=\"async\" aria-describedby=\"caption-attachment-1827\" class=\"wp-image-1827\" src=\"http:\/\/uenf.br\/projetos\/arvoresdauenf\/files\/2020\/08\/83102605_165916934719589_6409954710795760001_n-min-1024x1024.jpg\" alt=\"\" width=\"459\" height=\"459\" srcset=\"https:\/\/uenf.br\/projetos\/arvoresdauenf\/files\/2020\/08\/83102605_165916934719589_6409954710795760001_n-min-1024x1024.jpg 1024w, https:\/\/uenf.br\/projetos\/arvoresdauenf\/files\/2020\/08\/83102605_165916934719589_6409954710795760001_n-min-300x300.jpg 300w, https:\/\/uenf.br\/projetos\/arvoresdauenf\/files\/2020\/08\/83102605_165916934719589_6409954710795760001_n-min-150x150.jpg 150w, https:\/\/uenf.br\/projetos\/arvoresdauenf\/files\/2020\/08\/83102605_165916934719589_6409954710795760001_n-min-768x768.jpg 768w, https:\/\/uenf.br\/projetos\/arvoresdauenf\/files\/2020\/08\/83102605_165916934719589_6409954710795760001_n-min.jpg 1080w\" sizes=\"auto, (max-width: 459px) 100vw, 459px\" \/><p id=\"caption-attachment-1827\" class=\"wp-caption-text\">A \u00e1rvore de Cassia fistula, conhecida popularmente como chuva de ouro,\u00a0 apresenta uma flora\u00e7\u00e3o admir\u00e1vel, exibindo belos cachos pendentes de flores douradas. Fotos: Jos\u00e9 Gabriel de Souza Silva<\/p><\/div>\n<p>&nbsp;<\/p>\n<div id=\"attachment_2010\" style=\"width: 392px\" class=\"wp-caption aligncenter\"><img loading=\"lazy\" decoding=\"async\" aria-describedby=\"caption-attachment-2010\" class=\" wp-image-2010\" src=\"http:\/\/uenf.br\/projetos\/arvoresdauenf\/files\/2020\/11\/20201006_175359-min-768x1024.jpg\" alt=\"\" width=\"382\" height=\"508\" srcset=\"https:\/\/uenf.br\/projetos\/arvoresdauenf\/files\/2020\/11\/20201006_175359-min-768x1024.jpg 768w, https:\/\/uenf.br\/projetos\/arvoresdauenf\/files\/2020\/11\/20201006_175359-min-225x300.jpg 225w, https:\/\/uenf.br\/projetos\/arvoresdauenf\/files\/2020\/11\/20201006_175359-min-1152x1536.jpg 1152w, https:\/\/uenf.br\/projetos\/arvoresdauenf\/files\/2020\/11\/20201006_175359-min-1536x2048.jpg 1536w\" sizes=\"auto, (max-width: 382px) 100vw, 382px\" \/><p id=\"caption-attachment-2010\" class=\"wp-caption-text\">Suas infloresc\u00eancias, s\u00e3o do tipo r\u00e1cemo, pendentes e longas, medindo cerca de 30 cm de comprimento e possuem numerosas flores.\u00a0 Foto: Deborah Barroso<\/p><\/div>\n<p>&nbsp;<\/p>\n<div id=\"attachment_2011\" style=\"width: 418px\" class=\"wp-caption aligncenter\"><img loading=\"lazy\" decoding=\"async\" aria-describedby=\"caption-attachment-2011\" class=\" wp-image-2011\" src=\"http:\/\/uenf.br\/projetos\/arvoresdauenf\/files\/2020\/11\/20201006_175749-min-1024x768.jpg\" alt=\"\" width=\"408\" height=\"306\" srcset=\"https:\/\/uenf.br\/projetos\/arvoresdauenf\/files\/2020\/11\/20201006_175749-min-1024x768.jpg 1024w, https:\/\/uenf.br\/projetos\/arvoresdauenf\/files\/2020\/11\/20201006_175749-min-300x225.jpg 300w, https:\/\/uenf.br\/projetos\/arvoresdauenf\/files\/2020\/11\/20201006_175749-min-768x576.jpg 768w, https:\/\/uenf.br\/projetos\/arvoresdauenf\/files\/2020\/11\/20201006_175749-min-1536x1152.jpg 1536w, https:\/\/uenf.br\/projetos\/arvoresdauenf\/files\/2020\/11\/20201006_175749-min-2048x1536.jpg 2048w\" sizes=\"auto, (max-width: 408px) 100vw, 408px\" \/><p id=\"caption-attachment-2011\" class=\"wp-caption-text\">Suas flores apresentam colora\u00e7\u00e3o amarela, s\u00e3o pent\u00e2meras e consideravelmente grandes. Foto: Deborah Barroso<\/p><\/div>\n<p>&nbsp;<\/p>\n<div id=\"attachment_2012\" style=\"width: 365px\" class=\"wp-caption aligncenter\"><img loading=\"lazy\" decoding=\"async\" aria-describedby=\"caption-attachment-2012\" class=\" wp-image-2012\" src=\"http:\/\/uenf.br\/projetos\/arvoresdauenf\/files\/2020\/11\/20201006_180338-min-768x1024.jpg\" alt=\"\" width=\"355\" height=\"474\" srcset=\"https:\/\/uenf.br\/projetos\/arvoresdauenf\/files\/2020\/11\/20201006_180338-min-768x1024.jpg 768w, https:\/\/uenf.br\/projetos\/arvoresdauenf\/files\/2020\/11\/20201006_180338-min-225x300.jpg 225w, https:\/\/uenf.br\/projetos\/arvoresdauenf\/files\/2020\/11\/20201006_180338-min-1152x1536.jpg 1152w, https:\/\/uenf.br\/projetos\/arvoresdauenf\/files\/2020\/11\/20201006_180338-min-1536x2048.jpg 1536w\" sizes=\"auto, (max-width: 355px) 100vw, 355px\" \/><p id=\"caption-attachment-2012\" class=\"wp-caption-text\">Suas folhas s\u00e3o pinadas, alternas, possuindo de 4 a 8 pares de fol\u00edolos el\u00edpticos e apresentam uma cor verde acentuada.<\/p><\/div>\n<p>&nbsp;<\/p>\n<div id=\"attachment_2013\" style=\"width: 409px\" class=\"wp-caption aligncenter\"><img loading=\"lazy\" decoding=\"async\" aria-describedby=\"caption-attachment-2013\" class=\" wp-image-2013\" src=\"http:\/\/uenf.br\/projetos\/arvoresdauenf\/files\/2020\/11\/20201006_180548-min-1024x768.jpg\" alt=\"\" width=\"399\" height=\"299\" srcset=\"https:\/\/uenf.br\/projetos\/arvoresdauenf\/files\/2020\/11\/20201006_180548-min-1024x768.jpg 1024w, https:\/\/uenf.br\/projetos\/arvoresdauenf\/files\/2020\/11\/20201006_180548-min-300x225.jpg 300w, https:\/\/uenf.br\/projetos\/arvoresdauenf\/files\/2020\/11\/20201006_180548-min-768x576.jpg 768w, https:\/\/uenf.br\/projetos\/arvoresdauenf\/files\/2020\/11\/20201006_180548-min-1536x1152.jpg 1536w, https:\/\/uenf.br\/projetos\/arvoresdauenf\/files\/2020\/11\/20201006_180548-min-2048x1536.jpg 2048w\" sizes=\"auto, (max-width: 399px) 100vw, 399px\" \/><p id=\"caption-attachment-2013\" class=\"wp-caption-text\">Os frutos da \u00e1rvore de Cassia fistula s\u00e3o indeiscentes, cil\u00edndricos, do tipo legume e apresentam colora\u00e7\u00e3o marrom, contendo sementes lustrosas e castanhas.<\/p><\/div>\n<h3><strong><span style=\"color: #000000\">Fam\u00edlia: Fabaceae <\/span><\/strong><span style=\"color: #000000\">Caesalpinioideae<\/span><\/h3>\n<h3><strong><span style=\"color: #000000\">Nomes populares: c\u00e1ssia imperial,\u00a0 chuva de ouro<\/span><\/strong><strong style=\"font-size: 16px\"><span style=\"color: #000000\">\u00a0<\/span><\/strong><\/h3>\n<h3>Origem:\u00a0Sudeste da \u00c1sia<\/h3>\n<div id=\"ocorrencia_confirmada\" class=\"label\"><strong>Ocorr\u00eancias:<\/strong><\/div>\n<ul>\n<li><b>Norte<\/b> (Par\u00e1, Tocantins)<\/li>\n<li><b>Nordeste<\/b> (Alagoas, Bahia, Cear\u00e1, Maranh\u00e3o, Para\u00edba, Pernambuco, Piau\u00ed, Rio Grande do Norte, Sergipe)<\/li>\n<li><b>Centro-oeste<\/b> (Goi\u00e1s, Mato Grosso)<\/li>\n<li><b>Sudeste<\/b>\u00a0(Esp\u00edrito Santo, Minas Gerais, Rio de Janeiro, S\u00e3o Paulo)<\/li>\n<li><b>Sul<\/b>\u00a0(Paran\u00e1, Santa Catarina)<\/li>\n<\/ul>\n<div id=\"ocorrencia_confirmada\" class=\"label\"><strong>Poss\u00edveis Ocorr\u00eancias:<\/strong><\/div>\n<ul>\n<li><b>Norte<\/b> (Amazonas)<\/li>\n<li><b>Centro-oeste<\/b> (Distrito Federal)<\/li>\n<\/ul>\n<p><img loading=\"lazy\" decoding=\"async\" class=\" wp-image-2681 aligncenter\" src=\"https:\/\/uenf.br\/projetos\/arvoresdauenf\/files\/2024\/03\/Chuva-de-Ouro-288x300.png\" alt=\"\" width=\"353\" height=\"368\" srcset=\"https:\/\/uenf.br\/projetos\/arvoresdauenf\/files\/2024\/03\/Chuva-de-Ouro-288x300.png 288w, https:\/\/uenf.br\/projetos\/arvoresdauenf\/files\/2024\/03\/Chuva-de-Ouro.png 353w\" sizes=\"auto, (max-width: 353px) 100vw, 353px\" \/><\/p>\n<h3>Curiosidades:<\/h3>\n<ul>\n<li>\u00c9 a flor do estado de Kerala na \u00cdndia e a \u00e1rvore nacional da Tail\u00e2ndia, onde representa s\u00edmbolo da unidade e harmonia (<a href=\"https:\/\/www.fiori-forchette.com\/products\/cassia-fistula-\/\">clique aqui<\/a>)<\/li>\n<li>Suas sementes apresentam dorm\u00eancia e precisam ser escarificadas para atingirem bom percentual de germina\u00e7\u00e3o (<a href=\"https:\/\/www.redalyc.org\/pdf\/4457\/445744143003.pdf\">clique aqui<\/a>). S\u00e3o predadas pelo cole\u00f3ptero <em>Pygiopachymerus lineola\u00a0<\/em>(<a href=\"https:\/\/www.researchgate.net\/publication\/325046650_Predacao_de_sementes_de_Cassia_fistula_L_Fabaceae_por_Bruchinae\">clique aqui<\/a>)<\/li>\n<li>Extrato de suas flores apresenta atividade antibacteriana (<a href=\"https:\/\/www.sciencedirect.com\/science\/article\/abs\/pii\/S037887410700205X\">clique aqui)<\/a>, como de outras partes da planta (<a href=\"https:\/\/www.scielo.br\/scielo.php?script=sci_arttext&amp;pid=S0100-40422006000600025\">clique aqui<\/a>), sendo um potencial antibi\u00f3tico natural.<\/li>\n<li>As\u00a0 flores s\u00e3o utilizadas na alimenta\u00e7\u00e3o humana, como ingrediente de p\u00e3es, gel\u00e9ias, entre outros\u00a0(<a href=\"https:\/\/www.campograndenews.com.br\/lado-b\/faz-bem\/bela-pelos-cachos-flor-de-acacia-e-usada-em-geleia-de-manga-e-receita-de-pao\">clique aqui<\/a>) e, por sua abund\u00e2ncia, apresentam potencial para a apicultura (<a href=\"https:\/\/www.redalyc.org\/pdf\/4457\/445744143003.pdf\">clique aqui<\/a>)<\/li>\n<li>Na medicina popular, o suco de suas folhas \u00e9 utilizado em eripselas e doen\u00e7as cut\u00e2neas (<a href=\"https:\/\/www.scielo.br\/scielo.php?script=sci_arttext&amp;pid=S0100-40422006000600025\">clique aqui<\/a>)<\/li>\n<li>Sua casca, rica em tanino, tem sido empregada na ind\u00fastria de curtimento de peles (<a href=\"https:\/\/www.redalyc.org\/pdf\/4457\/445744143003.pdf\">clique aqui<\/a>)<\/li>\n<\/ul>\n","protected":false},"excerpt":{"rendered":"<p>Cassia fistula\u00a0L. &nbsp; &nbsp; &nbsp; &nbsp; &nbsp; Fam\u00edlia: Fabaceae Caesalpinioideae Nomes populares: c\u00e1ssia imperial,\u00a0 chuva de ouro\u00a0 Origem:\u00a0Sudeste da \u00c1sia&#8230;<\/p>\n","protected":false},"author":22,"featured_media":0,"parent":27,"menu_order":0,"comment_status":"closed","ping_status":"closed","template":"","meta":{"footnotes":""},"class_list":["post-283","page","type-page","status-publish","hentry"],"_links":{"self":[{"href":"https:\/\/uenf.br\/projetos\/arvoresdauenf\/wp-json\/wp\/v2\/pages\/283","targetHints":{"allow":["GET"]}}],"collection":[{"href":"https:\/\/uenf.br\/projetos\/arvoresdauenf\/wp-json\/wp\/v2\/pages"}],"about":[{"href":"https:\/\/uenf.br\/projetos\/arvoresdauenf\/wp-json\/wp\/v2\/types\/page"}],"author":[{"embeddable":true,"href":"https:\/\/uenf.br\/projetos\/arvoresdauenf\/wp-json\/wp\/v2\/users\/22"}],"replies":[{"embeddable":true,"href":"https:\/\/uenf.br\/projetos\/arvoresdauenf\/wp-json\/wp\/v2\/comments?post=283"}],"version-history":[{"count":0,"href":"https:\/\/uenf.br\/projetos\/arvoresdauenf\/wp-json\/wp\/v2\/pages\/283\/revisions"}],"up":[{"embeddable":true,"href":"https:\/\/uenf.br\/projetos\/arvoresdauenf\/wp-json\/wp\/v2\/pages\/27"}],"wp:attachment":[{"href":"https:\/\/uenf.br\/projetos\/arvoresdauenf\/wp-json\/wp\/v2\/media?parent=283"}],"curies":[{"name":"wp","href":"https:\/\/api.w.org\/{rel}","templated":true}]}}