{"id":293,"date":"2019-02-01T11:36:07","date_gmt":"2019-02-01T13:36:07","guid":{"rendered":"http:\/\/uenf.br\/projetos\/arvoresdauenf\/?page_id=293"},"modified":"2022-06-08T20:20:41","modified_gmt":"2022-06-08T23:20:41","slug":"sombreiro-de-minas","status":"publish","type":"page","link":"https:\/\/uenf.br\/projetos\/arvoresdauenf\/especie-2\/sombreiro-de-minas\/","title":{"rendered":"Sombreiro de minas"},"content":{"rendered":"<h2 class=\"taxon\"><i>Clitoria fairchildiana\u00a0<\/i>R.A.Howard<\/h2>\n<div id=\"attachment_1541\" style=\"width: 436px\" class=\"wp-caption aligncenter\"><img loading=\"lazy\" decoding=\"async\" aria-describedby=\"caption-attachment-1541\" class=\"wp-image-1541\" src=\"http:\/\/uenf.br\/projetos\/arvoresdauenf\/files\/2020\/07\/IMG_4448-e1595027655510-768x1024.jpg\" alt=\"\" width=\"426\" height=\"567\" srcset=\"https:\/\/uenf.br\/projetos\/arvoresdauenf\/files\/2020\/07\/IMG_4448-e1595027655510-768x1024.jpg 768w, https:\/\/uenf.br\/projetos\/arvoresdauenf\/files\/2020\/07\/IMG_4448-e1595027655510-225x300.jpg 225w, https:\/\/uenf.br\/projetos\/arvoresdauenf\/files\/2020\/07\/IMG_4448-e1595027655510-1152x1536.jpg 1152w, https:\/\/uenf.br\/projetos\/arvoresdauenf\/files\/2020\/07\/IMG_4448-e1595027655510-1536x2048.jpg 1536w\" sizes=\"auto, (max-width: 426px) 100vw, 426px\" \/><p id=\"caption-attachment-1541\" class=\"wp-caption-text\">O sombreiro \u00e9\u00a0 uma esp\u00e9cie arb\u00f3rea de m\u00e9dio a grande porte, apresenta uma copa frondosa, proporcionando uma excelente sombra. Foto: Christian Ribeiro<\/p><\/div>\n<p>&nbsp;<\/p>\n<div id=\"attachment_1542\" style=\"width: 433px\" class=\"wp-caption aligncenter\"><img loading=\"lazy\" decoding=\"async\" aria-describedby=\"caption-attachment-1542\" class=\"wp-image-1542\" src=\"http:\/\/uenf.br\/projetos\/arvoresdauenf\/files\/2020\/07\/IMG_4451-768x1024.jpg\" alt=\"\" width=\"423\" height=\"564\" srcset=\"https:\/\/uenf.br\/projetos\/arvoresdauenf\/files\/2020\/07\/IMG_4451-768x1024.jpg 768w, https:\/\/uenf.br\/projetos\/arvoresdauenf\/files\/2020\/07\/IMG_4451-225x300.jpg 225w, https:\/\/uenf.br\/projetos\/arvoresdauenf\/files\/2020\/07\/IMG_4451-1152x1536.jpg 1152w, https:\/\/uenf.br\/projetos\/arvoresdauenf\/files\/2020\/07\/IMG_4451-1536x2048.jpg 1536w\" sizes=\"auto, (max-width: 423px) 100vw, 423px\" \/><p id=\"caption-attachment-1542\" class=\"wp-caption-text\">Suas folhas s\u00e3o compostas trifoliadas.\u00a0 Foto: Christian Ribeiro<\/p><\/div>\n<p>&nbsp;<\/p>\n<div id=\"attachment_425\" style=\"width: 425px\" class=\"wp-caption aligncenter\"><img loading=\"lazy\" decoding=\"async\" aria-describedby=\"caption-attachment-425\" class=\"wp-image-425\" src=\"http:\/\/uenf.br\/projetos\/arvoresdauenf\/files\/2019\/06\/20190122_092117-min.jpg\" alt=\"\" width=\"415\" height=\"553\" \/><p id=\"caption-attachment-425\" class=\"wp-caption-text\">Apresenta flores viol\u00e1ceas em r\u00e1cemos p\u00eandulos.\u00a0 Foto: Gabriel de Souza Silva<\/p><\/div>\n<h3><strong>Fam\u00edlia: F<\/strong><strong>abaceae<\/strong><\/h3>\n<h3><strong>Nomes populares: <b>sombra-de-vaca, <\/b><b>palheteira, sombreiro, faveira<\/b><\/strong><\/h3>\n<h3><strong>Origem: Brasil<\/strong><\/h3>\n<h3 id=\"distribuicaoGeografica\" class=\"label\"><strong>Distribui\u00e7\u00e3o Geogr\u00e1fica<\/strong><\/h3>\n<h4 id=\"ocorrencia_confirmada\" class=\"label\">Ocorr\u00eancias:<\/h4>\n<div id=\"tr-carregaTaxonGrupoDistribuicaoGeograficaCertezaNorte\" class=\"distribuicaoGeograficaCertezaNorte\">\n<ul>\n<li id=\"idFieldCertezaNorte\" class=\"field\"><b>Norte<\/b>\u00a0(Amazonas, Amap\u00e1, Par\u00e1, Rond\u00f4nia, Tocantins)<\/li>\n<li class=\"field\"><b>Nordeste<\/b>\u00a0(Alagoas, Bahia, Cear\u00e1, Maranh\u00e3o, Para\u00edba, Pernambuco, Piau\u00ed, Rio Grande do Norte, Sergipe)<\/li>\n<li class=\"field\"><b>Centro-Oeste<\/b>\u00a0(Goi\u00e1s, Mato Grosso do Sul)<\/li>\n<li class=\"field\"><b>Sudeste<\/b>\u00a0(Esp\u00edrito Santo, Minas Gerais, Rio de Janeiro, S\u00e3o Paulo)<\/li>\n<li class=\"field\"><b>Sul<\/b>\u00a0(Paran\u00e1, Rio Grande do Sul, Santa Catarina)<\/li>\n<\/ul>\n<\/div>\n<h3 id=\"tr-carregaTaxonGrupoDistribuicaoGeograficaCertezaSul\" class=\"distribuicaoGeograficaCertezaSul\"><strong>Dom\u00ednios Fitogeogr\u00e1ficos<\/strong><\/h3>\n<div class=\"dominiosFitogeograficos\">\n<ul>\n<li class=\"label\"><span style=\"font-size: 16px\">Amaz\u00f4nia, Caatinga, Cerrado, Mata Atl\u00e2ntica<\/span><\/li>\n<\/ul>\n<p><img loading=\"lazy\" decoding=\"async\" class=\"size-full wp-image-1819 aligncenter\" src=\"http:\/\/uenf.br\/projetos\/arvoresdauenf\/files\/2020\/08\/sombreiro-de-minas-min.jpg\" alt=\"\" width=\"359\" height=\"350\" srcset=\"https:\/\/uenf.br\/projetos\/arvoresdauenf\/files\/2020\/08\/sombreiro-de-minas-min.jpg 359w, https:\/\/uenf.br\/projetos\/arvoresdauenf\/files\/2020\/08\/sombreiro-de-minas-min-300x292.jpg 300w\" sizes=\"auto, (max-width: 359px) 100vw, 359px\" \/><\/p>\n<\/div>\n<div id=\"tr-carregaTaxonGrupoDominiosFitogeograficos\" class=\"dominiosFitogeograficos\">\n<p>Fonte: Flora do Brasil, 2020 (<a href=\"http:\/\/floradobrasil.jbrj.gov.br\/reflora\/listaBrasil\/ConsultaPublicaUC\/BemVindoConsultaPublicaConsultar.do?invalidatePageControlCounter=71&amp;idsFilhosAlgas=%5B2%5D&amp;idsFilhosFungos=%5B1%2C10%2C11%5D&amp;lingua=&amp;grupo=5&amp;familia=null&amp;genero=&amp;especie=&amp;autor=&amp;nomeVernaculo=&amp;nomeCompleto=Fabaceae+Clitoria+fairchildiana+R.A.Howard&amp;formaVida=null&amp;substrato=null&amp;ocorreBrasil=QUALQUER&amp;ocorrencia=OCORRE&amp;endemismo=TODOS&amp;origem=TODOS&amp;regiao=QUALQUER&amp;estado=QUALQUER&amp;ilhaOceanica=32767&amp;domFitogeograficos=QUALQUER&amp;bacia=QUALQUER&amp;vegetacao=TODOS&amp;mostrarAte=SUBESP_VAR&amp;opcoesBusca=TODOS_OS_NOMES&amp;loginUsuario=Visitante&amp;senhaUsuario=&amp;contexto=consulta-publica\">clique aqui<\/a>)<\/p>\n<\/div>\n<h3><strong>Curiosidades:<\/strong><\/h3>\n<ul>\n<li>A madeira pode ser empregada em constru\u00e7\u00e3o civil, como divis\u00f3rias internas, forros e, para confec\u00e7\u00e3o de brinquedos e caixotaria (<a href=\"https:\/\/www.portalsaofrancisco.com.br\/biologia\/sombreiro\">clique aqui<\/a>)<\/li>\n<li>A esp\u00e9cie apresenta nodula\u00e7\u00e3o natural abundante com rizobio e efici\u00eancia na fixa\u00e7\u00e3o de N2 (<a href=\"http:\/\/seer.sct.embrapa.br\/index.php\/pab\/article\/view\/7554\/4473\">clique aqui<\/a>).<\/li>\n<li>Como propriedade medicinal possui atividade anti-inflamat\u00f3ria<\/li>\n<li>Indicada para uso no paisagismo e na arboriza\u00e7\u00e3o urbana, pois fornece boa sombra e flora\u00e7\u00e3o vistosa.<\/li>\n<\/ul>\n<h3>Pesquisas na UENF<\/h3>\n<ul>\n<li>Foi identificado pela equipe da Profa. K\u00e1tia Valevsky Sales Fernandes, um inibidor de tripsina isolado a partir de cotil\u00e9dones das sementes de <em>Clitoria fairchildiana<\/em>, capaz de reduzir em 87,93% a atividade das enzimas digestivas da larva do quarto instar <em>Aedes aegypti<\/em>. Sua a\u00e7\u00e3o forte e espec\u00edfica indica potencial para m\u00e9todos alternativos de biocontrole. (<a href=\"https:\/\/www.ncbi.nlm.nih.gov\/pubmed\/26156641\">clique aqui<\/a>)<\/li>\n<\/ul>\n","protected":false},"excerpt":{"rendered":"<p>Clitoria fairchildiana\u00a0R.A.Howard &nbsp; &nbsp; Fam\u00edlia: Fabaceae Nomes populares: sombra-de-vaca, palheteira, sombreiro, faveira Origem: Brasil Distribui\u00e7\u00e3o Geogr\u00e1fica Ocorr\u00eancias: Norte\u00a0(Amazonas, Amap\u00e1, Par\u00e1,&#8230;<\/p>\n","protected":false},"author":22,"featured_media":0,"parent":27,"menu_order":0,"comment_status":"closed","ping_status":"closed","template":"","meta":{"footnotes":""},"class_list":["post-293","page","type-page","status-publish","hentry"],"_links":{"self":[{"href":"https:\/\/uenf.br\/projetos\/arvoresdauenf\/wp-json\/wp\/v2\/pages\/293","targetHints":{"allow":["GET"]}}],"collection":[{"href":"https:\/\/uenf.br\/projetos\/arvoresdauenf\/wp-json\/wp\/v2\/pages"}],"about":[{"href":"https:\/\/uenf.br\/projetos\/arvoresdauenf\/wp-json\/wp\/v2\/types\/page"}],"author":[{"embeddable":true,"href":"https:\/\/uenf.br\/projetos\/arvoresdauenf\/wp-json\/wp\/v2\/users\/22"}],"replies":[{"embeddable":true,"href":"https:\/\/uenf.br\/projetos\/arvoresdauenf\/wp-json\/wp\/v2\/comments?post=293"}],"version-history":[{"count":0,"href":"https:\/\/uenf.br\/projetos\/arvoresdauenf\/wp-json\/wp\/v2\/pages\/293\/revisions"}],"up":[{"embeddable":true,"href":"https:\/\/uenf.br\/projetos\/arvoresdauenf\/wp-json\/wp\/v2\/pages\/27"}],"wp:attachment":[{"href":"https:\/\/uenf.br\/projetos\/arvoresdauenf\/wp-json\/wp\/v2\/media?parent=293"}],"curies":[{"name":"wp","href":"https:\/\/api.w.org\/{rel}","templated":true}]}}