{"id":41,"date":"2019-01-11T12:19:05","date_gmt":"2019-01-11T14:19:05","guid":{"rendered":"http:\/\/uenf.br\/projetos\/arvoresdauenf\/?page_id=41"},"modified":"2022-06-08T20:09:32","modified_gmt":"2022-06-08T23:09:32","slug":"peroba-do-campo","status":"publish","type":"page","link":"https:\/\/uenf.br\/projetos\/arvoresdauenf\/especie-2\/peroba-do-campo\/","title":{"rendered":"Peroba do campo"},"content":{"rendered":"<h2><em>Paratecoma peroba<\/em> (Record) Kuhlm.<\/h2>\n<h4>A peroba do campo, \u00e9 uma das esp\u00e9cies end\u00eamicas da regi\u00e3o e embelezam a entrada do <em>campus<\/em> Leonel Brizola.<\/h4>\n<div id=\"attachment_796\" style=\"width: 434px\" class=\"wp-caption alignleft\"><img loading=\"lazy\" decoding=\"async\" aria-describedby=\"caption-attachment-796\" class=\"wp-image-796\" src=\"http:\/\/uenf.br\/projetos\/arvoresdauenf\/files\/2019\/09\/peroba-1024x692.jpg\" alt=\"\" width=\"424\" height=\"287\" srcset=\"https:\/\/uenf.br\/projetos\/arvoresdauenf\/files\/2019\/09\/peroba-1024x692.jpg 1024w, https:\/\/uenf.br\/projetos\/arvoresdauenf\/files\/2019\/09\/peroba-300x203.jpg 300w, https:\/\/uenf.br\/projetos\/arvoresdauenf\/files\/2019\/09\/peroba-768x519.jpg 768w, https:\/\/uenf.br\/projetos\/arvoresdauenf\/files\/2019\/09\/peroba-150x101.jpg 150w, https:\/\/uenf.br\/projetos\/arvoresdauenf\/files\/2019\/09\/peroba-400x270.jpg 400w\" sizes=\"auto, (max-width: 424px) 100vw, 424px\" \/><p id=\"caption-attachment-796\" class=\"wp-caption-text\">Mudas de Paratecoma peroba, em 1999. Foto: Jos\u00e9 Geraldo de A. Carneiro<\/p><\/div>\n<div id=\"attachment_1424\" style=\"width: 272px\" class=\"wp-caption alignright\"><img loading=\"lazy\" decoding=\"async\" aria-describedby=\"caption-attachment-1424\" class=\"wp-image-1424\" src=\"http:\/\/uenf.br\/projetos\/arvoresdauenf\/files\/2020\/07\/Sem-t\u00edtulo.jpg\" alt=\"\" width=\"262\" height=\"300\" srcset=\"https:\/\/uenf.br\/projetos\/arvoresdauenf\/files\/2020\/07\/Sem-t\u00edtulo.jpg 623w, https:\/\/uenf.br\/projetos\/arvoresdauenf\/files\/2020\/07\/Sem-t\u00edtulo-262x300.jpg 262w\" sizes=\"auto, (max-width: 262px) 100vw, 262px\" \/><p id=\"caption-attachment-1424\" class=\"wp-caption-text\">\u00c1rvores de P. peroba, em 2019. H\u00e1 5 indiv\u00edduos adultos no <em>campus<\/em> Leonel Brizola. Foto: Yara Pereira<\/p><\/div>\n<p>&nbsp;<\/p>\n<p>&nbsp;<\/p>\n<p>&nbsp;<\/p>\n<p>&nbsp;<\/p>\n<p>&nbsp;<\/p>\n<p>&nbsp;<\/p>\n<p>&nbsp;<\/p>\n<p>&nbsp;<\/p>\n<p>&nbsp;<\/p>\n<h3>Fam\u00edlia: <strong>Bignoniaceae<\/strong><\/h3>\n<h3>Nomes populares: <strong>peroba do campo, peroba amarela, ip\u00ea peroba, peroba de campos<\/strong><\/h3>\n<h3>Origem: Brasil<\/h3>\n<div class=\"tabelamapa\">\n<h4 id=\"ocorrencia_confirmada\" class=\"label\">Ocorr\u00eancias:<\/h4>\n<div id=\"tr-carregaTaxonGrupoDistribuicaoGeograficaCertezaNordeste\" class=\"distribuicaoGeograficaCertezaNordeste\">\n<ul>\n<li id=\"idFieldCertezaNordeste\" class=\"field\"><b>\u00a0Sudeste <\/b>(Esp\u00edrito Santo, Minas Gerais, Rio de Janeiro)<\/li>\n<\/ul>\n<\/div>\n<div>\n<div class=\"dominiosFitogeograficos\">\n<h3 class=\"label\"><strong>Dom\u00ednios Fitogeogr\u00e1ficos\u00a0<\/strong><\/h3>\n<\/div>\n<div id=\"tr-carregaTaxonGrupoDominiosFitogeograficos\" class=\"dominiosFitogeograficos\">\n<ul>\n<li id=\"idFieldDominiosFitogeograficos\" class=\"field\">Mata Atl\u00e2ntica<\/li>\n<\/ul>\n<p><img loading=\"lazy\" decoding=\"async\" class=\"size-full wp-image-1804 aligncenter\" src=\"http:\/\/uenf.br\/projetos\/arvoresdauenf\/files\/2020\/08\/peroba-min.jpg\" alt=\"\" width=\"366\" height=\"351\" srcset=\"https:\/\/uenf.br\/projetos\/arvoresdauenf\/files\/2020\/08\/peroba-min.jpg 366w, https:\/\/uenf.br\/projetos\/arvoresdauenf\/files\/2020\/08\/peroba-min-300x288.jpg 300w\" sizes=\"auto, (max-width: 366px) 100vw, 366px\" \/><\/p>\n<div><\/div>\n<div>Fonte: Flora do Brasil, 2020 (<a href=\"http:\/\/floradobrasil.jbrj.gov.br\/reflora\/listaBrasil\/ConsultaPublicaUC\/BemVindoConsultaPublicaConsultar.do?invalidatePageControlCounter=1&amp;idsFilhosAlgas=%5B2%5D&amp;idsFilhosFungos=%5B1%2C10%2C11%5D&amp;lingua=&amp;grupo=5&amp;familia=null&amp;genero=&amp;especie=&amp;autor=&amp;nomeVernaculo=&amp;nomeCompleto=Bignoniaceae+Paratecoma+peroba+%28Record%29+Kuhlm.&amp;formaVida=null&amp;substrato=null&amp;ocorreBrasil=QUALQUER&amp;ocorrencia=OCORRE&amp;endemismo=TODOS&amp;origem=TODOS&amp;regiao=QUALQUER&amp;estado=QUALQUER&amp;ilhaOceanica=32767&amp;domFitogeograficos=QUALQUER&amp;bacia=QUALQUER&amp;vegetacao=TODOS&amp;mostrarAte=SUBESP_VAR&amp;opcoesBusca=TODOS_OS_NOMES&amp;loginUsuario=Visitante&amp;senhaUsuario=&amp;contexto=consulta-publica\">clique aqui<\/a>)<\/div>\n<\/div>\n<\/div>\n<\/div>\n<p>&nbsp;<\/p>\n<div id=\"attachment_1805\" style=\"width: 377px\" class=\"wp-caption aligncenter\"><img loading=\"lazy\" decoding=\"async\" aria-describedby=\"caption-attachment-1805\" class=\"wp-image-1805\" src=\"http:\/\/uenf.br\/projetos\/arvoresdauenf\/files\/2020\/08\/peroba-do-campo-min-888x1024.jpg\" alt=\"\" width=\"367\" height=\"423\" srcset=\"https:\/\/uenf.br\/projetos\/arvoresdauenf\/files\/2020\/08\/peroba-do-campo-min-888x1024.jpg 888w, https:\/\/uenf.br\/projetos\/arvoresdauenf\/files\/2020\/08\/peroba-do-campo-min-260x300.jpg 260w, https:\/\/uenf.br\/projetos\/arvoresdauenf\/files\/2020\/08\/peroba-do-campo-min-768x886.jpg 768w, https:\/\/uenf.br\/projetos\/arvoresdauenf\/files\/2020\/08\/peroba-do-campo-min-1332x1536.jpg 1332w, https:\/\/uenf.br\/projetos\/arvoresdauenf\/files\/2020\/08\/peroba-do-campo-min-1776x2048.jpg 1776w\" sizes=\"auto, (max-width: 367px) 100vw, 367px\" \/><p id=\"caption-attachment-1805\" class=\"wp-caption-text\">Paratecoma peroba (Record &amp; Mell) Kuhlm. , <em>campus<\/em> Leonel Brizola. Foto: Yara Pereira<\/p><\/div>\n<p>&nbsp;<\/p>\n<div id=\"attachment_1868\" style=\"width: 377px\" class=\"wp-caption aligncenter\"><img loading=\"lazy\" decoding=\"async\" aria-describedby=\"caption-attachment-1868\" class=\"wp-image-1868\" src=\"http:\/\/uenf.br\/projetos\/arvoresdauenf\/files\/2020\/08\/WhatsApp-Image-2020-08-11-at-08.50.39-1-min-576x1024.jpeg\" alt=\"\" width=\"367\" height=\"653\" srcset=\"https:\/\/uenf.br\/projetos\/arvoresdauenf\/files\/2020\/08\/WhatsApp-Image-2020-08-11-at-08.50.39-1-min-576x1024.jpeg 576w, https:\/\/uenf.br\/projetos\/arvoresdauenf\/files\/2020\/08\/WhatsApp-Image-2020-08-11-at-08.50.39-1-min-169x300.jpeg 169w, https:\/\/uenf.br\/projetos\/arvoresdauenf\/files\/2020\/08\/WhatsApp-Image-2020-08-11-at-08.50.39-1-min.jpeg 648w\" sizes=\"auto, (max-width: 367px) 100vw, 367px\" \/><p id=\"caption-attachment-1868\" class=\"wp-caption-text\">Fruto de peroba do campo. Foto: Deborah G. Barroso<\/p><\/div>\n<div class=\"tabelamapa\">\n<div id=\"tr-carregaTaxonGrupoDominiosFitogeograficos\" class=\"dominiosFitogeograficos\">\n<div><\/div>\n<div id=\"attachment_1866\" style=\"width: 380px\" class=\"wp-caption aligncenter\"><img loading=\"lazy\" decoding=\"async\" aria-describedby=\"caption-attachment-1866\" class=\"wp-image-1866\" src=\"http:\/\/uenf.br\/projetos\/arvoresdauenf\/files\/2020\/08\/WhatsApp-Image-2020-08-11-at-08.47.54-300x225.jpeg\" alt=\"\" width=\"370\" height=\"277\" srcset=\"https:\/\/uenf.br\/projetos\/arvoresdauenf\/files\/2020\/08\/WhatsApp-Image-2020-08-11-at-08.47.54-300x225.jpeg 300w, https:\/\/uenf.br\/projetos\/arvoresdauenf\/files\/2020\/08\/WhatsApp-Image-2020-08-11-at-08.47.54-1024x768.jpeg 1024w, https:\/\/uenf.br\/projetos\/arvoresdauenf\/files\/2020\/08\/WhatsApp-Image-2020-08-11-at-08.47.54-768x576.jpeg 768w, https:\/\/uenf.br\/projetos\/arvoresdauenf\/files\/2020\/08\/WhatsApp-Image-2020-08-11-at-08.47.54.jpeg 1152w\" sizes=\"auto, (max-width: 370px) 100vw, 370px\" \/><p id=\"caption-attachment-1866\" class=\"wp-caption-text\">Sementes aladas de <em>Paratecoma peroba<\/em>. Foto: Deborah G. Barroso<\/p><\/div>\n<h3><\/h3>\n<h3>Pesquisas na UENF<\/h3>\n<ul>\n<li>No Setor de Silvicultura (LFIT\/CCTA\/UENF), s\u00e3o realizados estudos de propaga\u00e7\u00e3o da esp\u00e9cie e manejo, pela equipe da profa. Deborah G. Barroso.\u00a0 J\u00e1 foi constatado que \u00e9 poss\u00edvel a propaga\u00e7\u00e3o clonal de <em>P. peroba<\/em>, tanto com prop\u00e1gulos juvenis, quanto com prop\u00e1gulos obtidos em matrizes adultas, sendo poss\u00edvel a multiplica\u00e7\u00e3o de material selecionado para diversos fins, inclusive para a conserva\u00e7\u00e3o da esp\u00e9cie pela implanta\u00e7\u00e3o de pomares clonais de sementes.<\/li>\n<\/ul>\n<h3><strong>Curiosidades:<\/strong><\/h3>\n<ul>\n<li><em>Paratecoma peroba<\/em> \u00e9 end\u00eamica do sudeste do Brasil e considerada e integra a lista de esp\u00e9cies amea\u00e7adas de extin\u00e7\u00e3o.<\/li>\n<li>Foi considerada ano\u00a0 passado a madeira comercial mais importante do estado do Rio de Janeiro, sendo utilizada em constru\u00e7\u00f5es comerciais no estado e no acabamento de casas e em mobili\u00e1rio de luxo (<a href=\"http:\/\/rodriguesia-seer.jbrj.gov.br\/index.php\/rodriguesia\/article\/viewFile\/177\/17\">clique aqui<\/a>)<\/li>\n<\/ul>\n<div><\/div>\n<div><\/div>\n<\/div>\n<\/div>\n","protected":false},"excerpt":{"rendered":"<p>Paratecoma peroba (Record) Kuhlm. A peroba do campo, \u00e9 uma das esp\u00e9cies end\u00eamicas da regi\u00e3o e embelezam a entrada do&#8230;<\/p>\n","protected":false},"author":22,"featured_media":0,"parent":27,"menu_order":0,"comment_status":"closed","ping_status":"closed","template":"","meta":{"footnotes":""},"class_list":["post-41","page","type-page","status-publish","hentry"],"_links":{"self":[{"href":"https:\/\/uenf.br\/projetos\/arvoresdauenf\/wp-json\/wp\/v2\/pages\/41","targetHints":{"allow":["GET"]}}],"collection":[{"href":"https:\/\/uenf.br\/projetos\/arvoresdauenf\/wp-json\/wp\/v2\/pages"}],"about":[{"href":"https:\/\/uenf.br\/projetos\/arvoresdauenf\/wp-json\/wp\/v2\/types\/page"}],"author":[{"embeddable":true,"href":"https:\/\/uenf.br\/projetos\/arvoresdauenf\/wp-json\/wp\/v2\/users\/22"}],"replies":[{"embeddable":true,"href":"https:\/\/uenf.br\/projetos\/arvoresdauenf\/wp-json\/wp\/v2\/comments?post=41"}],"version-history":[{"count":0,"href":"https:\/\/uenf.br\/projetos\/arvoresdauenf\/wp-json\/wp\/v2\/pages\/41\/revisions"}],"up":[{"embeddable":true,"href":"https:\/\/uenf.br\/projetos\/arvoresdauenf\/wp-json\/wp\/v2\/pages\/27"}],"wp:attachment":[{"href":"https:\/\/uenf.br\/projetos\/arvoresdauenf\/wp-json\/wp\/v2\/media?parent=41"}],"curies":[{"name":"wp","href":"https:\/\/api.w.org\/{rel}","templated":true}]}}