{"id":45,"date":"2019-01-11T15:36:17","date_gmt":"2019-01-11T17:36:17","guid":{"rendered":"http:\/\/uenf.br\/projetos\/arvoresdauenf\/?page_id=45"},"modified":"2020-10-19T12:35:39","modified_gmt":"2020-10-19T15:35:39","slug":"jacaranda-mimoso","status":"publish","type":"page","link":"https:\/\/uenf.br\/projetos\/arvoresdauenf\/especie-2\/jacaranda-mimoso\/","title":{"rendered":"Jacaranda mimoso"},"content":{"rendered":"<h2><em>Jacaranda<\/em> <em>acutifolia<\/em> Bonpl.<\/h2>\n<p><b><span class=\"binomial\">Sin.: <i>Jacaranda mimosifolia\u00a0<\/i><\/span><\/b>D.Don<sup id=\"cite_ref-1\" class=\"reference\"><\/sup><\/p>\n<h3><strong><span style=\"color: #000000\">Fam\u00edlia: Bignoniaceae<\/span><\/strong><\/h3>\n<h3><span style=\"color: #000000\">Nomes populares: <\/span><span style=\"color: #000000\">jacaranda-mimoso, Carobagua\u00e7u, Jacaranda<\/span><\/h3>\n<h3>Origem: Argentina, Peru e sul do Brasil<\/h3>\n<h3 id=\"distribuicaoGeografica\" class=\"label\"><strong>Distribui\u00e7\u00e3o Geogr\u00e1fica<\/strong><\/h3>\n<h4 id=\"ocorrencia_confirmada\" class=\"label\">Ocorr\u00eancias:<\/h4>\n<div id=\"tr-carregaTaxonGrupoDistribuicaoGeograficaCertezaNordeste\" class=\"distribuicaoGeograficaCertezaNordeste\">\n<ul>\n<li id=\"idFieldCertezaNordeste\" class=\"field\">Nordeste<\/li>\n<li class=\"field\">Sudeste (Minas Gerais, S\u00e3o Paulo)<\/li>\n<\/ul>\n<h3 class=\"field\" style=\"text-align: left\">Dom\u00ednios Fitogeogr\u00e1ficos<\/h3>\n<ul>\n<li>Cerrado, Mata Atl\u00e2ntica<\/li>\n<\/ul>\n<\/div>\n<p>Fonte: Wikip\u00e9dia (<a href=\"https:\/\/pt.wikipedia.org\/wiki\/Jacarand%C3%A1-mimoso\">clique aqui<\/a>)<\/p>\n<div id=\"attachment_778\" style=\"width: 346px\" class=\"wp-caption alignleft\"><img loading=\"lazy\" decoding=\"async\" aria-describedby=\"caption-attachment-778\" class=\"wp-image-778\" src=\"http:\/\/uenf.br\/projetos\/arvoresdauenf\/files\/2019\/08\/IMG_2156-1024x675.jpg\" alt=\"\" width=\"336\" height=\"222\" srcset=\"https:\/\/uenf.br\/projetos\/arvoresdauenf\/files\/2019\/08\/IMG_2156-1024x675.jpg 1024w, https:\/\/uenf.br\/projetos\/arvoresdauenf\/files\/2019\/08\/IMG_2156-300x198.jpg 300w, https:\/\/uenf.br\/projetos\/arvoresdauenf\/files\/2019\/08\/IMG_2156-768x506.jpg 768w, https:\/\/uenf.br\/projetos\/arvoresdauenf\/files\/2019\/08\/IMG_2156-150x99.jpg 150w, https:\/\/uenf.br\/projetos\/arvoresdauenf\/files\/2019\/08\/IMG_2156-400x264.jpg 400w, https:\/\/uenf.br\/projetos\/arvoresdauenf\/files\/2019\/08\/IMG_2156.jpg 1408w\" sizes=\"auto, (max-width: 336px) 100vw, 336px\" \/><p id=\"caption-attachment-778\" class=\"wp-caption-text\">Mudas de jacarand\u00e1 mimoso, em 1998. Foto: Jos\u00e9 Geraldo de Ara\u00fajo Carneiro<\/p><\/div>\n<div id=\"attachment_779\" style=\"width: 319px\" class=\"wp-caption alignright\"><img loading=\"lazy\" decoding=\"async\" aria-describedby=\"caption-attachment-779\" class=\"wp-image-779\" src=\"http:\/\/uenf.br\/projetos\/arvoresdauenf\/files\/2019\/08\/jacaranda-mimoso-1024x764.jpg\" alt=\"\" width=\"309\" height=\"230\" srcset=\"https:\/\/uenf.br\/projetos\/arvoresdauenf\/files\/2019\/08\/jacaranda-mimoso-1024x764.jpg 1024w, https:\/\/uenf.br\/projetos\/arvoresdauenf\/files\/2019\/08\/jacaranda-mimoso-300x224.jpg 300w, https:\/\/uenf.br\/projetos\/arvoresdauenf\/files\/2019\/08\/jacaranda-mimoso-768x573.jpg 768w, https:\/\/uenf.br\/projetos\/arvoresdauenf\/files\/2019\/08\/jacaranda-mimoso-150x112.jpg 150w, https:\/\/uenf.br\/projetos\/arvoresdauenf\/files\/2019\/08\/jacaranda-mimoso-400x299.jpg 400w, https:\/\/uenf.br\/projetos\/arvoresdauenf\/files\/2019\/08\/jacaranda-mimoso.jpg 1175w\" sizes=\"auto, (max-width: 309px) 100vw, 309px\" \/><p id=\"caption-attachment-779\" class=\"wp-caption-text\">\u00c1rvores de jacarand\u00e1 mimoso, em 2019. H\u00e1 51 indiv\u00edduos adultos no <em>campus<\/em> Leonel Brizola. Foto: Yara Pereira<\/p><\/div>\n<p>&nbsp;<\/p>\n<p>&nbsp;<\/p>\n<p>&nbsp;<\/p>\n<p>&nbsp;<\/p>\n<p>&nbsp;<\/p>\n<p>&nbsp;<\/p>\n<p>&nbsp;<\/p>\n<p>&nbsp;<\/p>\n<div id=\"attachment_1861\" style=\"width: 466px\" class=\"wp-caption aligncenter\"><img loading=\"lazy\" decoding=\"async\" aria-describedby=\"caption-attachment-1861\" class=\"wp-image-1861\" src=\"http:\/\/uenf.br\/projetos\/arvoresdauenf\/files\/2020\/08\/DSC05969-1024x683.jpg\" alt=\"\" width=\"456\" height=\"304\" srcset=\"https:\/\/uenf.br\/projetos\/arvoresdauenf\/files\/2020\/08\/DSC05969-1024x683.jpg 1024w, https:\/\/uenf.br\/projetos\/arvoresdauenf\/files\/2020\/08\/DSC05969-300x200.jpg 300w, https:\/\/uenf.br\/projetos\/arvoresdauenf\/files\/2020\/08\/DSC05969-768x512.jpg 768w, https:\/\/uenf.br\/projetos\/arvoresdauenf\/files\/2020\/08\/DSC05969-1536x1024.jpg 1536w, https:\/\/uenf.br\/projetos\/arvoresdauenf\/files\/2020\/08\/DSC05969-2048x1365.jpg 2048w\" sizes=\"auto, (max-width: 456px) 100vw, 456px\" \/><p id=\"caption-attachment-1861\" class=\"wp-caption-text\">Foto: Christian Ribeiro<\/p><\/div>\n<p>&nbsp;<\/p>\n<div id=\"attachment_1972\" style=\"width: 382px\" class=\"wp-caption aligncenter\"><img loading=\"lazy\" decoding=\"async\" aria-describedby=\"caption-attachment-1972\" class=\" wp-image-1972\" src=\"http:\/\/uenf.br\/projetos\/arvoresdauenf\/files\/2020\/10\/thumbnail_IMG_20201001_095638298-1-768x1024.jpg\" alt=\"\" width=\"372\" height=\"495\" srcset=\"https:\/\/uenf.br\/projetos\/arvoresdauenf\/files\/2020\/10\/thumbnail_IMG_20201001_095638298-1-768x1024.jpg 768w, https:\/\/uenf.br\/projetos\/arvoresdauenf\/files\/2020\/10\/thumbnail_IMG_20201001_095638298-1-225x300.jpg 225w, https:\/\/uenf.br\/projetos\/arvoresdauenf\/files\/2020\/10\/thumbnail_IMG_20201001_095638298-1.jpg 960w\" sizes=\"auto, (max-width: 372px) 100vw, 372px\" \/><p id=\"caption-attachment-1972\" class=\"wp-caption-text\">O seu tronco \u00e9 levemente torto e tubular. Atinge de 6 a 9 metros. Sua casca tem particularidades de corti\u00e7a.\u00a0 \u00a0 \u00a0 \u00a0 \u00a0 Foto: Christian Ribeiro<\/p><\/div>\n<p>&nbsp;<\/p>\n<div id=\"attachment_1973\" style=\"width: 358px\" class=\"wp-caption aligncenter\"><img loading=\"lazy\" decoding=\"async\" aria-describedby=\"caption-attachment-1973\" class=\" wp-image-1973\" src=\"http:\/\/uenf.br\/projetos\/arvoresdauenf\/files\/2020\/10\/thumbnail_IMG_20201001_100824586-min-768x1024.jpg\" alt=\"\" width=\"348\" height=\"464\" srcset=\"https:\/\/uenf.br\/projetos\/arvoresdauenf\/files\/2020\/10\/thumbnail_IMG_20201001_100824586-min-768x1024.jpg 768w, https:\/\/uenf.br\/projetos\/arvoresdauenf\/files\/2020\/10\/thumbnail_IMG_20201001_100824586-min-225x300.jpg 225w, https:\/\/uenf.br\/projetos\/arvoresdauenf\/files\/2020\/10\/thumbnail_IMG_20201001_100824586-min.jpg 960w\" sizes=\"auto, (max-width: 348px) 100vw, 348px\" \/><p id=\"caption-attachment-1973\" class=\"wp-caption-text\">Suas flores\u00a0 possuem formato tubular, levemente curvada e colora\u00e7\u00e3o que mistura\u00a0 azul e p\u00farpura.\u00a0 Foto: Christian Ribeiro<\/p><\/div>\n<p>&nbsp;<\/p>\n<div id=\"attachment_1974\" style=\"width: 461px\" class=\"wp-caption aligncenter\"><img loading=\"lazy\" decoding=\"async\" aria-describedby=\"caption-attachment-1974\" class=\" wp-image-1974\" src=\"http:\/\/uenf.br\/projetos\/arvoresdauenf\/files\/2020\/10\/thumbnail_IMG_20201001_101136391-min-1024x768.jpg\" alt=\"\" width=\"451\" height=\"338\" srcset=\"https:\/\/uenf.br\/projetos\/arvoresdauenf\/files\/2020\/10\/thumbnail_IMG_20201001_101136391-min-1024x768.jpg 1024w, https:\/\/uenf.br\/projetos\/arvoresdauenf\/files\/2020\/10\/thumbnail_IMG_20201001_101136391-min-300x225.jpg 300w, https:\/\/uenf.br\/projetos\/arvoresdauenf\/files\/2020\/10\/thumbnail_IMG_20201001_101136391-min-768x576.jpg 768w, https:\/\/uenf.br\/projetos\/arvoresdauenf\/files\/2020\/10\/thumbnail_IMG_20201001_101136391-min.jpg 1280w\" sizes=\"auto, (max-width: 451px) 100vw, 451px\" \/><p id=\"caption-attachment-1974\" class=\"wp-caption-text\">As flores de Jacarand\u00e1 Mimoso medem de cinco a oito cent\u00edmetros de comprimento. Foto: Christian Ribeiro<\/p><\/div>\n<p>&nbsp;<\/p>\n<div id=\"attachment_1975\" style=\"width: 425px\" class=\"wp-caption aligncenter\"><img loading=\"lazy\" decoding=\"async\" aria-describedby=\"caption-attachment-1975\" class=\" wp-image-1975\" src=\"http:\/\/uenf.br\/projetos\/arvoresdauenf\/files\/2020\/10\/thumbnail_IMG_20201001_101352832-min-768x1024.jpg\" alt=\"\" width=\"415\" height=\"553\" srcset=\"https:\/\/uenf.br\/projetos\/arvoresdauenf\/files\/2020\/10\/thumbnail_IMG_20201001_101352832-min-768x1024.jpg 768w, https:\/\/uenf.br\/projetos\/arvoresdauenf\/files\/2020\/10\/thumbnail_IMG_20201001_101352832-min-225x300.jpg 225w, https:\/\/uenf.br\/projetos\/arvoresdauenf\/files\/2020\/10\/thumbnail_IMG_20201001_101352832-min.jpg 960w\" sizes=\"auto, (max-width: 415px) 100vw, 415px\" \/><p id=\"caption-attachment-1975\" class=\"wp-caption-text\">Aparelho reprodutivo de Jacarand\u00e1 Mimoso. Foto: Christian Ribeiro<\/p><\/div>\n<p>&nbsp;<\/p>\n<div id=\"attachment_1887\" style=\"width: 464px\" class=\"wp-caption aligncenter\"><img loading=\"lazy\" decoding=\"async\" aria-describedby=\"caption-attachment-1887\" class=\"wp-image-1887\" src=\"http:\/\/uenf.br\/projetos\/arvoresdauenf\/files\/2020\/08\/20200707_094334-min-768x1024.jpg\" alt=\"\" width=\"454\" height=\"607\" \/><p id=\"caption-attachment-1887\" class=\"wp-caption-text\">Frutos e sementes de jacarand\u00e1 mimoso. Foto: Deborah Barroso<\/p><\/div>\n<p>&nbsp;<\/p>\n<p>&nbsp;<\/p>\n<h3><strong>Curiosidades:<\/strong><\/h3>\n<ul>\n<li>\u00a0 A cidade de Pret\u00f3ria, na\u00a0\u00c1frica do Sul, comp\u00f5e suas ruas arborizadas com jacarand\u00e1-mimoso, formados a partir de sementes levadas do Brasil (<a href=\"https:\/\/pt.wikipedia.org\/wiki\/Jacarand%C3%A1-mimoso\">clique aqui<\/a>)<\/li>\n<li>Em Lisboa se tem vastas \u00e1reas cobertas de jacarand\u00e1s-mimosos, sobretudo no Parque Eduardo VII, no\u00a0<a href=\"https:\/\/pt.wikipedia.org\/wiki\/Largo_do_Carmo_(Lisboa)\">Largo do Carmo<\/a>, na zona do Pr\u00edncipe Real e nas Avenidas 5 de Outubro e D. Carlos I. Os jacarand\u00e1s em Lisboa florescem em maio e s\u00e3o elogiados por jornalistas e autores portugueses, entre os quais se destaca, Ant\u00f3nio Barreto (<a href=\"https:\/\/pt.wikipedia.org\/wiki\/Jacarand%C3%A1-mimoso\">clique aqui<\/a>)<\/li>\n<li>Seus frutos s\u00e3o utilizados\u00a0 no artesanato diversos (<a href=\"https:\/\/br.pinterest.com\/pin\/435441857694759054\/\">clique aqui<\/a>) (<a href=\"https:\/\/www.pinterest.com\/pin\/286963807491165580\/\">clique aqui<\/a>)<\/li>\n<\/ul>\n<div class=\"tabelamapa\">\n<div>\n<p><strong>Pesquisas na UENF:<\/strong><\/p>\n<div>\n<ul>\n<li>Fenologia:<\/li>\n<\/ul>\n<p>Coordenadora: Prof. \u00c2ngela Pierre Vit\u00f3ria (LCA)<\/p>\n<p>Equipe: Ramon Rodrigues Pereira, Lauryn Rodrigues Pereira, Amanda L\u00facia Pereira Machado da Silva, Douglas Rodrigues Ribeiro<\/p>\n<p>A determina\u00e7\u00e3o das fenofases foi realizada por an\u00e1lise visual mensal, sempre no in\u00edcio da segunda quinzena de cada m\u00eas. Para tanto, a copa da \u00e1rvore foi repartida em quadrantes, para facilitar a qualifica\u00e7\u00e3o e quantifica\u00e7\u00e3o. Foram avaliados 10 indiv\u00edduos adultos. A esp\u00e9cie mostra-se dec\u00eddua (cobertura da copa apresenta-se abaixo de 80% em alguns per\u00edodos do ano).<\/p>\n<p><img loading=\"lazy\" decoding=\"async\" class=\"alignnone size-large wp-image-775\" src=\"http:\/\/uenf.br\/projetos\/arvoresdauenf\/files\/2019\/08\/grafico-jacaranda-mimoso-1024x546.png\" alt=\"\" width=\"640\" height=\"341\" srcset=\"https:\/\/uenf.br\/projetos\/arvoresdauenf\/files\/2019\/08\/grafico-jacaranda-mimoso-1024x546.png 1024w, https:\/\/uenf.br\/projetos\/arvoresdauenf\/files\/2019\/08\/grafico-jacaranda-mimoso-300x160.png 300w, https:\/\/uenf.br\/projetos\/arvoresdauenf\/files\/2019\/08\/grafico-jacaranda-mimoso-768x409.png 768w, https:\/\/uenf.br\/projetos\/arvoresdauenf\/files\/2019\/08\/grafico-jacaranda-mimoso-150x80.png 150w, https:\/\/uenf.br\/projetos\/arvoresdauenf\/files\/2019\/08\/grafico-jacaranda-mimoso-400x213.png 400w, https:\/\/uenf.br\/projetos\/arvoresdauenf\/files\/2019\/08\/grafico-jacaranda-mimoso.png 1049w\" sizes=\"auto, (max-width: 640px) 100vw, 640px\" \/><\/p>\n<\/div>\n<h3><\/h3>\n<\/div>\n<div id=\"ocorrencia_confirmada\" class=\"label\"><\/div>\n<div id=\"tr-carregaTaxonGrupoDistribuicaoGeograficaCertezaNordeste\" class=\"distribuicaoGeograficaCertezaNordeste\">\n<div id=\"idFieldCertezaNordeste\" class=\"field\"><span style=\"color: #ff0000\"><b>\u00a0 \u00a0 \u00a0 \u00a0 \u00a0 \u00a0<\/b><\/span><\/div>\n<\/div>\n<div>\n<div class=\"dominiosFitogeograficos\">\n<div><\/div>\n<\/div>\n<div id=\"tr-carregaTaxonGrupoDominiosFitogeograficos\" class=\"dominiosFitogeograficos\">\n<div id=\"idFieldDominiosFitogeograficos\" class=\"field\"><\/div>\n<\/div>\n<\/div>\n<\/div>\n","protected":false},"excerpt":{"rendered":"<p>Jacaranda acutifolia Bonpl. Sin.: Jacaranda mimosifolia\u00a0D.Don Fam\u00edlia: Bignoniaceae Nomes populares: jacaranda-mimoso, Carobagua\u00e7u, Jacaranda Origem: Argentina, Peru e sul do Brasil&#8230;<\/p>\n","protected":false},"author":22,"featured_media":0,"parent":27,"menu_order":0,"comment_status":"closed","ping_status":"closed","template":"","meta":{"footnotes":""},"class_list":["post-45","page","type-page","status-publish","hentry"],"_links":{"self":[{"href":"https:\/\/uenf.br\/projetos\/arvoresdauenf\/wp-json\/wp\/v2\/pages\/45","targetHints":{"allow":["GET"]}}],"collection":[{"href":"https:\/\/uenf.br\/projetos\/arvoresdauenf\/wp-json\/wp\/v2\/pages"}],"about":[{"href":"https:\/\/uenf.br\/projetos\/arvoresdauenf\/wp-json\/wp\/v2\/types\/page"}],"author":[{"embeddable":true,"href":"https:\/\/uenf.br\/projetos\/arvoresdauenf\/wp-json\/wp\/v2\/users\/22"}],"replies":[{"embeddable":true,"href":"https:\/\/uenf.br\/projetos\/arvoresdauenf\/wp-json\/wp\/v2\/comments?post=45"}],"version-history":[{"count":0,"href":"https:\/\/uenf.br\/projetos\/arvoresdauenf\/wp-json\/wp\/v2\/pages\/45\/revisions"}],"up":[{"embeddable":true,"href":"https:\/\/uenf.br\/projetos\/arvoresdauenf\/wp-json\/wp\/v2\/pages\/27"}],"wp:attachment":[{"href":"https:\/\/uenf.br\/projetos\/arvoresdauenf\/wp-json\/wp\/v2\/media?parent=45"}],"curies":[{"name":"wp","href":"https:\/\/api.w.org\/{rel}","templated":true}]}}