{"id":51,"date":"2019-01-11T11:10:03","date_gmt":"2019-01-11T13:10:03","guid":{"rendered":"http:\/\/uenf.br\/projetos\/arvoresdauenf\/?page_id=51"},"modified":"2024-03-27T17:49:39","modified_gmt":"2024-03-27T20:49:39","slug":"ipe-felpudo","status":"publish","type":"page","link":"https:\/\/uenf.br\/projetos\/arvoresdauenf\/especie-2\/ipe-felpudo\/","title":{"rendered":"Ip\u00ea felpudo"},"content":{"rendered":"<h2><em>Zeyheria tuberculosa<\/em> (Vell.) Bureau ex Verl.<\/h2>\n<div id=\"attachment_1502\" style=\"width: 429px\" class=\"wp-caption aligncenter\"><img loading=\"lazy\" decoding=\"async\" aria-describedby=\"caption-attachment-1502\" class=\"wp-image-1502\" src=\"http:\/\/uenf.br\/projetos\/arvoresdauenf\/files\/2020\/07\/IMG_4403.jpg\" alt=\"\" width=\"419\" height=\"558\" srcset=\"https:\/\/uenf.br\/projetos\/arvoresdauenf\/files\/2020\/07\/IMG_4403.jpg 705w, https:\/\/uenf.br\/projetos\/arvoresdauenf\/files\/2020\/07\/IMG_4403-225x300.jpg 225w\" sizes=\"auto, (max-width: 419px) 100vw, 419px\" \/><p id=\"caption-attachment-1502\" class=\"wp-caption-text\">Foto: Yara Pereira<\/p><\/div>\n<div id=\"attachment_1662\" style=\"width: 429px\" class=\"wp-caption aligncenter\"><img loading=\"lazy\" decoding=\"async\" aria-describedby=\"caption-attachment-1662\" class=\"wp-image-1662\" src=\"http:\/\/uenf.br\/projetos\/arvoresdauenf\/files\/2020\/08\/inflorescencia-Ip\u00ea-felpudo-DSC05721-min-300x225.jpg\" alt=\"\" width=\"419\" height=\"314\" srcset=\"https:\/\/uenf.br\/projetos\/arvoresdauenf\/files\/2020\/08\/inflorescencia-Ip\u00ea-felpudo-DSC05721-min-300x225.jpg 300w, https:\/\/uenf.br\/projetos\/arvoresdauenf\/files\/2020\/08\/inflorescencia-Ip\u00ea-felpudo-DSC05721-min-1024x768.jpg 1024w, https:\/\/uenf.br\/projetos\/arvoresdauenf\/files\/2020\/08\/inflorescencia-Ip\u00ea-felpudo-DSC05721-min-768x576.jpg 768w, https:\/\/uenf.br\/projetos\/arvoresdauenf\/files\/2020\/08\/inflorescencia-Ip\u00ea-felpudo-DSC05721-min-1536x1152.jpg 1536w, https:\/\/uenf.br\/projetos\/arvoresdauenf\/files\/2020\/08\/inflorescencia-Ip\u00ea-felpudo-DSC05721-min-2048x1536.jpg 2048w\" sizes=\"auto, (max-width: 419px) 100vw, 419px\" \/><p id=\"caption-attachment-1662\" class=\"wp-caption-text\">Infloresc\u00eancia do ip\u00ea felpudo. Foto: Jos\u00e9 Gabriel Santos Silva.<\/p><\/div>\n<p>&nbsp;<\/p>\n<h3><span style=\"color: #000000\"><strong>Fam\u00edlia: Bignoniaceae<\/strong><\/span><\/h3>\n<h3><span style=\"color: #000000\"><strong>Nomes populares: ip\u00ea felpudo, buxo de boi, culh\u00f5es de bode, ip\u00ea banco, ip\u00ea tabaco<\/strong><\/span><\/h3>\n<h3 id=\"distribuicaoGeografica\" class=\"label\"><span style=\"color: #000000\"><strong>Distribui\u00e7\u00e3o Geogr\u00e1fica<\/strong><\/span><\/h3>\n<h4 id=\"ocorrencia_confirmada\" class=\"label\">Ocorr\u00eancias<\/h4>\n<div id=\"tr-carregaTaxonGrupoDistribuicaoGeograficaCertezaNordeste\" class=\"distribuicaoGeograficaCertezaNordeste\">\n<ul>\n<li><b>Nordeste<\/b>\u00a0(Alagoas, Bahia, Cear\u00e1, Maranh\u00e3o, Para\u00edba, Pernambuco, Piau\u00ed, Rio Grande do Norte, Sergipe)<\/li>\n<li><b>Sudeste<\/b>\u00a0(Esp\u00edrito Santo, Minas Gerais, Rio de Janeiro, S\u00e3o Paulo)<\/li>\n<\/ul>\n<\/div>\n<h3 id=\"tr-carregaTaxonGrupoDistribuicaoGeograficaCertezaSudeste\" class=\"distribuicaoGeograficaCertezaSudeste\"><strong style=\"color: #000000\">Dom\u00ednios Fitogeogr\u00e1ficos\u00a0<\/strong><\/h3>\n<div class=\"tabelamapa\">\n<div id=\"tr-carregaTaxonGrupoDominiosFitogeograficos\" class=\"dominiosFitogeograficos\">\n<ul>\n<li id=\"idFieldDominiosFitogeograficos\" class=\"field\">Caatinga, Cerrado, Mata Atl\u00e2ntica<\/li>\n<\/ul>\n<div>\n<div class=\"tipoVegetacao\">\n<div><img loading=\"lazy\" decoding=\"async\" class=\" wp-image-1663 aligncenter\" src=\"http:\/\/uenf.br\/projetos\/arvoresdauenf\/files\/2020\/08\/mapa-ip\u00ea-felpudo-300x281.jpg\" alt=\"\" width=\"335\" height=\"314\" srcset=\"https:\/\/uenf.br\/projetos\/arvoresdauenf\/files\/2020\/08\/mapa-ip\u00ea-felpudo-300x281.jpg 300w, https:\/\/uenf.br\/projetos\/arvoresdauenf\/files\/2020\/08\/mapa-ip\u00ea-felpudo.jpg 709w\" sizes=\"auto, (max-width: 335px) 100vw, 335px\" \/><\/div>\n<\/div>\n<div id=\"tr-carregaTaxonGrupoTipoVegetacao\" class=\"tipoVegetacao\">\n<div id=\"idFieldTiposVegetacao\" class=\"field\"><\/div>\n<\/div>\n<\/div>\n<div>Fonte: Flora do Brasil, 2020 (<a href=\"http:\/\/reflora.jbrj.gov.br\/reflora\/listaBrasil\/FichaPublicaTaxonUC\/FichaPublicaTaxonUC.do?id=FB114468\">clique aqui<\/a>)<\/div>\n<h3>Curiosidades:<\/h3>\n<ul>\n<li>\n<div id=\"contentEXL\" class=\"EXLContent EXLBriefDisplay\">\n<div class=\"EXLResultsList\">\n<ul>\n<li>\n<p class=\"EXLResultFourthLine\">Extratos etan\u00e9licos e em hexano de folhas de ip\u00ea felpudo apresentam atividade antimicrobiana, controlando <em>Staphylococcus aureus<\/em>. (<a href=\"https:\/\/doaj.org\/article\/e820c102520f42f2b8cfe582e8614369\">clique aqui<\/a>)<\/p>\n<div id=\"contentEXL\" class=\"EXLContent EXLBriefDisplay\">\n<div id=\"exlidResultsContainer\" class=\"EXLResultsContainer\"><\/div>\n<\/div>\n<\/li>\n<\/ul>\n<\/div>\n<\/div>\n<\/li>\n<\/ul>\n<p><strong>Pesquisas na UENF:<\/strong><\/p>\n<ul>\n<li>Fenologia:<\/li>\n<\/ul>\n<p>Coordenadora: Prof. \u00c2ngela Pierre Vit\u00f3ria (LCA)<\/p>\n<p>Equipe: Ramon Rodrigues Pereira, Lauryn Rodrigues Pereira, Amanda L\u00facia Pereira Machado da Silva, Douglas Rodrigues Ribeiro<\/p>\n<p>A determina\u00e7\u00e3o das fenofases foi realizada por an\u00e1lise visual mensal, sempre no in\u00edcio da segunda quinzena de cada m\u00eas. Para tanto, a copa da \u00e1rvore foi repartida em quadrantes, para facilitar a qualifica\u00e7\u00e3o e quantifica\u00e7\u00e3o. Foram avaliados 10 indiv\u00edduos adultos. A esp\u00e9cie mostra-se dec\u00eddua (cobertura da copa apresenta-se abaixo de 80% em alguns per\u00edodos do ano).<\/p>\n<p><img loading=\"lazy\" decoding=\"async\" class=\" wp-image-794 aligncenter\" src=\"http:\/\/uenf.br\/projetos\/arvoresdauenf\/files\/2019\/09\/grafico-ipe-felpudo.jpg\" alt=\"\" width=\"696\" height=\"366\" srcset=\"https:\/\/uenf.br\/projetos\/arvoresdauenf\/files\/2019\/09\/grafico-ipe-felpudo.jpg 983w, https:\/\/uenf.br\/projetos\/arvoresdauenf\/files\/2019\/09\/grafico-ipe-felpudo-300x158.jpg 300w, https:\/\/uenf.br\/projetos\/arvoresdauenf\/files\/2019\/09\/grafico-ipe-felpudo-768x404.jpg 768w, https:\/\/uenf.br\/projetos\/arvoresdauenf\/files\/2019\/09\/grafico-ipe-felpudo-150x79.jpg 150w, https:\/\/uenf.br\/projetos\/arvoresdauenf\/files\/2019\/09\/grafico-ipe-felpudo-400x210.jpg 400w\" sizes=\"auto, (max-width: 696px) 100vw, 696px\" \/><\/p>\n<\/div>\n<\/div>\n","protected":false},"excerpt":{"rendered":"<p>Zeyheria tuberculosa (Vell.) Bureau ex Verl. &nbsp; Fam\u00edlia: Bignoniaceae Nomes populares: ip\u00ea felpudo, buxo de boi, culh\u00f5es de bode, ip\u00ea&#8230;<\/p>\n","protected":false},"author":22,"featured_media":0,"parent":27,"menu_order":0,"comment_status":"closed","ping_status":"closed","template":"","meta":{"footnotes":""},"class_list":["post-51","page","type-page","status-publish","hentry"],"_links":{"self":[{"href":"https:\/\/uenf.br\/projetos\/arvoresdauenf\/wp-json\/wp\/v2\/pages\/51","targetHints":{"allow":["GET"]}}],"collection":[{"href":"https:\/\/uenf.br\/projetos\/arvoresdauenf\/wp-json\/wp\/v2\/pages"}],"about":[{"href":"https:\/\/uenf.br\/projetos\/arvoresdauenf\/wp-json\/wp\/v2\/types\/page"}],"author":[{"embeddable":true,"href":"https:\/\/uenf.br\/projetos\/arvoresdauenf\/wp-json\/wp\/v2\/users\/22"}],"replies":[{"embeddable":true,"href":"https:\/\/uenf.br\/projetos\/arvoresdauenf\/wp-json\/wp\/v2\/comments?post=51"}],"version-history":[{"count":0,"href":"https:\/\/uenf.br\/projetos\/arvoresdauenf\/wp-json\/wp\/v2\/pages\/51\/revisions"}],"up":[{"embeddable":true,"href":"https:\/\/uenf.br\/projetos\/arvoresdauenf\/wp-json\/wp\/v2\/pages\/27"}],"wp:attachment":[{"href":"https:\/\/uenf.br\/projetos\/arvoresdauenf\/wp-json\/wp\/v2\/media?parent=51"}],"curies":[{"name":"wp","href":"https:\/\/api.w.org\/{rel}","templated":true}]}}