{"id":53,"date":"2018-12-12T13:52:25","date_gmt":"2018-12-12T15:52:25","guid":{"rendered":"http:\/\/uenf.br\/projetos\/arvoresdauenf\/?page_id=53"},"modified":"2023-03-20T12:32:24","modified_gmt":"2023-03-20T15:32:24","slug":"paineira-rosa","status":"publish","type":"page","link":"https:\/\/uenf.br\/projetos\/arvoresdauenf\/especie-2\/paineira-rosa\/","title":{"rendered":"Paineira"},"content":{"rendered":"<h2><em>Ceiba speciosa<\/em> (St.-Hill.) Ravenna<\/h2>\n<p>&nbsp;<\/p>\n<div id=\"attachment_341\" style=\"width: 457px\" class=\"wp-caption aligncenter\"><img loading=\"lazy\" decoding=\"async\" aria-describedby=\"caption-attachment-341\" class=\"wp-image-341\" src=\"http:\/\/uenf.br\/projetos\/arvoresdauenf\/files\/2019\/03\/20190325_110347.jpg\" alt=\"\" width=\"447\" height=\"217\" \/><p id=\"caption-attachment-341\" class=\"wp-caption-text\">Foto: Janie Mendes Jasmim<\/p><\/div>\n<div id=\"attachment_2380\" style=\"width: 460px\" class=\"wp-caption aligncenter\"><a href=\"https:\/\/uenf.br\/projetos\/arvoresdauenf\/files\/2023\/03\/20230318_101634.jpg\"><img loading=\"lazy\" decoding=\"async\" aria-describedby=\"caption-attachment-2380\" class=\"wp-image-2380\" src=\"https:\/\/uenf.br\/projetos\/arvoresdauenf\/files\/2023\/03\/20230318_101634-1024x577.jpg\" alt=\"\" width=\"450\" height=\"798\" \/><\/a><p id=\"caption-attachment-2380\" class=\"wp-caption-text\">Foto: Deborah Barroso<\/p><\/div>\n<div id=\"attachment_2381\" style=\"width: 459px\" class=\"wp-caption aligncenter\"><a href=\"https:\/\/uenf.br\/projetos\/arvoresdauenf\/files\/2023\/03\/20230318_101614.jpg\"><img loading=\"lazy\" decoding=\"async\" aria-describedby=\"caption-attachment-2381\" class=\"wp-image-2381\" src=\"https:\/\/uenf.br\/projetos\/arvoresdauenf\/files\/2023\/03\/20230318_101614-1024x577.jpg\" alt=\"\" width=\"449\" height=\"797\" \/><\/a><p id=\"caption-attachment-2381\" class=\"wp-caption-text\">Foto: Deborah Barroso<\/p><\/div>\n<div id=\"attachment_2382\" style=\"width: 465px\" class=\"wp-caption aligncenter\"><a href=\"https:\/\/uenf.br\/projetos\/arvoresdauenf\/files\/2023\/03\/IMG-20230320-WA0037.jpg\"><img loading=\"lazy\" decoding=\"async\" aria-describedby=\"caption-attachment-2382\" class=\"wp-image-2382\" src=\"https:\/\/uenf.br\/projetos\/arvoresdauenf\/files\/2023\/03\/IMG-20230320-WA0037-768x1024.jpg\" alt=\"\" width=\"455\" height=\"607\" srcset=\"https:\/\/uenf.br\/projetos\/arvoresdauenf\/files\/2023\/03\/IMG-20230320-WA0037-768x1024.jpg 768w, https:\/\/uenf.br\/projetos\/arvoresdauenf\/files\/2023\/03\/IMG-20230320-WA0037-225x300.jpg 225w, https:\/\/uenf.br\/projetos\/arvoresdauenf\/files\/2023\/03\/IMG-20230320-WA0037-1152x1536.jpg 1152w, https:\/\/uenf.br\/projetos\/arvoresdauenf\/files\/2023\/03\/IMG-20230320-WA0037.jpg 1200w\" sizes=\"auto, (max-width: 455px) 100vw, 455px\" \/><\/a><p id=\"caption-attachment-2382\" class=\"wp-caption-text\">Foto: Louyse Carvalho<\/p><\/div>\n<p>&nbsp;<\/p>\n<div>\n<h3><strong><span style=\"color: #000000\">Fam\u00edlia: Malvaceae<\/span><\/strong><\/h3>\n<h3><strong><span style=\"color: #000000\">Nome popular: paineira, paineira rosa<\/span><\/strong><\/h3>\n<h3>Origem: nativa das\u00a0florestas\u00a0brasileiras e da\u00a0Bol\u00edvia<\/h3>\n<h3 id=\"distribuicaoGeografica\" class=\"label\"><strong>Distribui\u00e7\u00e3o Geogr\u00e1fica<\/strong><\/h3>\n<div class=\"tabelamapa\">\n<h4 id=\"ocorrencia_confirmada\" class=\"label\"><strong>Ocorr\u00eancias:<\/strong><\/h4>\n<div id=\"tr-carregaTaxonGrupoDistribuicaoGeograficaCertezaNordeste\" class=\"distribuicaoGeograficaCertezaNordeste\">\n<div id=\"idFieldCertezaNordeste\" class=\"field\">\n<ul>\n<li><b> <\/b><b>Norte <\/b>(Par\u00e1)<\/li>\n<li><b>Nordeste<\/b>\u00a0(Bahia)<\/li>\n<li><b>\u00a0Centro-Oeste<\/b>\u00a0(Mato Grosso do Sul, Mato Grosso)<\/li>\n<li><b>Sudeste<\/b> (Esp\u00edrito Santo, Minas Gerais, Rio de Janeiro, S\u00e3o Paulo)<\/li>\n<li><b>Sul<\/b>\u00a0(Paran\u00e1, Rio Grande do Sul, Santa Catarina)<\/li>\n<\/ul>\n<h3 id=\"tr-carregaTaxonGrupoDistribuicaoGeograficaCertezaSul\" class=\"distribuicaoGeograficaCertezaSul\"><strong>Dom\u00ednios Fitogeogr\u00e1ficos<\/strong><\/h3>\n<\/div>\n<\/div>\n<div>\n<div class=\"dominiosFitogeograficos\">\n<ul>\n<li class=\"label\">Amaz\u00f4nia, Caatinga, Cerrado, Mata Atl\u00e2ntica<\/li>\n<\/ul>\n<p><img loading=\"lazy\" decoding=\"async\" class=\"size-full wp-image-1786 aligncenter\" src=\"http:\/\/uenf.br\/projetos\/arvoresdauenf\/files\/2020\/08\/paineira-min.jpg\" alt=\"\" width=\"367\" height=\"367\" srcset=\"https:\/\/uenf.br\/projetos\/arvoresdauenf\/files\/2020\/08\/paineira-min.jpg 367w, https:\/\/uenf.br\/projetos\/arvoresdauenf\/files\/2020\/08\/paineira-min-300x300.jpg 300w, https:\/\/uenf.br\/projetos\/arvoresdauenf\/files\/2020\/08\/paineira-min-150x150.jpg 150w\" sizes=\"auto, (max-width: 367px) 100vw, 367px\" \/><\/p>\n<\/div>\n<\/div>\n<\/div>\n<\/div>\n<div class=\"tabelamapa\">\n<div id=\"tr-carregaTaxonGrupoTipoVegetacao\" class=\"tipoVegetacao\">\n<div><\/div>\n<div>Fonte: Flora do Brasil, 2020 (<a href=\"http:\/\/reflora.jbrj.gov.br\/reflora\/listaBrasil\/ConsultaPublicaUC\/BemVindoConsultaPublicaConsultar.do?invalidatePageControlCounter=1&amp;idsFilhosAlgas=%5B2%5D&amp;idsFilhosFungos=%5B1%2C11%2C10%5D&amp;lingua=&amp;grupo=5&amp;genero=Ceiba&amp;especie=speciosa&amp;autor=&amp;nomeVernaculo=&amp;nomeCompleto=&amp;formaVida=null&amp;substrato=null&amp;ocorreBrasil=QUALQUER&amp;ocorrencia=OCORRE&amp;endemismo=TODOS&amp;origem=TODOS&amp;regiao=QUALQUER&amp;estado=QUALQUER&amp;ilhaOceanica=32767&amp;domFitogeograficos=QUALQUER&amp;bacia=QUALQUER&amp;vegetacao=TODOS&amp;mostrarAte=SUBESP_VAR&amp;opcoesBusca=TODOS_OS_NOMES&amp;loginUsuario=Visitante&amp;senhaUsuario=&amp;contexto=consulta-publica\">clique aqui<\/a>)<\/div>\n<div><\/div>\n<\/div>\n<\/div>\n<div id=\"attachment_314\" style=\"width: 366px\" class=\"wp-caption aligncenter\"><img loading=\"lazy\" decoding=\"async\" aria-describedby=\"caption-attachment-314\" class=\"wp-image-314\" src=\"http:\/\/uenf.br\/projetos\/arvoresdauenf\/files\/2019\/02\/tronco-UTAD.png\" alt=\"\" width=\"356\" height=\"475\" \/><p id=\"caption-attachment-314\" class=\"wp-caption-text\"><a href=\"https:\/\/jb.utad.pt\/especie\/Ceiba_speciosa\"> \u00a0https:\/\/jb.utad.pt\/especie\/Ceiba_speciosa<\/a><\/p><\/div>\n<div>\n<div id=\"attachment_1784\" style=\"width: 369px\" class=\"wp-caption aligncenter\"><img loading=\"lazy\" decoding=\"async\" aria-describedby=\"caption-attachment-1784\" class=\"wp-image-1784 \" src=\"http:\/\/uenf.br\/projetos\/arvoresdauenf\/files\/2020\/08\/DSC05820-min-1024x768.jpg\" alt=\"\" width=\"359\" height=\"269\" srcset=\"https:\/\/uenf.br\/projetos\/arvoresdauenf\/files\/2020\/08\/DSC05820-min-1024x768.jpg 1024w, https:\/\/uenf.br\/projetos\/arvoresdauenf\/files\/2020\/08\/DSC05820-min-300x225.jpg 300w, https:\/\/uenf.br\/projetos\/arvoresdauenf\/files\/2020\/08\/DSC05820-min-768x576.jpg 768w, https:\/\/uenf.br\/projetos\/arvoresdauenf\/files\/2020\/08\/DSC05820-min-1536x1152.jpg 1536w, https:\/\/uenf.br\/projetos\/arvoresdauenf\/files\/2020\/08\/DSC05820-min-2048x1536.jpg 2048w\" sizes=\"auto, (max-width: 359px) 100vw, 359px\" \/><p id=\"caption-attachment-1784\" class=\"wp-caption-text\">Foto: Jos\u00e9 Gabriel de Souza Silva<\/p><\/div>\n<\/div>\n<div class=\"tabelamapa\">\n<div id=\"tr-carregaTaxonGrupoTipoVegetacao\" class=\"tipoVegetacao\">\n<div><\/div>\n<\/div>\n<h3>Curiosidades:<\/h3>\n<ul>\n<li>A paina \u00e9 uma fibra fina e sedosa, mas pouco resistente, n\u00e3o sendo muito aproveitada na confec\u00e7\u00e3o de tecidos, mas sim como preenchimento de travesseiros e brinquedos de pel\u00facia (<a href=\"https:\/\/pt.wikipedia.org\/wiki\/Paineira\">clique aqui<\/a>)<\/li>\n<li>Sua paina \u00e9\u00a0indicada para a remedia\u00e7\u00e3o tamb\u00e9m em corpos h\u00eddricos, em fun\u00e7\u00e3o de sua elevada capacidade de sor\u00e7\u00e3o de \u00f3leo cru (aproximadamente 85 e 94 g \u00f3leo\/g paina em 1 e em 7 dias, respectivamente), baixa sor\u00e7\u00e3o de \u00e1gua e excelente hidrofobicidade (approximadamente 98%) e flutuabilidade (100%) &#8211; <a href=\"http:\/\/www.portalabpg.org.br\/PDPetro\/3\/trabalhos\/IBP0185_05.pdf\">clique aqui<\/a>.<\/li>\n<li><em>Ceiba speciosa<\/em> \u00e9 considerada uma esp\u00e9cies com plasticidade e tolerante ao estresse causado por polui\u00e7\u00e3o urbana (<a href=\"https:\/\/www.sciencedirect.com\/science\/article\/pii\/S1125786518301383\">clique aqui<\/a>).<\/li>\n<\/ul>\n<p><strong>Pesquisas na UENF:<\/strong><\/p>\n<ul>\n<li>Fenologia:<\/li>\n<\/ul>\n<p>Coordenadora: Prof. \u00c2ngela Pierre Vit\u00f3ria (LCA)<\/p>\n<p>Equipe: Ramon Rodrigues Pereira, Lauryn Rodrigues Pereira, Amanda L\u00facia Pereira Machado da Silva, Douglas Rodrigues Ribeiro<\/p>\n<div>\n<p>A determina\u00e7\u00e3o das fenofases foi realizada por an\u00e1lise visual mensal, sempre no in\u00edcio da segunda quinzena de cada m\u00eas. Para tanto, a copa da \u00e1rvore foi repartida em quadrantes, para facilitar a qualifica\u00e7\u00e3o e quantifica\u00e7\u00e3o. Foram avaliados 10 indiv\u00edduos adultos. A esp\u00e9cie mostra-se dec\u00eddua (cobertura da copa apresenta-se abaixo de 80%\u00a0 no ano).<\/p>\n<\/div>\n<h3><img loading=\"lazy\" decoding=\"async\" class=\"size-large wp-image-751 aligncenter\" src=\"http:\/\/uenf.br\/projetos\/arvoresdauenf\/files\/2019\/08\/grafico-paineira-1024x526.jpg\" alt=\"\" width=\"640\" height=\"329\" srcset=\"https:\/\/uenf.br\/projetos\/arvoresdauenf\/files\/2019\/08\/grafico-paineira-1024x526.jpg 1024w, https:\/\/uenf.br\/projetos\/arvoresdauenf\/files\/2019\/08\/grafico-paineira-300x154.jpg 300w, https:\/\/uenf.br\/projetos\/arvoresdauenf\/files\/2019\/08\/grafico-paineira-768x395.jpg 768w, https:\/\/uenf.br\/projetos\/arvoresdauenf\/files\/2019\/08\/grafico-paineira-150x77.jpg 150w, https:\/\/uenf.br\/projetos\/arvoresdauenf\/files\/2019\/08\/grafico-paineira-400x206.jpg 400w, https:\/\/uenf.br\/projetos\/arvoresdauenf\/files\/2019\/08\/grafico-paineira.jpg 1027w\" sizes=\"auto, (max-width: 640px) 100vw, 640px\" \/><\/h3>\n<\/div>\n","protected":false},"excerpt":{"rendered":"<p>Ceiba speciosa (St.-Hill.) Ravenna &nbsp; &nbsp; Fam\u00edlia: Malvaceae Nome popular: paineira, paineira rosa Origem: nativa das\u00a0florestas\u00a0brasileiras e da\u00a0Bol\u00edvia Distribui\u00e7\u00e3o Geogr\u00e1fica&#8230;<\/p>\n","protected":false},"author":22,"featured_media":0,"parent":27,"menu_order":0,"comment_status":"closed","ping_status":"closed","template":"","meta":{"footnotes":""},"class_list":["post-53","page","type-page","status-publish","hentry"],"_links":{"self":[{"href":"https:\/\/uenf.br\/projetos\/arvoresdauenf\/wp-json\/wp\/v2\/pages\/53","targetHints":{"allow":["GET"]}}],"collection":[{"href":"https:\/\/uenf.br\/projetos\/arvoresdauenf\/wp-json\/wp\/v2\/pages"}],"about":[{"href":"https:\/\/uenf.br\/projetos\/arvoresdauenf\/wp-json\/wp\/v2\/types\/page"}],"author":[{"embeddable":true,"href":"https:\/\/uenf.br\/projetos\/arvoresdauenf\/wp-json\/wp\/v2\/users\/22"}],"replies":[{"embeddable":true,"href":"https:\/\/uenf.br\/projetos\/arvoresdauenf\/wp-json\/wp\/v2\/comments?post=53"}],"version-history":[{"count":0,"href":"https:\/\/uenf.br\/projetos\/arvoresdauenf\/wp-json\/wp\/v2\/pages\/53\/revisions"}],"up":[{"embeddable":true,"href":"https:\/\/uenf.br\/projetos\/arvoresdauenf\/wp-json\/wp\/v2\/pages\/27"}],"wp:attachment":[{"href":"https:\/\/uenf.br\/projetos\/arvoresdauenf\/wp-json\/wp\/v2\/media?parent=53"}],"curies":[{"name":"wp","href":"https:\/\/api.w.org\/{rel}","templated":true}]}}