{"id":559,"date":"2019-06-15T21:17:33","date_gmt":"2019-06-16T00:17:33","guid":{"rendered":"http:\/\/uenf.br\/projetos\/arvoresdauenf\/?page_id=559"},"modified":"2022-06-08T19:09:56","modified_gmt":"2022-06-08T22:09:56","slug":"canafistula","status":"publish","type":"page","link":"https:\/\/uenf.br\/projetos\/arvoresdauenf\/especie-2\/canafistula\/","title":{"rendered":"Canaf\u00edstula"},"content":{"rendered":"<h2 class=\"taxon\"><strong><i>Peltophorum dubium <\/i>(Spreng.) Taub<\/strong><\/h2>\n<div id=\"attachment_1744\" style=\"width: 405px\" class=\"wp-caption aligncenter\"><img loading=\"lazy\" decoding=\"async\" aria-describedby=\"caption-attachment-1744\" class=\"wp-image-1744\" src=\"http:\/\/uenf.br\/projetos\/arvoresdauenf\/files\/2020\/08\/250px-\u05ea\u05de\u05d5\u05e0\u05d4_1014-min.jpg\" alt=\"\" width=\"395\" height=\"297\" \/><p id=\"caption-attachment-1744\" class=\"wp-caption-text\">Fonte: https:\/\/pt.wikipedia.org\/wiki\/Peltophorum_dubium<\/p><\/div>\n<p>&nbsp;<\/p>\n<p style=\"text-align: left\"><strong>Fam\u00edlia: \u00a0Fabaceae<\/strong><\/p>\n<h3><strong>Nomes populares: Angico-amarelo, Farinha-seca, Faveira, Guarucaia, Ibir\u00e1-puit\u00e1, Sobrasil, Tamboril-bravo<\/strong><\/h3>\n<h3><strong>Origem: \u00a0Am\u00e9rica do Sul<\/strong><\/h3>\n<h3 id=\"distribuicaoGeografica\" class=\"label\"><strong>Distribui\u00e7\u00e3o Geogr\u00e1fica<\/strong><\/h3>\n<div class=\"tabelamapa\">\n<h4 id=\"ocorrencia_confirmada\" class=\"label\">Ocorr\u00eancias:<\/h4>\n<div id=\"tr-carregaTaxonGrupoDistribuicaoGeograficaCertezaNordeste\" class=\"distribuicaoGeograficaCertezaNordeste\">\n<ul>\n<li id=\"idFieldCertezaNordeste\" class=\"field\"><b>Nordeste<\/b> (Alagoas, Bahia, Para\u00edba, Pernambuco, Sergipe)<\/li>\n<li class=\"field\"><b>Centro-Oeste<\/b> (Distrito Federal, Mato Grosso do Sul)<\/li>\n<li class=\"field\"><b>Sudeste<\/b> (Esp\u00edrito Santo, Minas Gerais, Rio de Janeiro, S\u00e3o Paulo)<\/li>\n<li class=\"field\"><b>Sul<\/b>\u00a0(Paran\u00e1, Rio Grande do Sul, Santa Catarina)<\/li>\n<\/ul>\n<h3 class=\"field\" style=\"text-align: left\">Dom\u00ednios Fitogeogr\u00e1ficos<\/h3>\n<ul>\n<li>Caatinga, Cerrado, Mata Atl\u00e2ntica, Pantanal<\/li>\n<\/ul>\n<p><img loading=\"lazy\" decoding=\"async\" class=\"size-full wp-image-602 aligncenter\" src=\"http:\/\/uenf.br\/projetos\/arvoresdauenf\/files\/2019\/06\/canafistula.png\" alt=\"\" width=\"441\" height=\"404\" \/><\/p>\n<p>Fonte: Flora do Brasil, 2020 (<a href=\"http:\/\/www.floradobrasil.jbrj.gov.br\/reflora\/listaBrasil\/ConsultaPublicaUC\/BemVindoConsultaPublicaConsultar.do?invalidatePageControlCounter=9&amp;idsFilhosAlgas=%5B2%5D&amp;idsFilhosFungos=%5B1%2C10%2C11%5D&amp;lingua=&amp;grupo=5&amp;familia=null&amp;genero=&amp;especie=&amp;autor=&amp;nomeVernaculo=&amp;nomeCompleto=Peltophorum+dubium&amp;formaVida=null&amp;substrato=null&amp;ocorreBrasil=QUALQUER&amp;ocorrencia=OCORRE&amp;endemismo=TODOS&amp;origem=TODOS&amp;regiao=QUALQUER&amp;estado=QUALQUER&amp;ilhaOceanica=32767&amp;domFitogeograficos=QUALQUER&amp;bacia=QUALQUER&amp;vegetacao=TODOS&amp;mostrarAte=SUBESP_VAR&amp;opcoesBusca=TODOS_OS_NOMES&amp;loginUsuario=Visitante&amp;senhaUsuario=&amp;contexto=consulta-publica\">clique aqui<\/a>)<\/p>\n<h3>Curiosidades:<\/h3>\n<ul>\n<li>A madeira, moderadamente pesada, dura e resistente, \u00e9 utilizada na constru\u00e7\u00e3o civil para arma\u00e7\u00e3o, vigamento, caibramento e assoalho, na marcenaria, mobili\u00e1rio, tornearia, confec\u00e7\u00e3o carrocerias e como dormentes. Da madeira, reduzida a p\u00f3, extra-se uma tinta vermelha usada como corante. Al\u00e9m de ser bastante utilizada em aulas de Viveiros florestais atrav\u00e9s das sementes por quebra de dorm\u00eancia, trazendo sempre novos resumos expandidos e artigos cient\u00edficos (<a href=\"https:\/\/pt.wikipedia.org\/wiki\/Peltophorum_dubium\">clique aqui<\/a>)<\/li>\n<li>Ecologicamente \u00e9 considerada uma importante \u00e1rvore oportunista, que se beneficia de clareiras, sendo por este motivo utilizada em recupera\u00e7\u00e3o de \u00e1reas degradadas (<a href=\"https:\/\/www.jardineiro.net\/plantas\/canafistula-peltophorum-dubium.html\">clique aqui<\/a>)<\/li>\n<li>\u00a0Ocorre preferencialmente em solos argilosos, \u00famidos e profundos de beira de rios, tanto na floresta prim\u00e1ria densa como em forma\u00e7\u00f5es secund\u00e1rias<\/li>\n<li>A canaf\u00edstula \u00e9 uma excelente op\u00e7\u00e3o para o paisagismo urbano ou rural. Ela produz sombra fresca no ver\u00e3o e perde parte ou todas as folhas no inverno<\/li>\n<li>As flores s\u00e3o mel\u00edferas com produ\u00e7\u00e3o de n\u00e9ctar, mas comenta-se que seriam nocivas \u00e1s abelhas \u00a0(<a href=\"https:\/\/sites.unicentro.br\/wp\/manejoflorestal\/6019-2\/\">clique aqui<\/a>)<\/li>\n<\/ul>\n<\/div>\n<\/div>\n","protected":false},"excerpt":{"rendered":"<p>Peltophorum dubium (Spreng.) Taub &nbsp; Fam\u00edlia: \u00a0Fabaceae Nomes populares: Angico-amarelo, Farinha-seca, Faveira, Guarucaia, Ibir\u00e1-puit\u00e1, Sobrasil, Tamboril-bravo Origem: \u00a0Am\u00e9rica do Sul&#8230;<\/p>\n","protected":false},"author":24,"featured_media":0,"parent":27,"menu_order":0,"comment_status":"closed","ping_status":"closed","template":"","meta":{"footnotes":""},"class_list":["post-559","page","type-page","status-publish","hentry"],"_links":{"self":[{"href":"https:\/\/uenf.br\/projetos\/arvoresdauenf\/wp-json\/wp\/v2\/pages\/559","targetHints":{"allow":["GET"]}}],"collection":[{"href":"https:\/\/uenf.br\/projetos\/arvoresdauenf\/wp-json\/wp\/v2\/pages"}],"about":[{"href":"https:\/\/uenf.br\/projetos\/arvoresdauenf\/wp-json\/wp\/v2\/types\/page"}],"author":[{"embeddable":true,"href":"https:\/\/uenf.br\/projetos\/arvoresdauenf\/wp-json\/wp\/v2\/users\/24"}],"replies":[{"embeddable":true,"href":"https:\/\/uenf.br\/projetos\/arvoresdauenf\/wp-json\/wp\/v2\/comments?post=559"}],"version-history":[{"count":0,"href":"https:\/\/uenf.br\/projetos\/arvoresdauenf\/wp-json\/wp\/v2\/pages\/559\/revisions"}],"up":[{"embeddable":true,"href":"https:\/\/uenf.br\/projetos\/arvoresdauenf\/wp-json\/wp\/v2\/pages\/27"}],"wp:attachment":[{"href":"https:\/\/uenf.br\/projetos\/arvoresdauenf\/wp-json\/wp\/v2\/media?parent=559"}],"curies":[{"name":"wp","href":"https:\/\/api.w.org\/{rel}","templated":true}]}}