{"id":57,"date":"2018-12-12T13:52:51","date_gmt":"2018-12-12T15:52:51","guid":{"rendered":"http:\/\/uenf.br\/projetos\/arvoresdauenf\/?page_id=57"},"modified":"2024-03-25T15:43:55","modified_gmt":"2024-03-25T18:43:55","slug":"abiu-roxo","status":"publish","type":"page","link":"https:\/\/uenf.br\/projetos\/arvoresdauenf\/especie-2\/abiu-roxo\/","title":{"rendered":"Abiu Roxo"},"content":{"rendered":"<h2><em>Chrysophyllum cainito<\/em> L.<\/h2>\n<h3><span style=\"color: #000000\"><strong>Fam\u00edlia: Sapotaceae<\/strong><\/span><\/h3>\n<div>\n<h3><span style=\"color: #000000\"><strong>Nomes populares: abiu roxo, caimitillo, abiu do par\u00e1<\/strong><\/span><\/h3>\n<h3 id=\"distribuicaoGeografica\" class=\"label\">Origem: Antilhas e Am\u00e9rica Central<\/h3>\n<p>Esta \u00e1rvore t\u00e3o linda, cujas folhas se destacam sob o sol, possui frutos saborosos e suculentos, quase crocantes, que podem ser consumidos ao natural ou em sucos, geleias, sorvetes e compotas. Podem ser apreciadas no <em>campus<\/em> Leonel Brizola, na Villa Maria e no Yatch Clube Lagoa de Cima.<\/p>\n<\/div>\n<p><img loading=\"lazy\" decoding=\"async\" class=\" wp-image-1492 aligncenter\" src=\"http:\/\/uenf.br\/projetos\/arvoresdauenf\/files\/2020\/07\/abiu-1024x913.jpg\" alt=\"\" width=\"596\" height=\"532\" srcset=\"https:\/\/uenf.br\/projetos\/arvoresdauenf\/files\/2020\/07\/abiu-1024x913.jpg 1024w, https:\/\/uenf.br\/projetos\/arvoresdauenf\/files\/2020\/07\/abiu-300x268.jpg 300w, https:\/\/uenf.br\/projetos\/arvoresdauenf\/files\/2020\/07\/abiu-768x685.jpg 768w, https:\/\/uenf.br\/projetos\/arvoresdauenf\/files\/2020\/07\/abiu-1536x1370.jpg 1536w, https:\/\/uenf.br\/projetos\/arvoresdauenf\/files\/2020\/07\/abiu-2048x1827.jpg 2048w\" sizes=\"auto, (max-width: 596px) 100vw, 596px\" \/><\/p>\n<div id=\"attachment_1495\" style=\"width: 605px\" class=\"wp-caption aligncenter\"><img loading=\"lazy\" decoding=\"async\" aria-describedby=\"caption-attachment-1495\" class=\"wp-image-1495\" src=\"http:\/\/uenf.br\/projetos\/arvoresdauenf\/files\/2020\/07\/IMG_4420-1-1024x768.jpg\" alt=\"\" width=\"595\" height=\"446\" srcset=\"https:\/\/uenf.br\/projetos\/arvoresdauenf\/files\/2020\/07\/IMG_4420-1-1024x768.jpg 1024w, https:\/\/uenf.br\/projetos\/arvoresdauenf\/files\/2020\/07\/IMG_4420-1-300x225.jpg 300w, https:\/\/uenf.br\/projetos\/arvoresdauenf\/files\/2020\/07\/IMG_4420-1-768x576.jpg 768w, https:\/\/uenf.br\/projetos\/arvoresdauenf\/files\/2020\/07\/IMG_4420-1-1536x1152.jpg 1536w, https:\/\/uenf.br\/projetos\/arvoresdauenf\/files\/2020\/07\/IMG_4420-1-2048x1536.jpg 2048w\" sizes=\"auto, (max-width: 595px) 100vw, 595px\" \/><p id=\"caption-attachment-1495\" class=\"wp-caption-text\">Fotos: Christian Ribeiro e Yara Pereira<\/p><\/div>\n<p style=\"text-align: center\"><img loading=\"lazy\" decoding=\"async\" class=\" wp-image-1721 aligncenter\" src=\"http:\/\/uenf.br\/projetos\/arvoresdauenf\/files\/2020\/08\/abiu-roxo-min.jpg\" alt=\"\" width=\"465\" height=\"306\" srcset=\"https:\/\/uenf.br\/projetos\/arvoresdauenf\/files\/2020\/08\/abiu-roxo-min.jpg 320w, https:\/\/uenf.br\/projetos\/arvoresdauenf\/files\/2020\/08\/abiu-roxo-min-300x198.jpg 300w\" sizes=\"auto, (max-width: 465px) 100vw, 465px\" \/> Frutos de abiu roxo (<a href=\"http:\/\/curiosidadesvegetais.blogspot.com\/2018\/07\/o-abiu.html\">clique aqui<\/a>)<\/p>\n<p>&nbsp;<\/p>\n<h3 id=\"distribuicaoGeografica\" class=\"label\"><strong>Distribui\u00e7\u00e3o Geogr\u00e1fica<\/strong><\/h3>\n<div class=\"tabelamapa\">\n<div id=\"ocorrencia_confirmada\" class=\"label\"><strong>Ocorr\u00eancias:<\/strong><\/div>\n<ul>\n<li><b>Norte<\/b> (Par\u00e1)<\/li>\n<li><b>Nordeste<\/b> (Alagoas, Bahia, Sergipe)<\/li>\n<li><b>Sudeste<\/b>\u00a0(Esp\u00edrito Santo, Minas Gerais, Rio de Janeiro, S\u00e3o Paulo)<\/li>\n<li><b>Sul<\/b> (Paran\u00e1)<\/li>\n<\/ul>\n<p><img loading=\"lazy\" decoding=\"async\" class=\" wp-image-2646 aligncenter\" src=\"https:\/\/uenf.br\/projetos\/arvoresdauenf\/files\/2024\/03\/Abiu-roxo-298x300.png\" alt=\"\" width=\"376\" height=\"378\" srcset=\"https:\/\/uenf.br\/projetos\/arvoresdauenf\/files\/2024\/03\/Abiu-roxo-298x300.png 298w, https:\/\/uenf.br\/projetos\/arvoresdauenf\/files\/2024\/03\/Abiu-roxo-150x150.png 150w, https:\/\/uenf.br\/projetos\/arvoresdauenf\/files\/2024\/03\/Abiu-roxo.png 381w\" sizes=\"auto, (max-width: 376px) 100vw, 376px\" \/><\/p>\n<\/div>\n<h3>Curiosidades:<\/h3>\n<ul>\n<li>A infus\u00e3o de suas folhas tem sido utilizada no tratamento contra diabetes (<a href=\"https:\/\/www.researchgate.net\/publication\/228482152_Effect_of_aqueous_extract_of_Chrysophyllum_cainito_leaves_on_the_glycaemia_of_diabetic_rabbits\">clique aqui<\/a>) (<a href=\"http:\/\/ijpsr.com\/bft-article\/evaluation-of-antidiabetic-activity-of-hydro-alcoholic-extract-of-chrysophyllum-cainito-fruits-2\/?view=fulltext\">clique aqui<\/a>)<\/li>\n<li>Os frutos e as folhas apresentam propriedades antioxidantes (<a href=\"https:\/\/pdf.sciencedirectassets.com\/270703\/1-s2.0-S2210784316X00034\/1-s2.0-S221078431630153X\/main.pdf?X-Amz-Security-Token=AgoJb3JpZ2luX2VjEIb%2F%2F%2F%2F%2F%2F%2F%2F%2F%2FwEaCXVzLWVhc3QtMSJGMEQCIDJNxQWYkn51Wl%2BTAT7oYy2n%2F73XH6cmOJOt4L7tYkmOAiA1z8A8%2B4aTRWXEz3nK5FxhSVqS0162YNyyfiXTm1uSBiraAwhfEAIaDDA1OTAwMzU0Njg2NSIM8E5RlGFEtQHXTKGyKrcDejNcDV%2BmNbBIIJ9fveDk6EAp8pQtj4IzHUEcg0LEG3g91TMApvdm3agvE4fHfusyggHXiOD9T%2F5I9oJnJ9PtGAZ80AO%2FeX8dUnBf%2B5TU8emhYLhkMxGJhOceKTI8PXq4mng790wSpUzIZ8v1x6mQwCG2wWNlXoGN5RLOMoraHzzAhhuzLAQfENlgg5nO2Cao8hXVSXCrJi4FQv0%2FASLsl%2FCpTk9jlHUapyop6DyBSLcXirM%2BiqYwGov0vd2Tz76jG61rRwF%2FSi6jGBC4hJD7vBRKJarEo7faM6dFHsz9brRsgL4QMCextWHwGX9hUr9%2BCy3kHY44KcR%2FDRe2%2BWu5%2BKrBjGgR36hBpIzE2qK22H7UL7I8ZP06ethd32bTmmkVFXBwl5db%2BZSxI1r76U%2Bla2T1Wjfu8DItGAiZzquO8rst6U9uULooDI1WWmaNQtciYfUDGaKzkdzGWGNoPL5lcxVpoRC0NXElAARljg2OPTeFZn0wZQK%2B4AaSAhG88AGIx6br9N03qPlAV%2BOVhzgw6v39FEDi8DpOJX0aXk6hTSqwwX9ybZbEWna6hrW5%2FWwS9os7RFvnVjCVgbPsBTq1AXcFEpmqnr1IiDb5arQ7Eg4HJWBgjobX7cZWK4s1wumokuNNtBNgL6uPt4wF7O2eY0Gxxqbt0DP5bYLmDDw024Jo%2FDy2OO4ony80KMuhTKARLrjTvUSAY1AXnKiMDezerflOjtuWXnt9nTfdfuulXaJ8U6na5nI282DTvsJJiaAKGUc8oOhUjFVjPNPPvbZKay5A%2FkR%2B66vSGlt9Kl7UpSkhpC16O7ub91ur4i7tNdWcFqXrfwg%3D&amp;X-Amz-Algorithm=AWS4-HMAC-SHA256&amp;X-Amz-Date=20190926T143124Z&amp;X-Amz-SignedHeaders=host&amp;X-Amz-Expires=300&amp;X-Amz-Credential=ASIAQ3PHCVTYS2CWTGTD%2F20190926%2Fus-east-1%2Fs3%2Faws4_request&amp;X-Amz-Signature=b08fc5f94bd813d7ae694021461af4534673d32307fb6fc6ab4c80fa3d3a1cdf&amp;hash=a7fce932861eab40843541b59768ca7b74db32e6b3463fecf088be143adda7b2&amp;host=68042c943591013ac2b2430a89b270f6af2c76d8dfd086a07176afe7c76c2c61&amp;pii=S221078431630153X&amp;tid=spdf-fae29395-5e32-4539-95e3-1552a7b8dd0a&amp;sid=8eaa697d76f3484217697fa7aac10a5c1cccgxrqb&amp;type=client\">clique aqui<\/a>)<\/li>\n<li>Quando se corta o fruto\u00a0 pela metade, transversalmente, surge o desenho de uma estrela, em ingl\u00eas o caimito \u00e9 chamado de \u0093star apple\u0094 (<a href=\"https:\/\/www.portalsaofrancisco.com.br\/alimentos\/caimito\">clique aqui<\/a>)<\/li>\n<li>O extrato etan\u00f3lico de folhas de <em>C. cainito<\/em> apresentam efeito cicatrizante (<a href=\"https:\/\/pdfs.semanticscholar.org\/fb46\/8e649f3067dc8fbaeac9ef8ce81dc1ace999.pdf\">clique aqui<\/a>)<\/li>\n<\/ul>\n","protected":false},"excerpt":{"rendered":"<p>Chrysophyllum cainito L. Fam\u00edlia: Sapotaceae Nomes populares: abiu roxo, caimitillo, abiu do par\u00e1 Origem: Antilhas e Am\u00e9rica Central Esta \u00e1rvore&#8230;<\/p>\n","protected":false},"author":22,"featured_media":0,"parent":27,"menu_order":0,"comment_status":"closed","ping_status":"closed","template":"","meta":{"footnotes":""},"class_list":["post-57","page","type-page","status-publish","hentry"],"_links":{"self":[{"href":"https:\/\/uenf.br\/projetos\/arvoresdauenf\/wp-json\/wp\/v2\/pages\/57","targetHints":{"allow":["GET"]}}],"collection":[{"href":"https:\/\/uenf.br\/projetos\/arvoresdauenf\/wp-json\/wp\/v2\/pages"}],"about":[{"href":"https:\/\/uenf.br\/projetos\/arvoresdauenf\/wp-json\/wp\/v2\/types\/page"}],"author":[{"embeddable":true,"href":"https:\/\/uenf.br\/projetos\/arvoresdauenf\/wp-json\/wp\/v2\/users\/22"}],"replies":[{"embeddable":true,"href":"https:\/\/uenf.br\/projetos\/arvoresdauenf\/wp-json\/wp\/v2\/comments?post=57"}],"version-history":[{"count":0,"href":"https:\/\/uenf.br\/projetos\/arvoresdauenf\/wp-json\/wp\/v2\/pages\/57\/revisions"}],"up":[{"embeddable":true,"href":"https:\/\/uenf.br\/projetos\/arvoresdauenf\/wp-json\/wp\/v2\/pages\/27"}],"wp:attachment":[{"href":"https:\/\/uenf.br\/projetos\/arvoresdauenf\/wp-json\/wp\/v2\/media?parent=57"}],"curies":[{"name":"wp","href":"https:\/\/api.w.org\/{rel}","templated":true}]}}