{"id":571,"date":"2019-06-15T21:21:59","date_gmt":"2019-06-16T00:21:59","guid":{"rendered":"http:\/\/uenf.br\/projetos\/arvoresdauenf\/?page_id=571"},"modified":"2022-06-08T19:48:47","modified_gmt":"2022-06-08T22:48:47","slug":"goiabeira","status":"publish","type":"page","link":"https:\/\/uenf.br\/projetos\/arvoresdauenf\/especie-2\/goiabeira\/","title":{"rendered":"Goiabeira"},"content":{"rendered":"<h2><strong><em>Psidium guajava <\/em>L.<\/strong><\/h2>\n<div id=\"attachment_1844\" style=\"width: 475px\" class=\"wp-caption aligncenter\"><img loading=\"lazy\" decoding=\"async\" aria-describedby=\"caption-attachment-1844\" class=\"wp-image-1844\" src=\"http:\/\/uenf.br\/projetos\/arvoresdauenf\/files\/2020\/08\/DSC05954-min-1024x683.jpg\" alt=\"\" width=\"465\" height=\"310\" srcset=\"https:\/\/uenf.br\/projetos\/arvoresdauenf\/files\/2020\/08\/DSC05954-min-1024x683.jpg 1024w, https:\/\/uenf.br\/projetos\/arvoresdauenf\/files\/2020\/08\/DSC05954-min-300x200.jpg 300w, https:\/\/uenf.br\/projetos\/arvoresdauenf\/files\/2020\/08\/DSC05954-min-768x512.jpg 768w, https:\/\/uenf.br\/projetos\/arvoresdauenf\/files\/2020\/08\/DSC05954-min-1536x1024.jpg 1536w, https:\/\/uenf.br\/projetos\/arvoresdauenf\/files\/2020\/08\/DSC05954-min-2048x1365.jpg 2048w\" sizes=\"auto, (max-width: 465px) 100vw, 465px\" \/><p id=\"caption-attachment-1844\" class=\"wp-caption-text\">Fotos: Christian da Cunha Ribeiro e Yara Pereira Gon\u00e7alves<\/p><\/div>\n<p>&nbsp;<\/p>\n<h3><strong>Fam\u00edlia: <\/strong>Myrtaceae<\/h3>\n<h3><strong>Nomes populares: ara\u00e7\u00e1-goiaba, goiaba, goiabeira-branca, goiabeira-vermelha, guaiaba, guaiava, guava, guiaba<\/strong><\/h3>\n<h3>Origem: nativa de toda a Am\u00e9rica, exceto\u00a0M\u00e9xico\u00a0e\u00a0Canad\u00e1<sup id=\"cite_ref-1\" class=\"reference\"><\/sup><\/h3>\n<h3 id=\"distribuicaoGeografica\" class=\"label\"><strong>Distribui\u00e7\u00e3o Geogr\u00e1fica<\/strong><\/h3>\n<div class=\"tabelamapa\">\n<h4 id=\"ocorrencia_confirmada\" class=\"label\">Ocorr\u00eancias:<\/h4>\n<div id=\"tr-carregaTaxonGrupoDistribuicaoGeograficaCertezaNorte\" class=\"distribuicaoGeograficaCertezaNorte\">\n<ul>\n<li id=\"idFieldCertezaNorte\" class=\"field\"><b>Norte<\/b> (Acre, Amazonas)<\/li>\n<li class=\"field\"><b>Nordeste<\/b> (Alagoas, Bahia, Cear\u00e1, Maranh\u00e3o, Pernambuco, Piau\u00ed, Sergipe)<\/li>\n<li class=\"field\"><b>Centro-Oeste<\/b> (Mato Grosso do Sul, Mato Grosso)<\/li>\n<li class=\"field\"><b>Sudeste<\/b> (Esp\u00edrito Santo, Minas Gerais, Rio de Janeiro, S\u00e3o Paulo)<\/li>\n<li class=\"field\"><b>Sul<\/b>\u00a0(Paran\u00e1, Rio Grande do Sul, Santa Catarina)<\/li>\n<\/ul>\n<h3 class=\"field\" style=\"text-align: left\">Dom\u00ednios Fitogeogr\u00e1ficos<\/h3>\n<ul>\n<li>Amaz\u00f4nia, Caatinga, Cerrado, Mata Atl\u00e2ntica<\/li>\n<\/ul>\n<p><img loading=\"lazy\" decoding=\"async\" class=\"size-full wp-image-648 aligncenter\" src=\"http:\/\/uenf.br\/projetos\/arvoresdauenf\/files\/2019\/06\/goia.png\" alt=\"\" width=\"365\" height=\"390\" \/><\/p>\n<p>&nbsp;<\/p>\n<\/div>\n<\/div>\n<p>Fonte: Flora do Brasil, 2020 (<a href=\"http:\/\/reflora.jbrj.gov.br\/reflora\/listaBrasil\/ConsultaPublicaUC\/BemVindoConsultaPublicaConsultar.do?invalidatePageControlCounter=1&amp;idsFilhosAlgas=%5B2%5D&amp;idsFilhosFungos=%5B1%2C11%2C10%5D&amp;lingua=&amp;grupo=5&amp;genero=Psidium&amp;especie=guajava&amp;autor=&amp;nomeVernaculo=&amp;nomeCompleto=&amp;formaVida=null&amp;substrato=null&amp;ocorreBrasil=QUALQUER&amp;ocorrencia=OCORRE&amp;endemismo=TODOS&amp;origem=TODOS&amp;regiao=QUALQUER&amp;estado=QUALQUER&amp;ilhaOceanica=32767&amp;domFitogeograficos=QUALQUER&amp;bacia=QUALQUER&amp;vegetacao=TODOS&amp;mostrarAte=SUBESP_VAR&amp;opcoesBusca=TODOS_OS_NOMES&amp;loginUsuario=Visitante&amp;senhaUsuario=&amp;contexto=consulta-publica\">clique aqui<\/a>)<\/p>\n<h3>Sistema Reprodutivo<\/h3>\n<p>As flores da goiabeira s\u00e3o hermafroditas e embora a esp\u00e9cie apresente boa autocompatibilidade, a produ\u00e7\u00e3o pode ser aumentada pela poliniza\u00e7\u00e3o cruzada feita por agentes bi\u00f3ticos.<\/p>\n<div id=\"attachment_1927\" style=\"width: 315px\" class=\"wp-caption aligncenter\"><img loading=\"lazy\" decoding=\"async\" aria-describedby=\"caption-attachment-1927\" class=\"wp-image-1927\" src=\"http:\/\/uenf.br\/projetos\/arvoresdauenf\/files\/2020\/09\/20200903_170702-min-225x300.jpg\" alt=\"\" width=\"305\" height=\"407\" srcset=\"https:\/\/uenf.br\/projetos\/arvoresdauenf\/files\/2020\/09\/20200903_170702-min-225x300.jpg 225w, https:\/\/uenf.br\/projetos\/arvoresdauenf\/files\/2020\/09\/20200903_170702-min-768x1024.jpg 768w, https:\/\/uenf.br\/projetos\/arvoresdauenf\/files\/2020\/09\/20200903_170702-min-1152x1536.jpg 1152w, https:\/\/uenf.br\/projetos\/arvoresdauenf\/files\/2020\/09\/20200903_170702-min-1536x2048.jpg 1536w\" sizes=\"auto, (max-width: 305px) 100vw, 305px\" \/><p id=\"caption-attachment-1927\" class=\"wp-caption-text\">A goiabeira apresenta flores brancas, axilares, hermafroditas, com longos e numerosos estames e estigma \u00fanico. Foto: Deborah G. Barroso<\/p><\/div>\n<p>&nbsp;<\/p>\n<div id=\"attachment_1928\" style=\"width: 318px\" class=\"wp-caption aligncenter\"><img loading=\"lazy\" decoding=\"async\" aria-describedby=\"caption-attachment-1928\" class=\"wp-image-1928 \" src=\"http:\/\/uenf.br\/projetos\/arvoresdauenf\/files\/2020\/09\/20200903_170720_001-min-225x300.jpg\" alt=\"\" width=\"308\" height=\"410\" srcset=\"https:\/\/uenf.br\/projetos\/arvoresdauenf\/files\/2020\/09\/20200903_170720_001-min-225x300.jpg 225w, https:\/\/uenf.br\/projetos\/arvoresdauenf\/files\/2020\/09\/20200903_170720_001-min-768x1024.jpg 768w, https:\/\/uenf.br\/projetos\/arvoresdauenf\/files\/2020\/09\/20200903_170720_001-min-1152x1536.jpg 1152w, https:\/\/uenf.br\/projetos\/arvoresdauenf\/files\/2020\/09\/20200903_170720_001-min-1536x2048.jpg 1536w\" sizes=\"auto, (max-width: 308px) 100vw, 308px\" \/><p id=\"caption-attachment-1928\" class=\"wp-caption-text\">Estigma de uma flor rec\u00e9m fecundada. Foto: Deborah G. Barroso<\/p><\/div>\n<p>&nbsp;<\/p>\n<div id=\"attachment_1931\" style=\"width: 315px\" class=\"wp-caption aligncenter\"><img loading=\"lazy\" decoding=\"async\" aria-describedby=\"caption-attachment-1931\" class=\"wp-image-1931 \" src=\"http:\/\/uenf.br\/projetos\/arvoresdauenf\/files\/2020\/09\/20200903_171228-min-225x300.jpg\" alt=\"\" width=\"305\" height=\"406\" srcset=\"https:\/\/uenf.br\/projetos\/arvoresdauenf\/files\/2020\/09\/20200903_171228-min-225x300.jpg 225w, https:\/\/uenf.br\/projetos\/arvoresdauenf\/files\/2020\/09\/20200903_171228-min-768x1024.jpg 768w, https:\/\/uenf.br\/projetos\/arvoresdauenf\/files\/2020\/09\/20200903_171228-min-1152x1536.jpg 1152w, https:\/\/uenf.br\/projetos\/arvoresdauenf\/files\/2020\/09\/20200903_171228-min-1536x2048.jpg 1536w\" sizes=\"auto, (max-width: 305px) 100vw, 305px\" \/><p id=\"caption-attachment-1931\" class=\"wp-caption-text\">Fruto de ov\u00e1rio \u00ednfero, de um dic\u00e1sio, logo ap\u00f3s o pegamento, ainda com os restos florais em seu \u00e1pice. Foto: Deborah G. Barroso<\/p><\/div>\n<p>&nbsp;<\/p>\n<div id=\"attachment_1930\" style=\"width: 321px\" class=\"wp-caption aligncenter\"><img loading=\"lazy\" decoding=\"async\" aria-describedby=\"caption-attachment-1930\" class=\"wp-image-1930\" src=\"http:\/\/uenf.br\/projetos\/arvoresdauenf\/files\/2020\/09\/20200903_170836-min-225x300.jpg\" alt=\"\" width=\"311\" height=\"414\" srcset=\"https:\/\/uenf.br\/projetos\/arvoresdauenf\/files\/2020\/09\/20200903_170836-min-225x300.jpg 225w, https:\/\/uenf.br\/projetos\/arvoresdauenf\/files\/2020\/09\/20200903_170836-min-768x1024.jpg 768w, https:\/\/uenf.br\/projetos\/arvoresdauenf\/files\/2020\/09\/20200903_170836-min-1152x1536.jpg 1152w, https:\/\/uenf.br\/projetos\/arvoresdauenf\/files\/2020\/09\/20200903_170836-min-1536x2048.jpg 1536w\" sizes=\"auto, (max-width: 311px) 100vw, 311px\" \/><p id=\"caption-attachment-1930\" class=\"wp-caption-text\">O seu fruto \u00e9 uma baga ov\u00f3ides, de casca fina, lisa e verde, apresentando-se amarela quando bastante amadurecida. Podem ser consumidos ao natural, como compotas, gel\u00e9ias e goiabadas.<\/p><\/div>\n<p>&nbsp;<\/p>\n<p>Os polinizadores mais eficientes da goiabeira s\u00e3o as abelhas do g\u00eanero <em>Centris<\/em> e <em>Xylocopa<\/em>, embora, sejam classificadas como polinizadores ocasionais, pela baixa frequ\u00eancia. A abelha ex\u00f3tica <em>Apis mellifera<\/em>, pouco eficiente na poliniza\u00e7\u00e3o, \u00e9 muito frequente, sendo considerda o polinizador efetivo, especialmente no per\u00edodo seco. (<a href=\"https:\/\/repositorio.ufpb.br\/jspui\/bitstream\/123456789\/17718\/1\/JVAM25062020-MA1149.pdf\">clique aqui<\/a>).<\/p>\n<h3>Curiosidades:<\/h3>\n<ul>\n<li>Frutos s\u00e3o ricos em vitamina C (180 a 300 miligramas de vitamina por 100 gramas de fruta, mais do que a laranja ou o lim\u00e3o.<\/li>\n<li>Extrato aquoso de folhas e brota\u00e7\u00f5es de goiabeira s\u00e3o efetivos no controle de diarr\u00e9ias e possuem a\u00e7\u00e3o antibactericida (<a href=\"https:\/\/reader.elsevier.com\/reader\/sd\/pii\/S1876034119301662?token=3B901AF17ED9F536A238B26FFD0F94631519BFFA9E3E522C533A36D7AEA184EDCEB16BA75683C5522FD13F385DFBC828\">clique aqui<\/a>)<\/li>\n<li>As folhas t\u00eam \u00f3leo vol\u00e1til rico em sesquiterpenos, entre eles o bisaboleno, al\u00e9m do dietoximetano e dietoxetano que d\u00e3o o aroma dos frutos. O principal componente do \u00f3leo das sementes \u00e9 o \u00e1cido linoleico.<\/li>\n<\/ul>\n<p>&nbsp;<\/p>\n","protected":false},"excerpt":{"rendered":"<p>Psidium guajava L. &nbsp; Fam\u00edlia: Myrtaceae Nomes populares: ara\u00e7\u00e1-goiaba, goiaba, goiabeira-branca, goiabeira-vermelha, guaiaba, guaiava, guava, guiaba Origem: nativa de toda&#8230;<\/p>\n","protected":false},"author":24,"featured_media":0,"parent":27,"menu_order":0,"comment_status":"closed","ping_status":"closed","template":"","meta":{"footnotes":""},"class_list":["post-571","page","type-page","status-publish","hentry"],"_links":{"self":[{"href":"https:\/\/uenf.br\/projetos\/arvoresdauenf\/wp-json\/wp\/v2\/pages\/571","targetHints":{"allow":["GET"]}}],"collection":[{"href":"https:\/\/uenf.br\/projetos\/arvoresdauenf\/wp-json\/wp\/v2\/pages"}],"about":[{"href":"https:\/\/uenf.br\/projetos\/arvoresdauenf\/wp-json\/wp\/v2\/types\/page"}],"author":[{"embeddable":true,"href":"https:\/\/uenf.br\/projetos\/arvoresdauenf\/wp-json\/wp\/v2\/users\/24"}],"replies":[{"embeddable":true,"href":"https:\/\/uenf.br\/projetos\/arvoresdauenf\/wp-json\/wp\/v2\/comments?post=571"}],"version-history":[{"count":0,"href":"https:\/\/uenf.br\/projetos\/arvoresdauenf\/wp-json\/wp\/v2\/pages\/571\/revisions"}],"up":[{"embeddable":true,"href":"https:\/\/uenf.br\/projetos\/arvoresdauenf\/wp-json\/wp\/v2\/pages\/27"}],"wp:attachment":[{"href":"https:\/\/uenf.br\/projetos\/arvoresdauenf\/wp-json\/wp\/v2\/media?parent=571"}],"curies":[{"name":"wp","href":"https:\/\/api.w.org\/{rel}","templated":true}]}}

<h2><strong><em>Psidium guajava </em>L.</strong></h2>
<div id="attachment_1844" style="width: 475px" class="wp-caption aligncenter"><img loading="lazy" decoding="async" aria-describedby="caption-attachment-1844" class="wp-image-1844" src="http://uenf.br/projetos/arvoresdauenf/files/2020/08/DSC05954-min-1024x683.jpg" alt="" width="465" height="310" srcset="https://uenf.br/projetos/arvoresdauenf/files/2020/08/DSC05954-min-1024x683.jpg 1024w, https://uenf.br/projetos/arvoresdauenf/files/2020/08/DSC05954-min-300x200.jpg 300w, https://uenf.br/projetos/arvoresdauenf/files/2020/08/DSC05954-min-768x512.jpg 768w, https://uenf.br/projetos/arvoresdauenf/files/2020/08/DSC05954-min-1536x1024.jpg 1536w, https://uenf.br/projetos/arvoresdauenf/files/2020/08/DSC05954-min-2048x1365.jpg 2048w" sizes="auto, (max-width: 465px) 100vw, 465px" /><p id="caption-attachment-1844" class="wp-caption-text">Fotos: Christian da Cunha Ribeiro e Yara Pereira Gonçalves</p></div>
<p>&nbsp;</p>
<h3><strong>Família: </strong>Myrtaceae</h3>
<h3><strong>Nomes populares: araçá-goiaba, goiaba, goiabeira-branca, goiabeira-vermelha, guaiaba, guaiava, guava, guiaba</strong></h3>
<h3>Origem: nativa de toda a América, exceto México e Canadá<sup id="cite_ref-1" class="reference"></sup></h3>
<h3 id="distribuicaoGeografica" class="label"><strong>Distribuição Geográfica</strong></h3>
<div class="tabelamapa">
<h4 id="ocorrencia_confirmada" class="label">Ocorrências:</h4>
<div id="tr-carregaTaxonGrupoDistribuicaoGeograficaCertezaNorte" class="distribuicaoGeograficaCertezaNorte">
<ul>
<li id="idFieldCertezaNorte" class="field"><b>Norte</b> (Acre, Amazonas)</li>
<li class="field"><b>Nordeste</b> (Alagoas, Bahia, Ceará, Maranhão, Pernambuco, Piauí, Sergipe)</li>
<li class="field"><b>Centro-Oeste</b> (Mato Grosso do Sul, Mato Grosso)</li>
<li class="field"><b>Sudeste</b> (Espírito Santo, Minas Gerais, Rio de Janeiro, São Paulo)</li>
<li class="field"><b>Sul</b> (Paraná, Rio Grande do Sul, Santa Catarina)</li>
</ul>
<h3 class="field" style="text-align: left">Domínios Fitogeográficos</h3>
<ul>
<li>Amazônia, Caatinga, Cerrado, Mata Atlântica</li>
</ul>
<p><img loading="lazy" decoding="async" class="size-full wp-image-648 aligncenter" src="http://uenf.br/projetos/arvoresdauenf/files/2019/06/goia.png" alt="" width="365" height="390" /></p>
<p>&nbsp;</p>
</div>
</div>
<p>Fonte: Flora do Brasil, 2020 (<a href="http://reflora.jbrj.gov.br/reflora/listaBrasil/ConsultaPublicaUC/BemVindoConsultaPublicaConsultar.do?invalidatePageControlCounter=1&amp;idsFilhosAlgas=%5B2%5D&amp;idsFilhosFungos=%5B1%2C11%2C10%5D&amp;lingua=&amp;grupo=5&amp;genero=Psidium&amp;especie=guajava&amp;autor=&amp;nomeVernaculo=&amp;nomeCompleto=&amp;formaVida=null&amp;substrato=null&amp;ocorreBrasil=QUALQUER&amp;ocorrencia=OCORRE&amp;endemismo=TODOS&amp;origem=TODOS&amp;regiao=QUALQUER&amp;estado=QUALQUER&amp;ilhaOceanica=32767&amp;domFitogeograficos=QUALQUER&amp;bacia=QUALQUER&amp;vegetacao=TODOS&amp;mostrarAte=SUBESP_VAR&amp;opcoesBusca=TODOS_OS_NOMES&amp;loginUsuario=Visitante&amp;senhaUsuario=&amp;contexto=consulta-publica">clique aqui</a>)</p>
<h3>Sistema Reprodutivo</h3>
<p>As flores da goiabeira são hermafroditas e embora a espécie apresente boa autocompatibilidade, a produção pode ser aumentada pela polinização cruzada feita por agentes bióticos.</p>
<div id="attachment_1927" style="width: 315px" class="wp-caption aligncenter"><img loading="lazy" decoding="async" aria-describedby="caption-attachment-1927" class="wp-image-1927" src="http://uenf.br/projetos/arvoresdauenf/files/2020/09/20200903_170702-min-225x300.jpg" alt="" width="305" height="407" srcset="https://uenf.br/projetos/arvoresdauenf/files/2020/09/20200903_170702-min-225x300.jpg 225w, https://uenf.br/projetos/arvoresdauenf/files/2020/09/20200903_170702-min-768x1024.jpg 768w, https://uenf.br/projetos/arvoresdauenf/files/2020/09/20200903_170702-min-1152x1536.jpg 1152w, https://uenf.br/projetos/arvoresdauenf/files/2020/09/20200903_170702-min-1536x2048.jpg 1536w" sizes="auto, (max-width: 305px) 100vw, 305px" /><p id="caption-attachment-1927" class="wp-caption-text">A goiabeira apresenta flores brancas, axilares, hermafroditas, com longos e numerosos estames e estigma único. Foto: Deborah G. Barroso</p></div>
<p>&nbsp;</p>
<div id="attachment_1928" style="width: 318px" class="wp-caption aligncenter"><img loading="lazy" decoding="async" aria-describedby="caption-attachment-1928" class="wp-image-1928 " src="http://uenf.br/projetos/arvoresdauenf/files/2020/09/20200903_170720_001-min-225x300.jpg" alt="" width="308" height="410" srcset="https://uenf.br/projetos/arvoresdauenf/files/2020/09/20200903_170720_001-min-225x300.jpg 225w, https://uenf.br/projetos/arvoresdauenf/files/2020/09/20200903_170720_001-min-768x1024.jpg 768w, https://uenf.br/projetos/arvoresdauenf/files/2020/09/20200903_170720_001-min-1152x1536.jpg 1152w, https://uenf.br/projetos/arvoresdauenf/files/2020/09/20200903_170720_001-min-1536x2048.jpg 1536w" sizes="auto, (max-width: 308px) 100vw, 308px" /><p id="caption-attachment-1928" class="wp-caption-text">Estigma de uma flor recém fecundada. Foto: Deborah G. Barroso</p></div>
<p>&nbsp;</p>
<div id="attachment_1931" style="width: 315px" class="wp-caption aligncenter"><img loading="lazy" decoding="async" aria-describedby="caption-attachment-1931" class="wp-image-1931 " src="http://uenf.br/projetos/arvoresdauenf/files/2020/09/20200903_171228-min-225x300.jpg" alt="" width="305" height="406" srcset="https://uenf.br/projetos/arvoresdauenf/files/2020/09/20200903_171228-min-225x300.jpg 225w, https://uenf.br/projetos/arvoresdauenf/files/2020/09/20200903_171228-min-768x1024.jpg 768w, https://uenf.br/projetos/arvoresdauenf/files/2020/09/20200903_171228-min-1152x1536.jpg 1152w, https://uenf.br/projetos/arvoresdauenf/files/2020/09/20200903_171228-min-1536x2048.jpg 1536w" sizes="auto, (max-width: 305px) 100vw, 305px" /><p id="caption-attachment-1931" class="wp-caption-text">Fruto de ovário ínfero, de um dicásio, logo após o pegamento, ainda com os restos florais em seu ápice. Foto: Deborah G. Barroso</p></div>
<p>&nbsp;</p>
<div id="attachment_1930" style="width: 321px" class="wp-caption aligncenter"><img loading="lazy" decoding="async" aria-describedby="caption-attachment-1930" class="wp-image-1930" src="http://uenf.br/projetos/arvoresdauenf/files/2020/09/20200903_170836-min-225x300.jpg" alt="" width="311" height="414" srcset="https://uenf.br/projetos/arvoresdauenf/files/2020/09/20200903_170836-min-225x300.jpg 225w, https://uenf.br/projetos/arvoresdauenf/files/2020/09/20200903_170836-min-768x1024.jpg 768w, https://uenf.br/projetos/arvoresdauenf/files/2020/09/20200903_170836-min-1152x1536.jpg 1152w, https://uenf.br/projetos/arvoresdauenf/files/2020/09/20200903_170836-min-1536x2048.jpg 1536w" sizes="auto, (max-width: 311px) 100vw, 311px" /><p id="caption-attachment-1930" class="wp-caption-text">O seu fruto é uma baga ovóides, de casca fina, lisa e verde, apresentando-se amarela quando bastante amadurecida. Podem ser consumidos ao natural, como compotas, geléias e goiabadas.</p></div>
<p>&nbsp;</p>
<p>Os polinizadores mais eficientes da goiabeira são as abelhas do gênero <em>Centris</em> e <em>Xylocopa</em>, embora, sejam classificadas como polinizadores ocasionais, pela baixa frequência. A abelha exótica <em>Apis mellifera</em>, pouco eficiente na polinização, é muito frequente, sendo considerda o polinizador efetivo, especialmente no período seco. (<a href="https://repositorio.ufpb.br/jspui/bitstream/123456789/17718/1/JVAM25062020-MA1149.pdf">clique aqui</a>).</p>
<h3>Curiosidades:</h3>
<ul>
<li>Frutos são ricos em vitamina C (180 a 300 miligramas de vitamina por 100 gramas de fruta, mais do que a laranja ou o limão.</li>
<li>Extrato aquoso de folhas e brotações de goiabeira são efetivos no controle de diarréias e possuem ação antibactericida (<a href="https://reader.elsevier.com/reader/sd/pii/S1876034119301662?token=3B901AF17ED9F536A238B26FFD0F94631519BFFA9E3E522C533A36D7AEA184EDCEB16BA75683C5522FD13F385DFBC828">clique aqui</a>)</li>
<li>As folhas têm óleo volátil rico em sesquiterpenos, entre eles o bisaboleno, além do dietoximetano e dietoxetano que dão o aroma dos frutos. O principal componente do óleo das sementes é o ácido linoleico.</li>
</ul>
<p>&nbsp;</p>

<p>Psidium guajava L. &nbsp; Família: Myrtaceae Nomes populares: araçá-goiaba, goiaba, goiabeira-branca, goiabeira-vermelha, guaiaba, guaiava, guava, guiaba Origem: nativa de toda&#8230;</p>
