{"id":581,"date":"2019-06-15T21:29:22","date_gmt":"2019-06-16T00:29:22","guid":{"rendered":"http:\/\/uenf.br\/projetos\/arvoresdauenf\/?page_id=581"},"modified":"2024-03-27T17:04:45","modified_gmt":"2024-03-27T20:04:45","slug":"caja-manga","status":"publish","type":"page","link":"https:\/\/uenf.br\/projetos\/arvoresdauenf\/especie-2\/caja-manga\/","title":{"rendered":"Caj\u00e1 Manga"},"content":{"rendered":"<h2><em>Spondias dulcis<\/em> Parkinson<\/h2>\n<div id=\"attachment_1824\" style=\"width: 565px\" class=\"wp-caption aligncenter\"><img loading=\"lazy\" decoding=\"async\" aria-describedby=\"caption-attachment-1824\" class=\"wp-image-1824\" src=\"http:\/\/uenf.br\/projetos\/arvoresdauenf\/files\/2020\/08\/DSC05817-min-1-1024x768.jpg\" alt=\"\" width=\"555\" height=\"417\" srcset=\"https:\/\/uenf.br\/projetos\/arvoresdauenf\/files\/2020\/08\/DSC05817-min-1-1024x768.jpg 1024w, https:\/\/uenf.br\/projetos\/arvoresdauenf\/files\/2020\/08\/DSC05817-min-1-300x225.jpg 300w, https:\/\/uenf.br\/projetos\/arvoresdauenf\/files\/2020\/08\/DSC05817-min-1-768x576.jpg 768w, https:\/\/uenf.br\/projetos\/arvoresdauenf\/files\/2020\/08\/DSC05817-min-1-1536x1152.jpg 1536w, https:\/\/uenf.br\/projetos\/arvoresdauenf\/files\/2020\/08\/DSC05817-min-1-2048x1536.jpg 2048w\" sizes=\"auto, (max-width: 555px) 100vw, 555px\" \/><p id=\"caption-attachment-1824\" class=\"wp-caption-text\">O fruto do Caj\u00e1-manga possui formato cil\u00edndrico, casca lisa e fina\u00a0 Foto: Jos\u00e9 Gabriel de Souza Silva<\/p><\/div>\n<p>&nbsp;<\/p>\n<h3><strong>Fam\u00edlia: Anacardiaceae<\/strong><\/h3>\n<h3>Nomes populares: Caj\u00e1-manga, C<b>aj\u00e1<\/b><\/h3>\n<h3><strong>Origem: \u00a0Oceania<\/strong><\/h3>\n<h3 id=\"distribuicaoGeografica\" class=\"label\"><strong>Distribui\u00e7\u00e3o Geogr\u00e1fica<\/strong><\/h3>\n<div id=\"ocorrencia_confirmada\" class=\"label\"><strong>Ocorr\u00eancias:<\/strong><\/div>\n<ul>\n<li><b>Norte<\/b> (Acre, Amazonas, Par\u00e1)<\/li>\n<li><b>Nordeste<\/b> (Alagoas, Bahia, Cear\u00e1, Para\u00edba, Pernambuco, Sergipe)<\/li>\n<li><b>Centro-oeste<\/b>\u00a0(Mato Grosso)<\/li>\n<li><b>Sudeste<\/b>\u00a0(Esp\u00edrito Santo, Minas Gerais, Rio de Janeiro, S\u00e3o Paulo)<\/li>\n<\/ul>\n<div id=\"ocorrencia_confirmada\" class=\"label\"><strong>Poss\u00edveis Ocorr\u00eancias:<\/strong><\/div>\n<ul>\n<li><b>Norte<\/b> (Rond\u00f4nia)<\/li>\n<li><b>Nordeste<\/b> (Maranh\u00e3o, Piau\u00ed, Rio Grande do Norte)<\/li>\n<\/ul>\n<p><img loading=\"lazy\" decoding=\"async\" class=\" wp-image-2668 aligncenter\" src=\"https:\/\/uenf.br\/projetos\/arvoresdauenf\/files\/2024\/03\/Caja-manga-282x300.png\" alt=\"\" width=\"353\" height=\"376\" srcset=\"https:\/\/uenf.br\/projetos\/arvoresdauenf\/files\/2024\/03\/Caja-manga-282x300.png 282w, https:\/\/uenf.br\/projetos\/arvoresdauenf\/files\/2024\/03\/Caja-manga.png 362w\" sizes=\"auto, (max-width: 353px) 100vw, 353px\" \/><\/p>\n<h3><strong>Curiosidades:<\/strong><\/h3>\n<ul>\n<li>Diversas atividades farmacol\u00f3gicas foram relatada<i>s<\/i> para o g\u00eanero <em>Spondias<\/em>, como efeitos antioxidantes, protetores contra \u00falceras, hepatoprotetores, antiinflamat\u00f3rios, antiartr\u00edticos e antidementia. Esses atributos indicam seu potencial para tratar v\u00e1rias doen\u00e7as degenerativas (<a href=\"https:\/\/www.hindawi.com\/journals\/ecam\/2018\/5382904\/\">clique aqui<\/a>)<\/li>\n<li>\u00c9 muito utilizada no preparo de\u00a0sucos,\u00a0<i>cocktails<\/i>,\u00a0licores\u00a0e\u00a0sorvetes. (<a href=\"https:\/\/pt.wikipedia.org\/wiki\/Caj%C3%A1-manga\">clique aqui<\/a>)<\/li>\n<li>Suas flores s\u00e3o visitadas por abelhas, borboletas, vespas e d\u00edpteros. Tais flores possuem um tempo de vida em torno de 72 horas, mudando de cor ap\u00f3s o primeiro dia e dessa forma, perdem gradativamente a cor. <a href=\"https:\/\/ainfo.cnptia.embrapa.br\/digital\/bitstream\/item\/19166\/1\/Kiill2.pdf\">(Clique aqui)<\/a><\/li>\n<\/ul>\n","protected":false},"excerpt":{"rendered":"<p>Spondias dulcis Parkinson &nbsp; Fam\u00edlia: Anacardiaceae Nomes populares: Caj\u00e1-manga, Caj\u00e1 Origem: \u00a0Oceania Distribui\u00e7\u00e3o Geogr\u00e1fica Ocorr\u00eancias: Norte (Acre, Amazonas, Par\u00e1) Nordeste&#8230;<\/p>\n","protected":false},"author":24,"featured_media":0,"parent":27,"menu_order":0,"comment_status":"closed","ping_status":"closed","template":"","meta":{"footnotes":""},"class_list":["post-581","page","type-page","status-publish","hentry"],"_links":{"self":[{"href":"https:\/\/uenf.br\/projetos\/arvoresdauenf\/wp-json\/wp\/v2\/pages\/581","targetHints":{"allow":["GET"]}}],"collection":[{"href":"https:\/\/uenf.br\/projetos\/arvoresdauenf\/wp-json\/wp\/v2\/pages"}],"about":[{"href":"https:\/\/uenf.br\/projetos\/arvoresdauenf\/wp-json\/wp\/v2\/types\/page"}],"author":[{"embeddable":true,"href":"https:\/\/uenf.br\/projetos\/arvoresdauenf\/wp-json\/wp\/v2\/users\/24"}],"replies":[{"embeddable":true,"href":"https:\/\/uenf.br\/projetos\/arvoresdauenf\/wp-json\/wp\/v2\/comments?post=581"}],"version-history":[{"count":0,"href":"https:\/\/uenf.br\/projetos\/arvoresdauenf\/wp-json\/wp\/v2\/pages\/581\/revisions"}],"up":[{"embeddable":true,"href":"https:\/\/uenf.br\/projetos\/arvoresdauenf\/wp-json\/wp\/v2\/pages\/27"}],"wp:attachment":[{"href":"https:\/\/uenf.br\/projetos\/arvoresdauenf\/wp-json\/wp\/v2\/media?parent=581"}],"curies":[{"name":"wp","href":"https:\/\/api.w.org\/{rel}","templated":true}]}}