{"id":585,"date":"2019-06-15T21:31:36","date_gmt":"2019-06-16T00:31:36","guid":{"rendered":"http:\/\/uenf.br\/projetos\/arvoresdauenf\/?page_id=585"},"modified":"2022-10-24T10:35:54","modified_gmt":"2022-10-24T13:35:54","slug":"seringueira-2","status":"publish","type":"page","link":"https:\/\/uenf.br\/projetos\/arvoresdauenf\/especie-2\/seringueira-2\/","title":{"rendered":"Seringueira"},"content":{"rendered":"<h2><strong><em>Hevea brasiliensis<\/em><\/strong> <strong>(Willd. ex A. Juss.) M\u00fcll. Arg<\/strong><\/h2>\n<h3><strong>Fam\u00edlia: <\/strong>Euphorbiaceae<\/h3>\n<h3><strong>Nomes populares: <b>seringueira, seringa-verdadeira, cau-chu, \u00e1rvore-da-borracha<\/b><\/strong><\/h3>\n<h3><strong>Origem: Brasil<\/strong><\/h3>\n<h3 id=\"distribuicaoGeografica\" class=\"label\"><strong>Distribui\u00e7\u00e3o Geogr\u00e1fica<\/strong><\/h3>\n<div class=\"tabelamapa\">\n<h4 id=\"ocorrencia_confirmada\" class=\"label\"><strong>Ocorr\u00eancias:<\/strong><\/h4>\n<div id=\"tr-carregaTaxonGrupoDistribuicaoGeograficaCertezaNorte\" class=\"distribuicaoGeograficaCertezaNorte\">\n<ul>\n<li id=\"idFieldCertezaNorte\" class=\"field\"><b>Norte<\/b> (Acre, Amazonas, Amap\u00e1, Par\u00e1, Rond\u00f4nia)<\/li>\n<li class=\"field\"><b>Nordeste<\/b>\u00a0(Maranh\u00e3o)<\/li>\n<\/ul>\n<\/div>\n<\/div>\n<h3 class=\"field\" style=\"text-align: left\"><strong>Dom\u00ednios Fitogeogr\u00e1ficos<\/strong><\/h3>\n<ul>\n<li>Amaz\u00f4nia<\/li>\n<\/ul>\n<p><img loading=\"lazy\" decoding=\"async\" class=\"size-full wp-image-677 aligncenter\" src=\"http:\/\/uenf.br\/projetos\/arvoresdauenf\/files\/2019\/06\/seringueira.jpg\" alt=\"\" width=\"386\" height=\"390\" \/><\/p>\n<p>Fonte: Flora do Brasil, 2020 (<a href=\"http:\/\/reflora.jbrj.gov.br\/reflora\/listaBrasil\/ConsultaPublicaUC\/BemVindoConsultaPublicaConsultar.do?invalidatePageControlCounter=1&amp;idsFilhosAlgas=%5B2%5D&amp;idsFilhosFungos=%5B1%2C11%2C10%5D&amp;lingua=&amp;grupo=5&amp;genero=Hevea&amp;especie=brasiliensis&amp;autor=&amp;nomeVernaculo=&amp;nomeCompleto=&amp;formaVida=null&amp;substrato=null&amp;ocorreBrasil=QUALQUER&amp;ocorrencia=OCORRE&amp;endemismo=TODOS&amp;origem=TODOS&amp;regiao=QUALQUER&amp;estado=QUALQUER&amp;ilhaOceanica=32767&amp;domFitogeograficos=QUALQUER&amp;bacia=QUALQUER&amp;vegetacao=TODOS&amp;mostrarAte=SUBESP_VAR&amp;opcoesBusca=TODOS_OS_NOMES&amp;loginUsuario=Visitante&amp;senhaUsuario=&amp;contexto=consulta-publica\">clique aqui<\/a>)<\/p>\n<h3><strong>Curiosidades:<\/strong><\/h3>\n<ul>\n<li>Seu\u00a0fruto\u00a0encontra-se em uma grande c\u00e1psula com\u00a0sementes\u00a0ricas em\u00a0\u00f3leo, que pode servir de\u00a0mat\u00e9ria-prima\u00a0para\u00a0resinas,\u00a0vernizes\u00a0e\u00a0tintas.<sup id=\"cite_ref-2\" class=\"reference\"><\/sup><\/li>\n<li>Por serem ricas em nutrientes, as sementes s\u00e3o usadas na produ\u00e7\u00e3o de suplementos alimentares, com a vantagem den\u00e3o conter gl\u00faten, gorduras e conservantes.\u00a0Pessoas com diabetes ou press\u00e3o alta podem tomar o suplemento, por n\u00e3o conter s\u00f3dio nem a\u00e7\u00facar (<a href=\"https:\/\/diarioverde.com.br\/semente-da-seringueira-descoberto-suplemento-que-combate-doencas-e-recompoe-nutrientes\/\">clique aqui<\/a>)\n<p><sup id=\"cite_ref-3\" class=\"reference\"><\/sup><\/li>\n<li>Ap\u00f3s a explora\u00e7\u00e3o do l\u00e1tex a madeira pode ser utilizada para diversas finalidades, como na fabrica\u00e7\u00e3o de m\u00f3veis, taboados, forros, portas e caixotarias, entre outros. A produ\u00e7\u00e3o e a exporta\u00e7\u00e3o de mobili\u00e1rio confeccionado com madeira de seringueira \u00e9 atividade importante em diversos pa\u00edses asi\u00e1ticos, como Mal\u00e1sia, Indon\u00e9sia, Vietn\u00e3 e Filipinas (<a href=\"https:\/\/www.infraestruturameioambiente.sp.gov.br\/institutoflorestal\/2018\/06\/pesquisas-do-if-mostram-que-alem-da-borracha-seringueira-oferece-madeira-de-qualidade\/#:~:text=A%20madeira%20de%20seringueira%20%C3%A9,%2C%20Indon%C3%A9sia%2C%20Vietn%C3%A3%20e%20Filipinas.\">clique aqui<\/a>).<\/li>\n<\/ul>\n<p>&nbsp;<\/p>\n","protected":false},"excerpt":{"rendered":"<p>Hevea brasiliensis (Willd. ex A. Juss.) M\u00fcll. Arg Fam\u00edlia: Euphorbiaceae Nomes populares: seringueira, seringa-verdadeira, cau-chu, \u00e1rvore-da-borracha Origem: Brasil Distribui\u00e7\u00e3o Geogr\u00e1fica&#8230;<\/p>\n","protected":false},"author":24,"featured_media":0,"parent":27,"menu_order":0,"comment_status":"closed","ping_status":"closed","template":"","meta":{"footnotes":""},"class_list":["post-585","page","type-page","status-publish","hentry"],"_links":{"self":[{"href":"https:\/\/uenf.br\/projetos\/arvoresdauenf\/wp-json\/wp\/v2\/pages\/585","targetHints":{"allow":["GET"]}}],"collection":[{"href":"https:\/\/uenf.br\/projetos\/arvoresdauenf\/wp-json\/wp\/v2\/pages"}],"about":[{"href":"https:\/\/uenf.br\/projetos\/arvoresdauenf\/wp-json\/wp\/v2\/types\/page"}],"author":[{"embeddable":true,"href":"https:\/\/uenf.br\/projetos\/arvoresdauenf\/wp-json\/wp\/v2\/users\/24"}],"replies":[{"embeddable":true,"href":"https:\/\/uenf.br\/projetos\/arvoresdauenf\/wp-json\/wp\/v2\/comments?post=585"}],"version-history":[{"count":0,"href":"https:\/\/uenf.br\/projetos\/arvoresdauenf\/wp-json\/wp\/v2\/pages\/585\/revisions"}],"up":[{"embeddable":true,"href":"https:\/\/uenf.br\/projetos\/arvoresdauenf\/wp-json\/wp\/v2\/pages\/27"}],"wp:attachment":[{"href":"https:\/\/uenf.br\/projetos\/arvoresdauenf\/wp-json\/wp\/v2\/media?parent=585"}],"curies":[{"name":"wp","href":"https:\/\/api.w.org\/{rel}","templated":true}]}}