{"id":589,"date":"2019-06-15T21:33:04","date_gmt":"2019-06-16T00:33:04","guid":{"rendered":"http:\/\/uenf.br\/projetos\/arvoresdauenf\/?page_id=589"},"modified":"2024-03-27T18:19:15","modified_gmt":"2024-03-27T21:19:15","slug":"neem-2","status":"publish","type":"page","link":"https:\/\/uenf.br\/projetos\/arvoresdauenf\/especie-2\/neem-2\/","title":{"rendered":"Neem"},"content":{"rendered":"<h2 id=\"firstHeading\" class=\"firstHeading\"><i><strong>Azadirachta indica <\/strong><\/i><strong>A.Juss<\/strong><i>.<\/i><\/h2>\n<div id=\"attachment_1852\" style=\"width: 501px\" class=\"wp-caption aligncenter\"><img loading=\"lazy\" decoding=\"async\" aria-describedby=\"caption-attachment-1852\" class=\"wp-image-1852\" src=\"http:\/\/uenf.br\/projetos\/arvoresdauenf\/files\/2020\/08\/DSC06005-e1597122350896-683x1024.jpg\" alt=\"\" width=\"491\" height=\"737\" srcset=\"https:\/\/uenf.br\/projetos\/arvoresdauenf\/files\/2020\/08\/DSC06005-e1597122350896-683x1024.jpg 683w, https:\/\/uenf.br\/projetos\/arvoresdauenf\/files\/2020\/08\/DSC06005-e1597122350896-200x300.jpg 200w, https:\/\/uenf.br\/projetos\/arvoresdauenf\/files\/2020\/08\/DSC06005-e1597122350896-768x1152.jpg 768w, https:\/\/uenf.br\/projetos\/arvoresdauenf\/files\/2020\/08\/DSC06005-e1597122350896-1024x1536.jpg 1024w, https:\/\/uenf.br\/projetos\/arvoresdauenf\/files\/2020\/08\/DSC06005-e1597122350896-1365x2048.jpg 1365w\" sizes=\"auto, (max-width: 491px) 100vw, 491px\" \/><p id=\"caption-attachment-1852\" class=\"wp-caption-text\">Fotos: Christian da Cunha Ribeiro e Yara Pereira<\/p><\/div>\n<p>&nbsp;<\/p>\n<p><img loading=\"lazy\" decoding=\"async\" class=\" wp-image-1853 aligncenter\" src=\"http:\/\/uenf.br\/projetos\/arvoresdauenf\/files\/2020\/08\/DSC06001-1024x683.jpg\" alt=\"\" width=\"490\" height=\"327\" srcset=\"https:\/\/uenf.br\/projetos\/arvoresdauenf\/files\/2020\/08\/DSC06001-1024x683.jpg 1024w, https:\/\/uenf.br\/projetos\/arvoresdauenf\/files\/2020\/08\/DSC06001-300x200.jpg 300w, https:\/\/uenf.br\/projetos\/arvoresdauenf\/files\/2020\/08\/DSC06001-768x512.jpg 768w, https:\/\/uenf.br\/projetos\/arvoresdauenf\/files\/2020\/08\/DSC06001-1536x1024.jpg 1536w, https:\/\/uenf.br\/projetos\/arvoresdauenf\/files\/2020\/08\/DSC06001-2048x1365.jpg 2048w\" sizes=\"auto, (max-width: 490px) 100vw, 490px\" \/><\/p>\n<h3><strong>Fam\u00edlia: Meliaceae<\/strong><\/h3>\n<h3><strong>Nomes populares: <\/strong>\u00a0nim<strong>, \u00e1rvore-da-vida, \u00e1rvore-sagrada<\/strong><\/h3>\n<h3><strong>Origem: \u00c1sia<\/strong><\/h3>\n<h3 id=\"distribuicaoGeografica\" class=\"label\"><strong>Distribui\u00e7\u00e3o Geogr\u00e1fica<\/strong><\/h3>\n<div class=\"tabelamapa\">\n<div id=\"ocorrencia_confirmada\" class=\"label\"><strong>Ocorr\u00eancias:<\/strong><\/div>\n<ul>\n<li><b>Norte<\/b> (Par\u00e1, Rond\u00f4nia, Roraima, Tocantins)<\/li>\n<li><b>Nordeste<\/b> (Alagoas, Bahia, Cear\u00e1, Para\u00edba, Pernambuco, Piau\u00ed, Rio Grande do Norte, Sergipe)<\/li>\n<li><b>Centro-oeste<\/b> (Distrito Federal, Goi\u00e1s, Mato Grosso do Sul, Mato Grosso)<\/li>\n<li><b>Sudeste<\/b>\u00a0(Esp\u00edrito Santo, Minas Gerais, Rio de Janeiro, S\u00e3o Paulo)<\/li>\n<li><b>Sul<\/b> (Paran\u00e1)<\/li>\n<\/ul>\n<div class=\"tabelamapa\">\n<div id=\"ocorrencia_confirmada\" class=\"label\"><strong>Poss\u00edveis Ocorr\u00eancias:<\/strong><\/div>\n<ul>\n<li><b>Norte<\/b> (Amap\u00e1)<\/li>\n<li><b>Nordeste<\/b> (Maranh\u00e3o)<\/li>\n<li><b>Centro-oeste<\/b>\u00a0(Mato Grosso)<\/li>\n<li><b>Sul<\/b> (Rio Grande do Sul, Santa Catarina)<\/li>\n<\/ul>\n<p><img loading=\"lazy\" decoding=\"async\" class=\" wp-image-2702 aligncenter\" src=\"https:\/\/uenf.br\/projetos\/arvoresdauenf\/files\/2024\/03\/Neem-273x300.png\" alt=\"\" width=\"334\" height=\"367\" srcset=\"https:\/\/uenf.br\/projetos\/arvoresdauenf\/files\/2024\/03\/Neem-273x300.png 273w, https:\/\/uenf.br\/projetos\/arvoresdauenf\/files\/2024\/03\/Neem.png 342w\" sizes=\"auto, (max-width: 334px) 100vw, 334px\" \/><\/p>\n<\/div>\n<\/div>\n<h3>Curiosidades:<\/h3>\n<ul>\n<li id=\"distribuicaoGeografica\" class=\"label\">Na \u00cdndia \u00e9 considerada a \u00c1rvore Sagrada, por sua folhagem sempre verde, pela resist\u00eancia de sua madeira, por seus benef\u00edcios profil\u00e1ticos e terap\u00eauticos (<a href=\"https:\/\/pt.wikipedia.org\/wiki\/Azadirachta_indica\">clique aqui<\/a>)<\/li>\n<li>Nim \u00e9 um dos principais componentes das medicinas\u00a0Siddha,\u00a0Ayurv\u00e9dica\u00a0e\u00a0Unani, sendo particularmente usado no tratamento de\u00a0doen\u00e7as de pele.<sup id=\"cite_ref-10\" class=\"reference\"><\/sup>\u00a0As folhas de nim s\u00e3o usadas para tratar\u00a0eczema,\u00a0psor\u00edase e outras doen\u00e7as. <sup id=\"cite_ref-bbc.co.uk2_11-0\" class=\"reference\"><\/sup>O \u00f3leo de nim \u00e9 empregado para tratar os cabelos, para melhorar a\u00a0fun\u00e7\u00e3o hep\u00e1tica, desintoxicar o sangue e equilibrar os n\u00edveis de a\u00e7\u00facar no organismo<\/li>\n<li>Produtos feitos \u00e0 base de nim t\u00eam sido usados na \u00cdndia h\u00e1 mais de dois mil anos, pelos adeptos de Siddha e\u00a0Ayurv\u00e9dica, para fins medicinais,<sup id=\"cite_ref-bbc.co.uk_8-0\" class=\"reference\"><\/sup>\u00a0notadamente como\u00a0anti-helm\u00edntico,\u00a0antif\u00fangico,\u00a0antidiab\u00e9tico,\u00a0antibacteriano,\u00a0antiviral,\u00a0contraceptivo\u00a0e\u00a0sedativo<\/li>\n<li>Suas folhas, frutos, sementes, casca e madeira t\u00eam diversas aplica\u00e7\u00f5es, tanto como fonte de materiais usados pela\u00a0medicina,\u00a0veterin\u00e1ria,\u00a0cosm\u00e9tica, como na produ\u00e7\u00e3o de\u00a0adubos\u00a0e no controlo de\u00a0pragas<\/li>\n<li>As pesquisas j\u00e1 realizadas s\u00e3o ainda insuficientes para avaliar os benef\u00edcios da planta. Em adultos, o uso do nim durante per\u00edodos curtos \u00e9 seguro, mas o uso a longo prazo pode ser prejudicial aos\u00a0rins ou ao f\u00edgado. Para crian\u00e7as pequenas, o \u00f3leo de nim \u00e9 t\u00f3xico e pode levar \u00e0 morte. O nim tamb\u00e9m pode causar aborto, infertilidade e baixo n\u00edvel de a\u00e7\u00facar no sangue<\/li>\n<\/ul>\n<p>&nbsp;<\/p>\n","protected":false},"excerpt":{"rendered":"<p>Azadirachta indica A.Juss. &nbsp; Fam\u00edlia: Meliaceae Nomes populares: \u00a0nim, \u00e1rvore-da-vida, \u00e1rvore-sagrada Origem: \u00c1sia Distribui\u00e7\u00e3o Geogr\u00e1fica Ocorr\u00eancias: Norte (Par\u00e1, Rond\u00f4nia, Roraima,&#8230;<\/p>\n","protected":false},"author":24,"featured_media":0,"parent":27,"menu_order":0,"comment_status":"closed","ping_status":"closed","template":"","meta":{"footnotes":""},"class_list":["post-589","page","type-page","status-publish","hentry"],"_links":{"self":[{"href":"https:\/\/uenf.br\/projetos\/arvoresdauenf\/wp-json\/wp\/v2\/pages\/589","targetHints":{"allow":["GET"]}}],"collection":[{"href":"https:\/\/uenf.br\/projetos\/arvoresdauenf\/wp-json\/wp\/v2\/pages"}],"about":[{"href":"https:\/\/uenf.br\/projetos\/arvoresdauenf\/wp-json\/wp\/v2\/types\/page"}],"author":[{"embeddable":true,"href":"https:\/\/uenf.br\/projetos\/arvoresdauenf\/wp-json\/wp\/v2\/users\/24"}],"replies":[{"embeddable":true,"href":"https:\/\/uenf.br\/projetos\/arvoresdauenf\/wp-json\/wp\/v2\/comments?post=589"}],"version-history":[{"count":0,"href":"https:\/\/uenf.br\/projetos\/arvoresdauenf\/wp-json\/wp\/v2\/pages\/589\/revisions"}],"up":[{"embeddable":true,"href":"https:\/\/uenf.br\/projetos\/arvoresdauenf\/wp-json\/wp\/v2\/pages\/27"}],"wp:attachment":[{"href":"https:\/\/uenf.br\/projetos\/arvoresdauenf\/wp-json\/wp\/v2\/media?parent=589"}],"curies":[{"name":"wp","href":"https:\/\/api.w.org\/{rel}","templated":true}]}}