{"id":93,"date":"2019-01-11T15:35:37","date_gmt":"2019-01-11T17:35:37","guid":{"rendered":"http:\/\/uenf.br\/projetos\/arvoresdauenf\/?page_id=93"},"modified":"2024-03-27T17:50:34","modified_gmt":"2024-03-27T20:50:34","slug":"ipe-roxo","status":"publish","type":"page","link":"https:\/\/uenf.br\/projetos\/arvoresdauenf\/especie-2\/ipe-roxo\/","title":{"rendered":"Ip\u00ea roxo"},"content":{"rendered":"<h2 class=\"taxon\"><i>Handroanthus heptaphyllus <\/i>(Vell.) Mattos<\/h2>\n<h3><strong><span style=\"color: #000000\">Fam\u00edlia: Bignoniaceae<\/span><\/strong><\/h3>\n<h3>Origem: Nativa das regi\u00f5es tropicais e subtropicais da America do Sul<\/h3>\n<div>\n<h3><strong><span style=\"color: #000000\">Nomes populares: Ip\u00ea-roxo, pau- d\u2019arco<\/span><\/strong><\/h3>\n<h3 id=\"distribuicaoGeografica\" class=\"label\"><strong>Distribui\u00e7\u00e3o Geogr\u00e1fica<\/strong><\/h3>\n<div class=\"tabelamapa\">\n<h4 id=\"ocorrencia_confirmada\" class=\"label\">Ocorr\u00eancias:<\/h4>\n<div id=\"tr-carregaTaxonGrupoDistribuicaoGeograficaCertezaNordeste\" class=\"distribuicaoGeograficaCertezaNordeste\">\n<div id=\"idFieldCertezaNordeste\" class=\"field\">\n<ul>\n<li><b>Nordeste<\/b> (Bahia, Cear\u00e1, Pernambuco)<\/li>\n<li><b> Centro-Oeste<\/b>\u00a0(Mato Grosso do Sul, Mato Grosso)<\/li>\n<li><b>Sudeste<\/b> (Esp\u00edrito Santo, Minas Gerais, Rio de Janeiro, S\u00e3o Paulo)<\/li>\n<li><b>Sul<\/b>\u00a0(Paran\u00e1, Rio Grande do Sul, Santa Catarina)<\/li>\n<\/ul>\n<\/div>\n<\/div>\n<div>\n<div class=\"dominiosFitogeograficos\">\n<h3 class=\"label\"><strong>Dom\u00ednios Fitogeogr\u00e1ficos\u00a0<\/strong><\/h3>\n<\/div>\n<div id=\"tr-carregaTaxonGrupoDominiosFitogeograficos\" class=\"dominiosFitogeograficos\">\n<ul>\n<li id=\"idFieldDominiosFitogeograficos\" class=\"field\">Cerrado e Mata Atl\u00e2ntica<\/li>\n<\/ul>\n<p><img loading=\"lazy\" decoding=\"async\" class=\"size-full wp-image-1762 aligncenter\" src=\"http:\/\/uenf.br\/projetos\/arvoresdauenf\/files\/2020\/08\/ipe-roxo-min.jpg\" alt=\"\" width=\"407\" height=\"373\" srcset=\"https:\/\/uenf.br\/projetos\/arvoresdauenf\/files\/2020\/08\/ipe-roxo-min.jpg 407w, https:\/\/uenf.br\/projetos\/arvoresdauenf\/files\/2020\/08\/ipe-roxo-min-300x275.jpg 300w\" sizes=\"auto, (max-width: 407px) 100vw, 407px\" \/><\/p>\n<\/div>\n<div><\/div>\n<\/div>\n<div>Fonte:\u00a0Flora do Brasil, 2020 (<a href=\"http:\/\/floradobrasil.jbrj.gov.br\/reflora\/listaBrasil\/ConsultaPublicaUC\/BemVindoConsultaPublicaConsultar.do?invalidatePageControlCounter=1&amp;idsFilhosAlgas=%5B2%5D&amp;idsFilhosFungos=%5B1%2C10%2C11%5D&amp;lingua=&amp;grupo=5&amp;familia=null&amp;genero=&amp;especie=&amp;autor=&amp;nomeVernaculo=&amp;nomeCompleto=Bignoniaceae+Handroanthus+heptaphyllus+%28Vell.%29+Mattos&amp;formaVida=null&amp;substrato=null&amp;ocorreBrasil=QUALQUER&amp;ocorrencia=OCORRE&amp;endemismo=TODOS&amp;origem=TODOS&amp;regiao=QUALQUER&amp;estado=QUALQUER&amp;ilhaOceanica=32767&amp;domFitogeograficos=QUALQUER&amp;bacia=QUALQUER&amp;vegetacao=TODOS&amp;mostrarAte=SUBESP_VAR&amp;opcoesBusca=TODOS_OS_NOMES&amp;loginUsuario=Visitante&amp;senhaUsuario=&amp;contexto=consulta-publica\">clique aqui<\/a>)<\/div>\n<div><\/div>\n<\/div>\n<div>Ip\u00eas roxos podem ser encontrados no <em>campus<\/em> Leonel Brizola, no <em>campus<\/em> de Maca\u00e9 a na UAP- Solar dos Jesu\u00edtas.<\/div>\n<\/div>\n<div><\/div>\n<div id=\"attachment_814\" style=\"width: 348px\" class=\"wp-caption alignleft\"><img loading=\"lazy\" decoding=\"async\" aria-describedby=\"caption-attachment-814\" class=\"wp-image-814\" src=\"http:\/\/uenf.br\/projetos\/arvoresdauenf\/files\/2019\/09\/16.11.1998-1024x640.jpg\" alt=\"\" width=\"338\" height=\"212\" srcset=\"https:\/\/uenf.br\/projetos\/arvoresdauenf\/files\/2019\/09\/16.11.1998-1024x640.jpg 1024w, https:\/\/uenf.br\/projetos\/arvoresdauenf\/files\/2019\/09\/16.11.1998-300x187.jpg 300w, https:\/\/uenf.br\/projetos\/arvoresdauenf\/files\/2019\/09\/16.11.1998-768x480.jpg 768w, https:\/\/uenf.br\/projetos\/arvoresdauenf\/files\/2019\/09\/16.11.1998-150x94.jpg 150w, https:\/\/uenf.br\/projetos\/arvoresdauenf\/files\/2019\/09\/16.11.1998-400x250.jpg 400w, https:\/\/uenf.br\/projetos\/arvoresdauenf\/files\/2019\/09\/16.11.1998.jpg 1788w\" sizes=\"auto, (max-width: 338px) 100vw, 338px\" \/><p id=\"caption-attachment-814\" class=\"wp-caption-text\">Mudas de ip\u00ea roxo, em 1998. Foto: Jose Geraldo de A. Carneiro<\/p><\/div>\n<div id=\"attachment_1417\" style=\"width: 430px\" class=\"wp-caption alignright\"><img loading=\"lazy\" decoding=\"async\" aria-describedby=\"caption-attachment-1417\" class=\"wp-image-1417\" src=\"http:\/\/uenf.br\/projetos\/arvoresdauenf\/files\/2020\/07\/ipe-1024x515.png\" alt=\"\" width=\"420\" height=\"211\" srcset=\"https:\/\/uenf.br\/projetos\/arvoresdauenf\/files\/2020\/07\/ipe-1024x515.png 1024w, https:\/\/uenf.br\/projetos\/arvoresdauenf\/files\/2020\/07\/ipe-300x151.png 300w, https:\/\/uenf.br\/projetos\/arvoresdauenf\/files\/2020\/07\/ipe-768x386.png 768w, https:\/\/uenf.br\/projetos\/arvoresdauenf\/files\/2020\/07\/ipe.png 1150w\" sizes=\"auto, (max-width: 420px) 100vw, 420px\" \/><p id=\"caption-attachment-1417\" class=\"wp-caption-text\">\u00c1rvores de ip\u00ea roxo, em 2019. H\u00e1 83 indiv\u00edduos adultos no <em>campus<\/em> Leonel Brizola. Foto: Yara Pereira<\/p><\/div>\n<p>&nbsp;<\/p>\n<p>&nbsp;<\/p>\n<p>&nbsp;<\/p>\n<p>&nbsp;<\/p>\n<p>&nbsp;<\/p>\n<p>&nbsp;<\/p>\n<p>&nbsp;<\/p>\n<div id=\"attachment_1855\" style=\"width: 488px\" class=\"wp-caption aligncenter\"><img loading=\"lazy\" decoding=\"async\" aria-describedby=\"caption-attachment-1855\" class=\"wp-image-1855\" src=\"http:\/\/uenf.br\/projetos\/arvoresdauenf\/files\/2020\/08\/WhatsApp-Image-2020-08-07-at-18.03.04.jpeg\" alt=\"\" width=\"478\" height=\"598\" srcset=\"https:\/\/uenf.br\/projetos\/arvoresdauenf\/files\/2020\/08\/WhatsApp-Image-2020-08-07-at-18.03.04.jpeg 720w, https:\/\/uenf.br\/projetos\/arvoresdauenf\/files\/2020\/08\/WhatsApp-Image-2020-08-07-at-18.03.04-240x300.jpeg 240w\" sizes=\"auto, (max-width: 478px) 100vw, 478px\" \/><p id=\"caption-attachment-1855\" class=\"wp-caption-text\">Foto: Douglas Terra Machado<\/p><\/div>\n<div id=\"attachment_1856\" style=\"width: 491px\" class=\"wp-caption aligncenter\"><img loading=\"lazy\" decoding=\"async\" aria-describedby=\"caption-attachment-1856\" class=\"wp-image-1856\" src=\"http:\/\/uenf.br\/projetos\/arvoresdauenf\/files\/2020\/08\/66842326_336728407035435_2728051075369881806_n-1024x1024.jpg\" alt=\"\" width=\"481\" height=\"481\" srcset=\"https:\/\/uenf.br\/projetos\/arvoresdauenf\/files\/2020\/08\/66842326_336728407035435_2728051075369881806_n-1024x1024.jpg 1024w, https:\/\/uenf.br\/projetos\/arvoresdauenf\/files\/2020\/08\/66842326_336728407035435_2728051075369881806_n-300x300.jpg 300w, https:\/\/uenf.br\/projetos\/arvoresdauenf\/files\/2020\/08\/66842326_336728407035435_2728051075369881806_n-150x150.jpg 150w, https:\/\/uenf.br\/projetos\/arvoresdauenf\/files\/2020\/08\/66842326_336728407035435_2728051075369881806_n-768x768.jpg 768w, https:\/\/uenf.br\/projetos\/arvoresdauenf\/files\/2020\/08\/66842326_336728407035435_2728051075369881806_n.jpg 1080w\" sizes=\"auto, (max-width: 481px) 100vw, 481px\" \/><p id=\"caption-attachment-1856\" class=\"wp-caption-text\">Foto: Francielle Guimar\u00e3es<\/p><\/div>\n<div id=\"attachment_1857\" style=\"width: 485px\" class=\"wp-caption aligncenter\"><img loading=\"lazy\" decoding=\"async\" aria-describedby=\"caption-attachment-1857\" class=\"wp-image-1857\" src=\"http:\/\/uenf.br\/projetos\/arvoresdauenf\/files\/2020\/08\/64839278_479687759256207_2751327469555519109_n-1024x1024.jpg\" alt=\"\" width=\"475\" height=\"475\" srcset=\"https:\/\/uenf.br\/projetos\/arvoresdauenf\/files\/2020\/08\/64839278_479687759256207_2751327469555519109_n-1024x1024.jpg 1024w, https:\/\/uenf.br\/projetos\/arvoresdauenf\/files\/2020\/08\/64839278_479687759256207_2751327469555519109_n-300x300.jpg 300w, https:\/\/uenf.br\/projetos\/arvoresdauenf\/files\/2020\/08\/64839278_479687759256207_2751327469555519109_n-150x150.jpg 150w, https:\/\/uenf.br\/projetos\/arvoresdauenf\/files\/2020\/08\/64839278_479687759256207_2751327469555519109_n-768x768.jpg 768w, https:\/\/uenf.br\/projetos\/arvoresdauenf\/files\/2020\/08\/64839278_479687759256207_2751327469555519109_n.jpg 1080w\" sizes=\"auto, (max-width: 475px) 100vw, 475px\" \/><p id=\"caption-attachment-1857\" class=\"wp-caption-text\">Flora\u00e7\u00e3o do ip\u00ea roxo. Foto: Yara Pereira<\/p><\/div>\n<div>\n<div class=\"tabelamapa\">\n<h3>Curiosidades:<\/h3>\n<ul>\n<li>Polissacar\u00eddeo das folhas de <em>H. heptaphyllus<\/em> apresentam efeitos gastroprotetores e cicatrizantes de \u00falcera g\u00e1strica em ensaios <em>in vivo<\/em> agudos e cr\u00f4nicos. (<a href=\"https:\/\/pdf.sciencedirectassets.com\/271345\/1-s2.0-S0144861719X00193\/1-s2.0-S0144861719309063\/main.pdf?X-Amz-Security-Token=IQoJb3JpZ2luX2VjEJf%2F%2F%2F%2F%2F%2F%2F%2F%2F%2FwEaCXVzLWVhc3QtMSJGMEQCICR6mZ%2FzRBYfhIP6NW%2BR0%2BKYvRYWv6BOOZl9INOkXjIdAiBRZce8%2FmcCZGHu%2F1s1yQN2RuFNrcxVW2pCfAfePJOc0Sq0AwhPEAMaDDA1OTAwMzU0Njg2NSIM7d2zUYY2TbQo%2By7VKpEDanfL2pppt0uAvATNN%2Bu3%2FyNX8gblB2o9dnfBF9XS8%2FzQPTi6toewtDIL3Y1KK%2FAFn3aFTh1PdP67dRPbdT%2FW7nF8FYUbxt5AB9zCQ%2BaFx7F03eGyZwFzYtiuapDL4MzDkWFXacQO9P7b8XKaJOigIFrACxlk1MRyx%2BVB%2BlI%2FNDlBamrAwbyPlzU2bumJJSsjieXMZBc4YuP7HsNutTtWX8s5Tka0U07w85olzZOdKcxOWHE%2B0tHEEIulofA3BZ83DSMwyNR9AxxY4V1MqGHsAkqS2n3hhn9BXfig4NhXoCUAZnJUoJAmJlcE7SnxQkKIJogOdUcIWHAbi5ap6noRe%2FaOBDLecs8zn6eydkNR6d%2FYu8b4UVD%2FbkdWmmanEmKuXatfJu1tfPIj2Ubu0Ihu0G4WX29xKyDRnUplkBwAzhzrsO%2FeYc5p%2Fg3T%2BSZAW97jaNVXRsEwHjbmtncNWeterZYEyy0WPlcqklJR5K709mqrcapAuXEwaEFYwhzjalBiuPG39BDkwlGV48i9x3HRGUAw89Pd%2BAU67AEQj7oWfpj1Y3HjdwzE64paomPO%2FoewODvPMGs48o6IxfRiZRobn1Aua5hGZ1%2B7H4EOxW4WivAC%2BuC27935n5aJUVTZCj5M8iOL854jsrSMaoPUI4ha%2FOIYvN5uZk8h9xzlZteV25L7xhsOcFkG6Bp9u46fdy9BbBJlrUzTLXLxaPEM7ZLQluH6aHzDJXNJPjOj%2FtL2GR1%2FAKCguWOVDfCRMuhxo4qoNYnh%2BUhIJVkC2x5zxJXa6HiGsMHK%2BE5K5fdG5%2BVRub3GU2HYhta%2FJQIn%2B3tSrDpjeqcW7WQjDmZwdanx6QQXnZyFaiIskQ%3D%3D&amp;X-Amz-Algorithm=AWS4-HMAC-SHA256&amp;X-Amz-Date=20200721T230906Z&amp;X-Amz-SignedHeaders=host&amp;X-Amz-Expires=300&amp;X-Amz-Credential=ASIAQ3PHCVTY5WV4REL3%2F20200721%2Fus-east-1%2Fs3%2Faws4_request&amp;X-Amz-Signature=7850696eafe50eff7731866e0acd6e53ce2edb44fab4f5c5d2132c62512efa19&amp;hash=a330061eaddf664b358f93e6bc5f35c78f0149d1afeb5780546a9b0af1aa1f69&amp;host=68042c943591013ac2b2430a89b270f6af2c76d8dfd086a07176afe7c76c2c61&amp;pii=S0144861719309063&amp;tid=spdf-db092091-58ca-4b70-935f-b533d93b0d30&amp;sid=91fcfed7829bd143868b40315fc3f71adbefgxrqa&amp;type=client\">clique aqui<\/a>)<\/li>\n<\/ul>\n<p>&nbsp;<\/p>\n<\/div>\n<\/div>\n","protected":false},"excerpt":{"rendered":"<p>Handroanthus heptaphyllus (Vell.) Mattos Fam\u00edlia: Bignoniaceae Origem: Nativa das regi\u00f5es tropicais e subtropicais da America do Sul Nomes populares: Ip\u00ea-roxo,&#8230;<\/p>\n","protected":false},"author":22,"featured_media":0,"parent":27,"menu_order":0,"comment_status":"closed","ping_status":"closed","template":"","meta":{"footnotes":""},"class_list":["post-93","page","type-page","status-publish","hentry"],"_links":{"self":[{"href":"https:\/\/uenf.br\/projetos\/arvoresdauenf\/wp-json\/wp\/v2\/pages\/93","targetHints":{"allow":["GET"]}}],"collection":[{"href":"https:\/\/uenf.br\/projetos\/arvoresdauenf\/wp-json\/wp\/v2\/pages"}],"about":[{"href":"https:\/\/uenf.br\/projetos\/arvoresdauenf\/wp-json\/wp\/v2\/types\/page"}],"author":[{"embeddable":true,"href":"https:\/\/uenf.br\/projetos\/arvoresdauenf\/wp-json\/wp\/v2\/users\/22"}],"replies":[{"embeddable":true,"href":"https:\/\/uenf.br\/projetos\/arvoresdauenf\/wp-json\/wp\/v2\/comments?post=93"}],"version-history":[{"count":0,"href":"https:\/\/uenf.br\/projetos\/arvoresdauenf\/wp-json\/wp\/v2\/pages\/93\/revisions"}],"up":[{"embeddable":true,"href":"https:\/\/uenf.br\/projetos\/arvoresdauenf\/wp-json\/wp\/v2\/pages\/27"}],"wp:attachment":[{"href":"https:\/\/uenf.br\/projetos\/arvoresdauenf\/wp-json\/wp\/v2\/media?parent=93"}],"curies":[{"name":"wp","href":"https:\/\/api.w.org\/{rel}","templated":true}]}}