{"id":947,"date":"2019-12-13T14:45:57","date_gmt":"2019-12-13T17:45:57","guid":{"rendered":"http:\/\/uenf.br\/projetos\/arvoresdauenf\/?page_id=947"},"modified":"2022-06-08T23:36:13","modified_gmt":"2022-06-09T02:36:13","slug":"seriguela","status":"publish","type":"page","link":"https:\/\/uenf.br\/projetos\/arvoresdauenf\/especie-2\/seriguela\/","title":{"rendered":"Seriguela"},"content":{"rendered":"<h2 class=\"taxon\"><i><b>Spondias purpurea <\/b><\/i><b>L<\/b><i><b>.<\/b><\/i><\/h2>\n<div id=\"attachment_1608\" style=\"width: 477px\" class=\"wp-caption aligncenter\"><img loading=\"lazy\" decoding=\"async\" aria-describedby=\"caption-attachment-1608\" class=\"wp-image-1608\" src=\"http:\/\/uenf.br\/projetos\/arvoresdauenf\/files\/2020\/08\/IMG_20200724_091611825_HDR-768x1024.jpg\" alt=\"\" width=\"467\" height=\"622\" srcset=\"https:\/\/uenf.br\/projetos\/arvoresdauenf\/files\/2020\/08\/IMG_20200724_091611825_HDR-768x1024.jpg 768w, https:\/\/uenf.br\/projetos\/arvoresdauenf\/files\/2020\/08\/IMG_20200724_091611825_HDR-225x300.jpg 225w, https:\/\/uenf.br\/projetos\/arvoresdauenf\/files\/2020\/08\/IMG_20200724_091611825_HDR-1152x1536.jpg 1152w, https:\/\/uenf.br\/projetos\/arvoresdauenf\/files\/2020\/08\/IMG_20200724_091611825_HDR-1536x2048.jpg 1536w\" sizes=\"auto, (max-width: 467px) 100vw, 467px\" \/><p id=\"caption-attachment-1608\" class=\"wp-caption-text\">Seriguela no campus Leone Brizola. Foto: Christian Ribeiro<\/p><\/div>\n<h3><strong><span style=\"color: #000000\">Fam\u00edlia: <\/span><\/strong>Anacardiaceae<\/h3>\n<h3><strong><span style=\"color: #000000\">Nomes populares: <b>Siriguela<\/b>, Ciriguela, Ciruela, Ambu, Ambuzeiro, Ameixa-da-espanha, Caj\u00e1-vermelho, Ciroela, Imbu, Imbuzeiro, Umbu, Umbuzeiro, Jocote, Ciruela-mexicana.<\/span><\/strong><\/h3>\n<h3>Origem: \u00a0M\u00e9xico e Am\u00e9rica Central<\/h3>\n<h3 id=\"ocorrencia_confirmada\" class=\"label\">Ocorr\u00eancias :<\/h3>\n<ul>\n<li id=\"idFieldCertezaNorte\" class=\"field\">Norte\u00a0(Amazonas, Par\u00e1)<\/li>\n<li id=\"idFieldCertezaNordeste\" class=\"field\">Nordeste\u00a0(Alagoas, Bahia, Cear\u00e1, Para\u00edba, Pernambuco, Piau\u00ed, Rio Grande do Norte, Sergipe)<\/li>\n<li class=\"field\">Sudeste (Esp\u00edrito Santo, Rio de Janeiro)<\/li>\n<\/ul>\n<div id=\"idFieldCertezaSudeste\" class=\"field\"><\/div>\n<h3><strong><img loading=\"lazy\" decoding=\"async\" class=\"size-full wp-image-2216 aligncenter\" src=\"https:\/\/uenf.br\/projetos\/arvoresdauenf\/files\/2022\/06\/Captura-de-Tela-13.png\" alt=\"\" width=\"313\" height=\"355\" srcset=\"https:\/\/uenf.br\/projetos\/arvoresdauenf\/files\/2022\/06\/Captura-de-Tela-13.png 313w, https:\/\/uenf.br\/projetos\/arvoresdauenf\/files\/2022\/06\/Captura-de-Tela-13-265x300.png 265w\" sizes=\"auto, (max-width: 313px) 100vw, 313px\" \/><\/strong><\/h3>\n<p>Fonte: Flora do Brasil, 2022 <a href=\"http:\/\/reflora.jbrj.gov.br\/reflora\/listaBrasil\/ConsultaPublicaUC\/BemVindoConsultaPublicaConsultar.do?invalidatePageControlCounter=3&amp;idsFilhosAlgas=%5B2%5D&amp;idsFilhosFungos=%5B1%2C11%2C10%5D&amp;lingua=&amp;grupo=6&amp;familia=null&amp;genero=&amp;especie=&amp;autor=&amp;nomeVernaculo=siriguela&amp;nomeCompleto=&amp;formaVida=null&amp;substrato=null&amp;ocorreBrasil=QUALQUER&amp;ocorrencia=OCORRE&amp;endemismo=TODOS&amp;origem=TODOS&amp;regiao=QUALQUER&amp;estado=QUALQUER&amp;ilhaOceanica=32767&amp;domFitogeograficos=QUALQUER&amp;bacia=QUALQUER&amp;vegetacao=TODOS&amp;mostrarAte=SUBESP_VAR&amp;opcoesBusca=TODOS_OS_NOMES&amp;loginUsuario=Visitante&amp;senhaUsuario=&amp;contexto=consulta-publica\">(Clique aqui)<\/a><\/p>\n<h3><strong>\u00a0 \u00a0 Curiosidades:\u00a0<\/strong><\/h3>\n<ul>\n<li>\u00a0Seus frutos s\u00e3o consideravelmente utilizados na gastronomia brasileira, onde podem ser consumidos <em>in natura,<\/em> como em sorvetes, geleias, sucos, salada de frutas, licores e tamb\u00e9m no preparo de pratos salgados.<\/li>\n<li>Ricos em \u00e1cido asc\u00f3rbico, os frutos da seriguela, com ou sem casca se destacam no ponto de vista alimentar. <a href=\"https:\/\/www.livrosgratis.com.br\/ler-livro-online-142450\/seriguela-spondias-purpurea-l--propriedades-fisico-quimicas-e-desenvolvimento-de-geleia-de-doce-de-corte-e-aceitabilidade-desses-produtos\">(Clique aqui)<\/a><\/li>\n<li>\u00c9 poss\u00edvel utilizar a farinha do caro\u00e7o de seriguela, no desenvolvimento de produtos aliment\u00edcios.<\/li>\n<li>As folhas e cascas do caule da seriguela podem apresentar potencial fitoter\u00e1pico.\u00a0<a href=\"https:\/\/editorarealize.com.br\/artigo\/visualizar\/23564\">(Clique aqui)<\/a><\/li>\n<li>O seu fruto verde, apresenta pH \u00e1cido o que dificulta a prolifera\u00e7\u00e3o de microrganismos nos mesmos.\u00a0<a href=\"https:\/\/www.confea.org.br\/sites\/default\/files\/antigos\/contecc2018\/agronomia\/41_afdfdsvpdpdr.pdf\">(Clique aqui)\u00a0\u00a0<\/a><\/li>\n<li>Res\u00edduos da seriguela podem ser utilizados no preparo de biscoitos, uma vez que pode se tratar de uma alternativa de alto valor nutricional e de baixo custo.\u00a0<a href=\"https:\/\/www.scielo.br\/j\/rbf\/a\/WzHgYdRH44xvRPryQQ4M8XL\/\">(Clique aqui)<\/a><\/li>\n<\/ul>\n","protected":false},"excerpt":{"rendered":"<p>Spondias purpurea L. Fam\u00edlia: Anacardiaceae Nomes populares: Siriguela, Ciriguela, Ciruela, Ambu, Ambuzeiro, Ameixa-da-espanha, Caj\u00e1-vermelho, Ciroela, Imbu, Imbuzeiro, Umbu, Umbuzeiro, Jocote,&#8230;<\/p>\n","protected":false},"author":24,"featured_media":0,"parent":27,"menu_order":0,"comment_status":"closed","ping_status":"closed","template":"","meta":{"footnotes":""},"class_list":["post-947","page","type-page","status-publish","hentry"],"_links":{"self":[{"href":"https:\/\/uenf.br\/projetos\/arvoresdauenf\/wp-json\/wp\/v2\/pages\/947","targetHints":{"allow":["GET"]}}],"collection":[{"href":"https:\/\/uenf.br\/projetos\/arvoresdauenf\/wp-json\/wp\/v2\/pages"}],"about":[{"href":"https:\/\/uenf.br\/projetos\/arvoresdauenf\/wp-json\/wp\/v2\/types\/page"}],"author":[{"embeddable":true,"href":"https:\/\/uenf.br\/projetos\/arvoresdauenf\/wp-json\/wp\/v2\/users\/24"}],"replies":[{"embeddable":true,"href":"https:\/\/uenf.br\/projetos\/arvoresdauenf\/wp-json\/wp\/v2\/comments?post=947"}],"version-history":[{"count":0,"href":"https:\/\/uenf.br\/projetos\/arvoresdauenf\/wp-json\/wp\/v2\/pages\/947\/revisions"}],"up":[{"embeddable":true,"href":"https:\/\/uenf.br\/projetos\/arvoresdauenf\/wp-json\/wp\/v2\/pages\/27"}],"wp:attachment":[{"href":"https:\/\/uenf.br\/projetos\/arvoresdauenf\/wp-json\/wp\/v2\/media?parent=947"}],"curies":[{"name":"wp","href":"https:\/\/api.w.org\/{rel}","templated":true}]}}

<h2 class="taxon"><i><b>Spondias purpurea </b></i><b>L</b><i><b>.</b></i></h2>
<div id="attachment_1608" style="width: 477px" class="wp-caption aligncenter"><img loading="lazy" decoding="async" aria-describedby="caption-attachment-1608" class="wp-image-1608" src="http://uenf.br/projetos/arvoresdauenf/files/2020/08/IMG_20200724_091611825_HDR-768x1024.jpg" alt="" width="467" height="622" srcset="https://uenf.br/projetos/arvoresdauenf/files/2020/08/IMG_20200724_091611825_HDR-768x1024.jpg 768w, https://uenf.br/projetos/arvoresdauenf/files/2020/08/IMG_20200724_091611825_HDR-225x300.jpg 225w, https://uenf.br/projetos/arvoresdauenf/files/2020/08/IMG_20200724_091611825_HDR-1152x1536.jpg 1152w, https://uenf.br/projetos/arvoresdauenf/files/2020/08/IMG_20200724_091611825_HDR-1536x2048.jpg 1536w" sizes="auto, (max-width: 467px) 100vw, 467px" /><p id="caption-attachment-1608" class="wp-caption-text">Seriguela no campus Leone Brizola. Foto: Christian Ribeiro</p></div>
<h3><strong><span style="color: #000000">Família: </span></strong>Anacardiaceae</h3>
<h3><strong><span style="color: #000000">Nomes populares: <b>Siriguela</b>, Ciriguela, Ciruela, Ambu, Ambuzeiro, Ameixa-da-espanha, Cajá-vermelho, Ciroela, Imbu, Imbuzeiro, Umbu, Umbuzeiro, Jocote, Ciruela-mexicana.</span></strong></h3>
<h3>Origem:  México e América Central</h3>
<h3 id="ocorrencia_confirmada" class="label">Ocorrências :</h3>
<ul>
<li id="idFieldCertezaNorte" class="field">Norte (Amazonas, Pará)</li>
<li id="idFieldCertezaNordeste" class="field">Nordeste (Alagoas, Bahia, Ceará, Paraíba, Pernambuco, Piauí, Rio Grande do Norte, Sergipe)</li>
<li class="field">Sudeste (Espírito Santo, Rio de Janeiro)</li>
</ul>
<div id="idFieldCertezaSudeste" class="field"></div>
<h3><strong><img loading="lazy" decoding="async" class="size-full wp-image-2216 aligncenter" src="https://uenf.br/projetos/arvoresdauenf/files/2022/06/Captura-de-Tela-13.png" alt="" width="313" height="355" srcset="https://uenf.br/projetos/arvoresdauenf/files/2022/06/Captura-de-Tela-13.png 313w, https://uenf.br/projetos/arvoresdauenf/files/2022/06/Captura-de-Tela-13-265x300.png 265w" sizes="auto, (max-width: 313px) 100vw, 313px" /></strong></h3>
<p>Fonte: Flora do Brasil, 2022 <a href="http://reflora.jbrj.gov.br/reflora/listaBrasil/ConsultaPublicaUC/BemVindoConsultaPublicaConsultar.do?invalidatePageControlCounter=3&amp;idsFilhosAlgas=%5B2%5D&amp;idsFilhosFungos=%5B1%2C11%2C10%5D&amp;lingua=&amp;grupo=6&amp;familia=null&amp;genero=&amp;especie=&amp;autor=&amp;nomeVernaculo=siriguela&amp;nomeCompleto=&amp;formaVida=null&amp;substrato=null&amp;ocorreBrasil=QUALQUER&amp;ocorrencia=OCORRE&amp;endemismo=TODOS&amp;origem=TODOS&amp;regiao=QUALQUER&amp;estado=QUALQUER&amp;ilhaOceanica=32767&amp;domFitogeograficos=QUALQUER&amp;bacia=QUALQUER&amp;vegetacao=TODOS&amp;mostrarAte=SUBESP_VAR&amp;opcoesBusca=TODOS_OS_NOMES&amp;loginUsuario=Visitante&amp;senhaUsuario=&amp;contexto=consulta-publica">(Clique aqui)</a></p>
<h3><strong>    Curiosidades: </strong></h3>
<ul>
<li> Seus frutos são consideravelmente utilizados na gastronomia brasileira, onde podem ser consumidos <em>in natura,</em> como em sorvetes, geleias, sucos, salada de frutas, licores e também no preparo de pratos salgados.</li>
<li>Ricos em ácido ascórbico, os frutos da seriguela, com ou sem casca se destacam no ponto de vista alimentar. <a href="https://www.livrosgratis.com.br/ler-livro-online-142450/seriguela-spondias-purpurea-l--propriedades-fisico-quimicas-e-desenvolvimento-de-geleia-de-doce-de-corte-e-aceitabilidade-desses-produtos">(Clique aqui)</a></li>
<li>É possível utilizar a farinha do caroço de seriguela, no desenvolvimento de produtos alimentícios.</li>
<li>As folhas e cascas do caule da seriguela podem apresentar potencial fitoterápico. <a href="https://editorarealize.com.br/artigo/visualizar/23564">(Clique aqui)</a></li>
<li>O seu fruto verde, apresenta pH ácido o que dificulta a proliferação de microrganismos nos mesmos. <a href="https://www.confea.org.br/sites/default/files/antigos/contecc2018/agronomia/41_afdfdsvpdpdr.pdf">(Clique aqui)  </a></li>
<li>Resíduos da seriguela podem ser utilizados no preparo de biscoitos, uma vez que pode se tratar de uma alternativa de alto valor nutricional e de baixo custo. <a href="https://www.scielo.br/j/rbf/a/WzHgYdRH44xvRPryQQ4M8XL/">(Clique aqui)</a></li>
</ul>

<p>Spondias purpurea L. Família: Anacardiaceae Nomes populares: Siriguela, Ciriguela, Ciruela, Ambu, Ambuzeiro, Ameixa-da-espanha, Cajá-vermelho, Ciroela, Imbu, Imbuzeiro, Umbu, Umbuzeiro, Jocote,&#8230;</p>
