{"id":957,"date":"2019-12-13T14:54:44","date_gmt":"2019-12-13T17:54:44","guid":{"rendered":"http:\/\/uenf.br\/projetos\/arvoresdauenf\/?page_id=957"},"modified":"2022-06-08T20:22:18","modified_gmt":"2022-06-08T23:22:18","slug":"tamarindo","status":"publish","type":"page","link":"https:\/\/uenf.br\/projetos\/arvoresdauenf\/especie-2\/tamarindo\/","title":{"rendered":"Tamarindo"},"content":{"rendered":"<h2 class=\"taxon\"><strong><i>Tamarindus indica <\/i>L.<\/strong><\/h2>\n<p style=\"text-align: left\"><strong>\u00a0 \u00a0 \u00a0 \u00a0\u00a0<i>Tamarindus indica <\/i>L. \u00e9 uma \u00e1rvore frut\u00edfera que pode chegar aos 25 m de altura. O seu tronco de cor cinza-escuro \u00e9 \u00e1spero e a madeira do mesmo, \u00e9 de boa qualidade para diversos fins, como a fabrica\u00e7\u00e3o de m\u00f3veis, estacas e pe\u00e7as residenciais.\u00a0<\/strong><\/p>\n<div id=\"attachment_1627\" style=\"width: 407px\" class=\"wp-caption aligncenter\"><img loading=\"lazy\" decoding=\"async\" aria-describedby=\"caption-attachment-1627\" class=\"wp-image-1627\" src=\"http:\/\/uenf.br\/projetos\/arvoresdauenf\/files\/2020\/08\/IMG_20200724_093437607_HDR.jpg\" alt=\"A Tamarindus indica L. \u00e9 uma \u00e1rvore frut\u00edfera e pode chegar aos 25 m de altura.\" width=\"397\" height=\"529\" srcset=\"https:\/\/uenf.br\/projetos\/arvoresdauenf\/files\/2020\/08\/IMG_20200724_093437607_HDR.jpg 662w, https:\/\/uenf.br\/projetos\/arvoresdauenf\/files\/2020\/08\/IMG_20200724_093437607_HDR-225x300.jpg 225w\" sizes=\"auto, (max-width: 397px) 100vw, 397px\" \/><p id=\"caption-attachment-1627\" class=\"wp-caption-text\">\u00c1rvore da esp\u00e9cie <i>Tamarindus indica <\/i>L. Foto: Christian Ribeiro<span style=\"font-size: 16px\">\u00a0<\/span><\/p><\/div>\n<p><strong><em>\u00a0 \u00a0 \u00a0 \u00a0<\/em><\/strong><\/p>\n<h3><strong style=\"font-size: 16px\"><span style=\"color: #000000\">Fam\u00edlia: Fabaceae<\/span><\/strong><\/h3>\n<h3><strong><span style=\"color: #000000\">Nomes populares: T<\/span><\/strong><strong><span style=\"color: #000000\">amarindo<\/span><\/strong><span style=\"color: #000000\"><strong>,<\/strong>\u00a0tambarino,\u00a0<\/span><span style=\"color: #000000\">tamarindeiro,\u00a0tamarineira,\u00a0<\/span><span style=\"color: #000000\">tamarineiro.<\/span><\/h3>\n<h3>Origem: \u00a0Savanas\u00a0africanas<\/h3>\n<h3 id=\"distribuicaoGeografica\" class=\"label\"><strong>Distribui\u00e7\u00e3o Geogr\u00e1fica<\/strong><\/h3>\n<div class=\"tabelamapa\">\n<div id=\"ocorrencia_confirmada\" class=\"label\"><strong>Ocorr\u00eancias:<\/strong><\/div>\n<div>\n<div id=\"tr-carregaTaxonGrupoDistribuicaoGeograficaCertezaNorte\" class=\"distribuicaoGeograficaCertezaNorte\">\n<ul>\n<li id=\"idFieldCertezaNorte\" class=\"field\"><b>Norte<\/b> (Acre, Amazonas, Amap\u00e1, Par\u00e1, Rond\u00f4nia, Roraima, Tocantins)<\/li>\n<li class=\"field\"><b>Nordeste<\/b> (Alagoas, Bahia, Cear\u00e1, Maranh\u00e3o, Para\u00edba, Pernambuco, Piau\u00ed, Rio Grande do Norte, Sergipe)<\/li>\n<li class=\"field\"><b>Centro-Oeste<\/b> (Distrito Federal, Goi\u00e1s, Mato Grosso do Sul, Mato Grosso)<\/li>\n<li class=\"field\"><b>Sudeste<\/b> (Esp\u00edrito Santo, Minas Gerais, Rio de Janeiro, S\u00e3o Paulo)<\/li>\n<li class=\"field\"><b>Sul<\/b>\u00a0(Paran\u00e1, Rio Grande do Sul, Santa Catarina)<\/li>\n<\/ul>\n<h3 class=\"label\"><strong>Dom\u00ednios Fitogeogr\u00e1ficos\u00a0<\/strong><\/h3>\n<ul>\n<li>Amaz\u00f4nia, Caatinga, Cerrado, Mata Atl\u00e2ntica<\/li>\n<\/ul>\n<p style=\"text-align: center\"><img loading=\"lazy\" decoding=\"async\" class=\"size-full wp-image-1821\" src=\"http:\/\/uenf.br\/projetos\/arvoresdauenf\/files\/2020\/08\/tamarindo-min.jpg\" alt=\"\" width=\"368\" height=\"355\" srcset=\"https:\/\/uenf.br\/projetos\/arvoresdauenf\/files\/2020\/08\/tamarindo-min.jpg 368w, https:\/\/uenf.br\/projetos\/arvoresdauenf\/files\/2020\/08\/tamarindo-min-300x289.jpg 300w\" sizes=\"auto, (max-width: 368px) 100vw, 368px\" \/><\/p>\n<p>Fonte: Flora do Brasil, 2020 (<a href=\"http:\/\/floradobrasil.jbrj.gov.br\/reflora\/listaBrasil\/ConsultaPublicaUC\/BemVindoConsultaPublicaConsultar.do?invalidatePageControlCounter=9&amp;idsFilhosAlgas=%5B2%5D&amp;idsFilhosFungos=%5B1%2C10%2C11%5D&amp;lingua=&amp;grupo=5&amp;familia=null&amp;genero=&amp;especie=&amp;autor=&amp;nomeVernaculo=tamarindo&amp;nomeCompleto=Fabaceae+Tamarindus+indica+L.&amp;formaVida=null&amp;substrato=null&amp;ocorreBrasil=QUALQUER&amp;ocorrencia=OCORRE&amp;endemismo=TODOS&amp;origem=TODOS&amp;regiao=QUALQUER&amp;estado=QUALQUER&amp;ilhaOceanica=32767&amp;domFitogeograficos=QUALQUER&amp;bacia=QUALQUER&amp;vegetacao=TODOS&amp;mostrarAte=SUBESP_VAR&amp;opcoesBusca=NOME_ACEITO&amp;loginUsuario=Visitante&amp;senhaUsuario=&amp;contexto=consulta-publica\">clique aqui<\/a>)<\/p>\n<p>&nbsp;<\/p>\n<div id=\"attachment_1629\" style=\"width: 413px\" class=\"wp-caption aligncenter\"><img loading=\"lazy\" decoding=\"async\" aria-describedby=\"caption-attachment-1629\" class=\"wp-image-1629\" src=\"http:\/\/uenf.br\/projetos\/arvoresdauenf\/files\/2020\/08\/IMG_4727.jpg\" alt=\"\" width=\"403\" height=\"537\" srcset=\"https:\/\/uenf.br\/projetos\/arvoresdauenf\/files\/2020\/08\/IMG_4727.jpg 705w, https:\/\/uenf.br\/projetos\/arvoresdauenf\/files\/2020\/08\/IMG_4727-225x300.jpg 225w\" sizes=\"auto, (max-width: 403px) 100vw, 403px\" \/><p id=\"caption-attachment-1629\" class=\"wp-caption-text\">As folhas do Tamarindeiro s\u00e3o compostas por fol\u00edolos pequenos. O fruto da esp\u00e9cie, \u00e9 uma vagem alongada, medindo de 5 a 15 cm de comprimento, possui casca de colora\u00e7\u00e3o pardo-escura e destaca-se por apresentar \u00f3timas qualidades nutricionais. Foto: Yara Pereira<\/p><\/div>\n<p>&nbsp;<\/p>\n<h3><strong>Curiosidades:<\/strong><\/h3>\n<\/div>\n<\/div>\n<\/div>\n<ul>\n<li>Seu fruto \u00e9 considerado um t\u00f4nico digestivo, com atividade antioxidante, e seu extrato apresenta potencial para reduzir os riscos de arteriosclerose.\u00a0 Outras partes da planta tamb\u00e9m apresentam atividade antioxidante, \u00a0anti-inflamat\u00f3ria e antidiab\u00e9ticas. (<a href=\"https:\/\/www.sciencedirect.com\/science\/article\/pii\/S0278691505003285\">clique aqui<\/a>)<\/li>\n<li>\u00c9 um fruto popular no distrito de Caboclo\/PE, onde anualmente ocorre a <strong>Festa do Tamarindo<\/strong>, no m\u00eas de agosto, como parte do calend\u00e1rio tur\u00edstico e cultural do munic\u00edpio. (<a href=\"https:\/\/blog.pedesabores.com.br\/o-que-e-tamarindo\/\">clique aqui<\/a>)<\/li>\n<li>As sementes podem ser utilizadas na alimenta\u00e7\u00e3o para animais (forragem), al\u00e9m de ser utilizadas como estabilizantes de sucos industrializados e at\u00e9 mesmo como cola para tecido. (<a href=\"https:\/\/blog.pedesabores.com.br\/o-que-e-tamarindo\/\">clique aqui<\/a>)<\/li>\n<li>Receitas doces e salgadas (<a href=\"https:\/\/www.conquistesuavida.com.br\/noticia\/receitas-com-tamarindo-como-usar-o-ingrediente-de-forma-variada-na-cozinha_a10661\/1\">clique aqui<\/a>)<\/li>\n<\/ul>\n","protected":false},"excerpt":{"rendered":"<p>Tamarindus indica L. \u00a0 \u00a0 \u00a0 \u00a0\u00a0Tamarindus indica L. \u00e9 uma \u00e1rvore frut\u00edfera que pode chegar aos 25 m de&#8230;<\/p>\n","protected":false},"author":24,"featured_media":0,"parent":27,"menu_order":0,"comment_status":"closed","ping_status":"closed","template":"","meta":{"footnotes":""},"class_list":["post-957","page","type-page","status-publish","hentry"],"_links":{"self":[{"href":"https:\/\/uenf.br\/projetos\/arvoresdauenf\/wp-json\/wp\/v2\/pages\/957","targetHints":{"allow":["GET"]}}],"collection":[{"href":"https:\/\/uenf.br\/projetos\/arvoresdauenf\/wp-json\/wp\/v2\/pages"}],"about":[{"href":"https:\/\/uenf.br\/projetos\/arvoresdauenf\/wp-json\/wp\/v2\/types\/page"}],"author":[{"embeddable":true,"href":"https:\/\/uenf.br\/projetos\/arvoresdauenf\/wp-json\/wp\/v2\/users\/24"}],"replies":[{"embeddable":true,"href":"https:\/\/uenf.br\/projetos\/arvoresdauenf\/wp-json\/wp\/v2\/comments?post=957"}],"version-history":[{"count":0,"href":"https:\/\/uenf.br\/projetos\/arvoresdauenf\/wp-json\/wp\/v2\/pages\/957\/revisions"}],"up":[{"embeddable":true,"href":"https:\/\/uenf.br\/projetos\/arvoresdauenf\/wp-json\/wp\/v2\/pages\/27"}],"wp:attachment":[{"href":"https:\/\/uenf.br\/projetos\/arvoresdauenf\/wp-json\/wp\/v2\/media?parent=957"}],"curies":[{"name":"wp","href":"https:\/\/api.w.org\/{rel}","templated":true}]}}