{"id":965,"date":"2019-12-13T14:58:15","date_gmt":"2019-12-13T17:58:15","guid":{"rendered":"http:\/\/uenf.br\/projetos\/arvoresdauenf\/?page_id=965"},"modified":"2023-05-01T12:45:41","modified_gmt":"2023-05-01T15:45:41","slug":"palmeira","status":"publish","type":"page","link":"https:\/\/uenf.br\/projetos\/arvoresdauenf\/especie-2\/palmeira\/","title":{"rendered":"Palmeira Imperial"},"content":{"rendered":"<h2><em>Roystonea oleracea <\/em>(Jacq.) O. F. Cook<\/h2>\n<div id=\"attachment_1571\" style=\"width: 424px\" class=\"wp-caption aligncenter\"><img loading=\"lazy\" decoding=\"async\" aria-describedby=\"caption-attachment-1571\" class=\"wp-image-1571\" src=\"http:\/\/uenf.br\/projetos\/arvoresdauenf\/files\/2020\/07\/palmeira.jpg\" alt=\"\" width=\"414\" height=\"543\" srcset=\"https:\/\/uenf.br\/projetos\/arvoresdauenf\/files\/2020\/07\/palmeira.jpg 634w, https:\/\/uenf.br\/projetos\/arvoresdauenf\/files\/2020\/07\/palmeira-229x300.jpg 229w\" sizes=\"auto, (max-width: 414px) 100vw, 414px\" \/><p id=\"caption-attachment-1571\" class=\"wp-caption-text\">Palmeira Imperial na Casa de Cultura Villa Maria. Foto: Yara Pereira<\/p><\/div>\n<h3><strong><span style=\"color: #000000\">Fam\u00edlia:\u00a0Arecaceae\u00a0<\/span><\/strong><\/h3>\n<h3><strong><span style=\"color: #000000\">Nomes populares: palmeira imperial; palmeira-real<\/span><\/strong><\/h3>\n<h3>Origem: \u00a0Am\u00e9rica Central,\u00a0Am\u00e9rica do Norte,\u00a0Am\u00e9rica do Sul,\u00a0Antilhas,\u00a0Col\u00f4mbia,\u00a0Trindade e Tobago,\u00a0Venezuela<\/h3>\n<div class=\"dominiosFitogeograficos\"><\/div>\n<div id=\"tr-carregaTaxonGrupoDominiosFitogeograficos\" class=\"dominiosFitogeograficos\">\n<h3 id=\"distribuicaoGeografica\" class=\"label\"><strong>Distribui\u00e7\u00e3o Geogr\u00e1fica<\/strong><\/h3>\n<div class=\"tabelamapa\">\n<h4 id=\"ocorrencia_confirmada\" class=\"label\"><span style=\"color: #000000\">Ocorr\u00eancias em \u00e1reas antr\u00f3picas:<\/span><\/h4>\n<div id=\"tr-carregaTaxonGrupoDistribuicaoGeograficaCertezaNordeste\" class=\"distribuicaoGeograficaCertezaNordeste\">\n<div id=\"tr-carregaTaxonGrupoDistribuicaoGeograficaCertezaSudeste\" class=\"distribuicaoGeograficaCertezaSudeste\">\n<div id=\"idFieldCertezaSudeste\" class=\"field\"><b>\u00a0 \u00a0 \u00a0 \u00a0 \u00a0 \u00a0 \u00a0 \u00a0 Sudeste<\/b>\u00a0(Esp\u00edrito Santo, Minas Gerais, Rio de Janeiro, S\u00e3o Paulo)<\/div>\n<\/div>\n<div id=\"tr-carregaTaxonGrupoDistribuicaoGeograficaCertezaSul\" class=\"distribuicaoGeograficaCertezaSul\">\n<div id=\"idFieldCertezaSul\" class=\"field\"><b>\u00a0 \u00a0 \u00a0 \u00a0 \u00a0 \u00a0 \u00a0 \u00a0 Sul<\/b>\u00a0(Paran\u00e1, Rio Grande do Sul, Santa Catarina)<\/div>\n<\/div>\n<\/div>\n<div>\n<div class=\"dominiosFitogeograficos\">\n<p>&nbsp;<\/p>\n<p class=\"label\"><span style=\"color: #000000\">Fonte: <a href=\"http:\/\/reflora.jbrj.gov.br\/reflora\/listaBrasil\/FichaPublicaTaxonUC\/FichaPublicaTaxonUC.do?id=FB596121\">Flora do Brasil<\/a><\/span><\/p>\n<\/div>\n<\/div>\n<\/div>\n<h3><\/h3>\n<h3>\u00a0<strong>Curiosidades:<\/strong><\/h3>\n<ul>\n<li>O nome dessa palmeira se refere \u00e0 sua hist\u00f3ria, associada \u00e0 aristocracia. A primeira palmeira imperial do Brasil foi plantada por Dom Jo\u00e3o VI, h\u00e1 mais de 200 anos, no Jardins Bot\u00e2nicos do Rio de Janeiro (<a href=\"https:\/\/sitiodamata.com.br\/blog\/dicas\/palmeira-imperial-caracteristicas\/\">clique aqui<\/a>)<\/li>\n<li>Seus frutos s\u00e3o apreciados por araras e papagaios e tamb\u00e9m s\u00e3o utilizados na alimenta\u00e7\u00e3o de porcos nos pa\u00edses do Caribe, como Bahamas, Jamaica e Trinidad e Tobago (<a href=\"https:\/\/sitiodamata.com.br\/blog\/dicas\/palmeira-imperial-caracteristicas\/\">clique aqui<\/a>)<\/li>\n<li>As palmeiras n\u00e3o s\u00e3o \u00e1rvores, mas em fun\u00e7\u00e3o de sua import\u00e2ncia como componente em florestas e na paisagem urbana<\/li>\n<\/ul>\n<\/div>\n<div class=\"tabelamapa\">\n<div id=\"ocorrencia_confirmada\" class=\"label\"><\/div>\n<\/div>\n","protected":false},"excerpt":{"rendered":"<p>Roystonea oleracea (Jacq.) O. F. Cook Fam\u00edlia:\u00a0Arecaceae\u00a0 Nomes populares: palmeira imperial; palmeira-real Origem: \u00a0Am\u00e9rica Central,\u00a0Am\u00e9rica do Norte,\u00a0Am\u00e9rica do Sul,\u00a0Antilhas,\u00a0Col\u00f4mbia,\u00a0Trindade e&#8230;<\/p>\n","protected":false},"author":24,"featured_media":0,"parent":27,"menu_order":0,"comment_status":"closed","ping_status":"closed","template":"","meta":{"footnotes":""},"class_list":["post-965","page","type-page","status-publish","hentry"],"_links":{"self":[{"href":"https:\/\/uenf.br\/projetos\/arvoresdauenf\/wp-json\/wp\/v2\/pages\/965","targetHints":{"allow":["GET"]}}],"collection":[{"href":"https:\/\/uenf.br\/projetos\/arvoresdauenf\/wp-json\/wp\/v2\/pages"}],"about":[{"href":"https:\/\/uenf.br\/projetos\/arvoresdauenf\/wp-json\/wp\/v2\/types\/page"}],"author":[{"embeddable":true,"href":"https:\/\/uenf.br\/projetos\/arvoresdauenf\/wp-json\/wp\/v2\/users\/24"}],"replies":[{"embeddable":true,"href":"https:\/\/uenf.br\/projetos\/arvoresdauenf\/wp-json\/wp\/v2\/comments?post=965"}],"version-history":[{"count":0,"href":"https:\/\/uenf.br\/projetos\/arvoresdauenf\/wp-json\/wp\/v2\/pages\/965\/revisions"}],"up":[{"embeddable":true,"href":"https:\/\/uenf.br\/projetos\/arvoresdauenf\/wp-json\/wp\/v2\/pages\/27"}],"wp:attachment":[{"href":"https:\/\/uenf.br\/projetos\/arvoresdauenf\/wp-json\/wp\/v2\/media?parent=965"}],"curies":[{"name":"wp","href":"https:\/\/api.w.org\/{rel}","templated":true}]}}

<h2><em>Roystonea oleracea </em>(Jacq.) O. F. Cook</h2>
<div id="attachment_1571" style="width: 424px" class="wp-caption aligncenter"><img loading="lazy" decoding="async" aria-describedby="caption-attachment-1571" class="wp-image-1571" src="http://uenf.br/projetos/arvoresdauenf/files/2020/07/palmeira.jpg" alt="" width="414" height="543" srcset="https://uenf.br/projetos/arvoresdauenf/files/2020/07/palmeira.jpg 634w, https://uenf.br/projetos/arvoresdauenf/files/2020/07/palmeira-229x300.jpg 229w" sizes="auto, (max-width: 414px) 100vw, 414px" /><p id="caption-attachment-1571" class="wp-caption-text">Palmeira Imperial na Casa de Cultura Villa Maria. Foto: Yara Pereira</p></div>
<h3><strong><span style="color: #000000">Família: Arecaceae </span></strong></h3>
<h3><strong><span style="color: #000000">Nomes populares: palmeira imperial; palmeira-real</span></strong></h3>
<h3>Origem:  América Central, América do Norte, América do Sul, Antilhas, Colômbia, Trindade e Tobago, Venezuela</h3>
<div class="dominiosFitogeograficos"></div>
<div id="tr-carregaTaxonGrupoDominiosFitogeograficos" class="dominiosFitogeograficos">
<h3 id="distribuicaoGeografica" class="label"><strong>Distribuição Geográfica</strong></h3>
<div class="tabelamapa">
<h4 id="ocorrencia_confirmada" class="label"><span style="color: #000000">Ocorrências em áreas antrópicas:</span></h4>
<div id="tr-carregaTaxonGrupoDistribuicaoGeograficaCertezaNordeste" class="distribuicaoGeograficaCertezaNordeste">
<div id="tr-carregaTaxonGrupoDistribuicaoGeograficaCertezaSudeste" class="distribuicaoGeograficaCertezaSudeste">
<div id="idFieldCertezaSudeste" class="field"><b>                Sudeste</b> (Espírito Santo, Minas Gerais, Rio de Janeiro, São Paulo)</div>
</div>
<div id="tr-carregaTaxonGrupoDistribuicaoGeograficaCertezaSul" class="distribuicaoGeograficaCertezaSul">
<div id="idFieldCertezaSul" class="field"><b>                Sul</b> (Paraná, Rio Grande do Sul, Santa Catarina)</div>
</div>
</div>
<div>
<div class="dominiosFitogeograficos">
<p>&nbsp;</p>
<p class="label"><span style="color: #000000">Fonte: <a href="http://reflora.jbrj.gov.br/reflora/listaBrasil/FichaPublicaTaxonUC/FichaPublicaTaxonUC.do?id=FB596121">Flora do Brasil</a></span></p>
</div>
</div>
</div>
<h3></h3>
<h3> <strong>Curiosidades:</strong></h3>
<ul>
<li>O nome dessa palmeira se refere à sua história, associada à aristocracia. A primeira palmeira imperial do Brasil foi plantada por Dom João VI, há mais de 200 anos, no Jardins Botânicos do Rio de Janeiro (<a href="https://sitiodamata.com.br/blog/dicas/palmeira-imperial-caracteristicas/">clique aqui</a>)</li>
<li>Seus frutos são apreciados por araras e papagaios e também são utilizados na alimentação de porcos nos países do Caribe, como Bahamas, Jamaica e Trinidad e Tobago (<a href="https://sitiodamata.com.br/blog/dicas/palmeira-imperial-caracteristicas/">clique aqui</a>)</li>
<li>As palmeiras não são árvores, mas em função de sua importância como componente em florestas e na paisagem urbana</li>
</ul>
</div>
<div class="tabelamapa">
<div id="ocorrencia_confirmada" class="label"></div>
</div>

<p>Roystonea oleracea (Jacq.) O. F. Cook Família: Arecaceae  Nomes populares: palmeira imperial; palmeira-real Origem:  América Central, América do Norte, América do Sul, Antilhas, Colômbia, Trindade e&#8230;</p>
