{"id":974,"date":"2019-12-13T15:02:29","date_gmt":"2019-12-13T18:02:29","guid":{"rendered":"http:\/\/uenf.br\/projetos\/arvoresdauenf\/?page_id=974"},"modified":"2023-06-01T17:28:59","modified_gmt":"2023-06-01T20:28:59","slug":"quixabeira","status":"publish","type":"page","link":"https:\/\/uenf.br\/projetos\/arvoresdauenf\/especie-2\/quixabeira\/","title":{"rendered":"Quixabeira"},"content":{"rendered":"<h2 class=\"taxon\"><i>Sideroxylon <strong>obtusifolium<\/strong> <\/i>(Roem. &amp; Schult.) T.D.Penn.<\/h2>\n<h3><strong><span style=\"color: #000000\">Fam\u00edlia: <\/span>Sapotaceae<\/strong><\/h3>\n<h3><strong><span style=\"color: #000000\">Nomes populares: <b>quixaba<\/b>,\u00a0<b>quixaba, preta<\/b>,\u00a0<b>sapotiaba<\/b>,\u00a0<b>espinheiro<\/b>,\u00a0<b>coronilha<\/b>,<sup id=\"cite_ref-1\" class=\"reference\"><\/sup><b>ma\u00e7aranduba-da-praia<\/b>\u00a0ou\u00a0<b>rompe-gib\u00e3o.<\/b><\/span><\/strong><\/h3>\n<h3>Origem: Nativa (n\u00e3o \u00e9 end\u00eamica do Brasil)<\/h3>\n<h3 id=\"distribuicaoGeografica\" class=\"label\"><strong>Distribui\u00e7\u00e3o Geogr\u00e1fica<\/strong><\/h3>\n<div class=\"tabelamapa\">\n<div id=\"ocorrencia_confirmada\" class=\"label\"><strong>Ocorr\u00eancias:<\/strong><\/div>\n<div id=\"tr-carregaTaxonGrupoDistribuicaoGeograficaCertezaNordeste\" class=\"distribuicaoGeograficaCertezaNordeste\"><\/div>\n<div id=\"tr-carregaTaxonGrupoDistribuicaoGeograficaCertezaSudeste\" class=\"distribuicaoGeograficaCertezaSudeste\">\n<div id=\"tr-carregaTaxonGrupoDistribuicaoGeograficaCertezaNorte\" class=\"distribuicaoGeograficaCertezaNorte\">\n<ul>\n<li id=\"idFieldCertezaNorte\" class=\"field\"><b>Norte<\/b>\u00a0(Tocantins)<\/li>\n<li class=\"field\"><b>Nordeste<\/b>\u00a0(Alagoas, Bahia, Cear\u00e1, Maranh\u00e3o, Para\u00edba, Pernambuco, Piau\u00ed, Rio Grande do Norte, Sergipe)<\/li>\n<li class=\"field\"><b>Centro-Oeste<\/b>\u00a0(Distrito Federal, Goi\u00e1s, Mato Grosso do Sul, Mato Grosso)<\/li>\n<li class=\"field\"><b>Sudeste<\/b>\u00a0(Esp\u00edrito Santo, Minas Gerais, Rio de Janeiro, S\u00e3o Paulo)<\/li>\n<li class=\"field\"><b>Sul<\/b>\u00a0(Paran\u00e1, Rio Grande do Sul, Santa Catarina)<\/li>\n<\/ul>\n<\/div>\n<div id=\"tr-carregaTaxonGrupoDistribuicaoGeograficaCertezaNordeste\" class=\"distribuicaoGeograficaCertezaNordeste\"><\/div>\n<div id=\"tr-carregaTaxonGrupoDistribuicaoGeograficaCertezaCentroOeste\" class=\"distribuicaoGeograficaCertezaCentroOeste\"><\/div>\n<div id=\"tr-carregaTaxonGrupoDistribuicaoGeograficaCertezaSudeste\" class=\"distribuicaoGeograficaCertezaSudeste\"><\/div>\n<\/div>\n<div>\n<div class=\"dominiosFitogeograficos\">\n<h3 class=\"label\"><strong>Dom\u00ednios Fitogeogr\u00e1ficos\u00a0<\/strong><\/h3>\n<\/div>\n<\/div>\n<\/div>\n<ul>\n<li>Caatinga, Cerrado, Mata Atl\u00e2ntica, Pantanal<\/li>\n<\/ul>\n<p><img loading=\"lazy\" decoding=\"async\" class=\"size-full wp-image-1693 aligncenter\" src=\"http:\/\/uenf.br\/projetos\/arvoresdauenf\/files\/2020\/08\/Quixabeira-min.jpg\" alt=\"\" width=\"388\" height=\"353\" srcset=\"https:\/\/uenf.br\/projetos\/arvoresdauenf\/files\/2020\/08\/Quixabeira-min.jpg 388w, https:\/\/uenf.br\/projetos\/arvoresdauenf\/files\/2020\/08\/Quixabeira-min-300x273.jpg 300w\" sizes=\"auto, (max-width: 388px) 100vw, 388px\" \/><\/p>\n<div>Fonte:\u00a0Flora do Brasil, 2020 (<a href=\"http:\/\/floradobrasil.jbrj.gov.br\/reflora\/listaBrasil\/ConsultaPublicaUC\/BemVindoConsultaPublicaConsultar.do?invalidatePageControlCounter=32&amp;idsFilhosAlgas=%5B2%5D&amp;idsFilhosFungos=%5B1%2C10%2C11%5D&amp;lingua=&amp;grupo=5&amp;familia=null&amp;genero=&amp;especie=&amp;autor=&amp;nomeVernaculo=&amp;nomeCompleto=Sapotaceae+Sideroxylon+obtusifolium+%28Roem.+%26+Schult.%29+T.D.Penn.&amp;formaVida=null&amp;substrato=null&amp;ocorreBrasil=QUALQUER&amp;ocorrencia=OCORRE&amp;endemismo=TODOS&amp;origem=TODOS&amp;regiao=QUALQUER&amp;estado=QUALQUER&amp;ilhaOceanica=32767&amp;domFitogeograficos=QUALQUER&amp;bacia=QUALQUER&amp;vegetacao=TODOS&amp;mostrarAte=SUBESP_VAR&amp;opcoesBusca=NOME_ACEITO&amp;loginUsuario=Visitante&amp;senhaUsuario=&amp;contexto=consulta-publica\">clique aqui<\/a>)<\/div>\n<h3>\u00a0<strong>Curiosidades:\u00a0<\/strong><\/h3>\n<ul>\n<li>Na \u00e9poca das secas, serve de alimento para o gado\u00a0 (<a href=\"http:\/\/coisadecearense.com.br\/a-quixabeira\/\">clique aqui<\/a>)<\/li>\n<li>\u00c9 utilizada na medicina popular em processos dolorosos e inflamat\u00f3rios. Sua casca \u00e9 usada para dores em geral, \u00falcera duodenal, gastrite, azia, inflama\u00e7\u00e3o cr\u00f4nica, les\u00e3o genital, inflama\u00e7\u00e3o ovariana, anexite, c\u00f3lica, problemas renais, problemas card\u00edacos, diabetes, cicatriza\u00e7\u00e3o e como expectorante (<a href=\"http:\/\/www.scielo.br\/scielo.php?pid=S0102-695X2010005000043&amp;script=sci_arttext\">clique aqui<\/a>)<\/li>\n<\/ul>\n<div>\n<p>&nbsp;<\/p>\n<\/div>\n","protected":false},"excerpt":{"rendered":"<p>Sideroxylon obtusifolium (Roem. &amp; Schult.) T.D.Penn. Fam\u00edlia: Sapotaceae Nomes populares: quixaba,\u00a0quixaba, preta,\u00a0sapotiaba,\u00a0espinheiro,\u00a0coronilha,ma\u00e7aranduba-da-praia\u00a0ou\u00a0rompe-gib\u00e3o. Origem: Nativa (n\u00e3o \u00e9 end\u00eamica do Brasil) Distribui\u00e7\u00e3o&#8230;<\/p>\n","protected":false},"author":24,"featured_media":0,"parent":27,"menu_order":0,"comment_status":"closed","ping_status":"closed","template":"","meta":{"footnotes":""},"class_list":["post-974","page","type-page","status-publish","hentry"],"_links":{"self":[{"href":"https:\/\/uenf.br\/projetos\/arvoresdauenf\/wp-json\/wp\/v2\/pages\/974","targetHints":{"allow":["GET"]}}],"collection":[{"href":"https:\/\/uenf.br\/projetos\/arvoresdauenf\/wp-json\/wp\/v2\/pages"}],"about":[{"href":"https:\/\/uenf.br\/projetos\/arvoresdauenf\/wp-json\/wp\/v2\/types\/page"}],"author":[{"embeddable":true,"href":"https:\/\/uenf.br\/projetos\/arvoresdauenf\/wp-json\/wp\/v2\/users\/24"}],"replies":[{"embeddable":true,"href":"https:\/\/uenf.br\/projetos\/arvoresdauenf\/wp-json\/wp\/v2\/comments?post=974"}],"version-history":[{"count":0,"href":"https:\/\/uenf.br\/projetos\/arvoresdauenf\/wp-json\/wp\/v2\/pages\/974\/revisions"}],"up":[{"embeddable":true,"href":"https:\/\/uenf.br\/projetos\/arvoresdauenf\/wp-json\/wp\/v2\/pages\/27"}],"wp:attachment":[{"href":"https:\/\/uenf.br\/projetos\/arvoresdauenf\/wp-json\/wp\/v2\/media?parent=974"}],"curies":[{"name":"wp","href":"https:\/\/api.w.org\/{rel}","templated":true}]}}