{"id":978,"date":"2019-12-13T15:04:02","date_gmt":"2019-12-13T18:04:02","guid":{"rendered":"http:\/\/uenf.br\/projetos\/arvoresdauenf\/?page_id=978"},"modified":"2022-06-02T16:21:35","modified_gmt":"2022-06-02T19:21:35","slug":"inga","status":"publish","type":"page","link":"https:\/\/uenf.br\/projetos\/arvoresdauenf\/especie-2\/inga\/","title":{"rendered":"Ing\u00e1 de metro"},"content":{"rendered":"<h2><em>Inga edulis Mart.<\/em><\/h2>\n<h3><span style=\"color: #000000\"><strong>Fam\u00edlia: Fabaceae<\/strong><\/span><\/h3>\n<div id=\"attachment_1254\" style=\"width: 374px\" class=\"wp-caption aligncenter\"><img loading=\"lazy\" decoding=\"async\" aria-describedby=\"caption-attachment-1254\" class=\"wp-image-1254 \" src=\"http:\/\/uenf.br\/projetos\/arvoresdauenf\/files\/2020\/06\/flores-inga-edulis-Rubens-T-Queiroz-300x225.jpg\" alt=\"\" width=\"364\" height=\"274\" srcset=\"https:\/\/uenf.br\/projetos\/arvoresdauenf\/files\/2020\/06\/flores-inga-edulis-Rubens-T-Queiroz-300x225.jpg 300w, https:\/\/uenf.br\/projetos\/arvoresdauenf\/files\/2020\/06\/flores-inga-edulis-Rubens-T-Queiroz-1024x768.jpg 1024w, https:\/\/uenf.br\/projetos\/arvoresdauenf\/files\/2020\/06\/flores-inga-edulis-Rubens-T-Queiroz-768x576.jpg 768w, https:\/\/uenf.br\/projetos\/arvoresdauenf\/files\/2020\/06\/flores-inga-edulis-Rubens-T-Queiroz-1536x1152.jpg 1536w, https:\/\/uenf.br\/projetos\/arvoresdauenf\/files\/2020\/06\/flores-inga-edulis-Rubens-T-Queiroz.jpg 1600w\" sizes=\"auto, (max-width: 364px) 100vw, 364px\" \/><p id=\"caption-attachment-1254\" class=\"wp-caption-text\">Infloresc\u00eancia em espigas congestas, estames longos brancos e corola esverdeada (Rubens T Queiroz) &#8211; http:\/\/rubens-plantasdobrasil.blogspot.com\/2012\/08\/inga-edulis-var-edulis.html<\/p><\/div>\n<h3><strong><span style=\"color: #000000\">Nomes populares: ing\u00e1 de metro, ing\u00e1-cip\u00f3, <b>ing\u00e1<\/b>-macarr\u00e3o,\u00a0<b>ing\u00e1<\/b>-torcido,\u00a0<b>ing\u00e1<\/b>-cobra ou\u00a0<b>ing\u00e1<\/b>-rabo-de-macaco<\/span><\/strong><\/h3>\n<h3>Origem: Brasil (Amaz\u00f4nia)<\/h3>\n<h3 id=\"distribuicaoGeografica\" class=\"label\"><strong>Distribui\u00e7\u00e3o Geogr\u00e1fica<\/strong><\/h3>\n<div class=\"tabelamapa\">\n<div id=\"ocorrencia_confirmada\" class=\"label\"><strong>Ocorr\u00eancias:<\/strong><\/div>\n<div>\n<div id=\"tr-carregaTaxonGrupoDistribuicaoGeograficaCertezaNorte\" class=\"distribuicaoGeograficaCertezaNorte\">\n<ul>\n<li id=\"idFieldCertezaNorte\" class=\"field\"><b>Norte<\/b> (Acre, Amazonas, Amap\u00e1, Par\u00e1, Rond\u00f4nia, Roraima)<\/li>\n<li class=\"field\"><b>Nordeste<\/b> (Bahia, Para\u00edba, Pernambuco)<\/li>\n<li class=\"field\"><b>Centro-Oeste<\/b> (Mato Grosso)<\/li>\n<li class=\"field\"><b>Sudeste<\/b> (Esp\u00edrito Santo, Minas Gerais, Rio de Janeiro, S\u00e3o Paulo)<\/li>\n<li class=\"field\"><b>Sul<\/b> (Paran\u00e1, Santa Catarina)<\/li>\n<\/ul>\n<\/div>\n<\/div>\n<\/div>\n<h3 class=\"label\"><strong>Dom\u00ednios Fitogeogr\u00e1ficos\u00a0<\/strong><\/h3>\n<ul>\n<li>Amaz\u00f4nia, Caatinga, Cerrado, Mata Atl\u00e2ntica<\/li>\n<\/ul>\n<p><img loading=\"lazy\" decoding=\"async\" class=\"size-full wp-image-1758 aligncenter\" src=\"http:\/\/uenf.br\/projetos\/arvoresdauenf\/files\/2020\/08\/inga-min.jpg\" alt=\"\" width=\"344\" height=\"346\" srcset=\"https:\/\/uenf.br\/projetos\/arvoresdauenf\/files\/2020\/08\/inga-min.jpg 344w, https:\/\/uenf.br\/projetos\/arvoresdauenf\/files\/2020\/08\/inga-min-298x300.jpg 298w, https:\/\/uenf.br\/projetos\/arvoresdauenf\/files\/2020\/08\/inga-min-150x150.jpg 150w\" sizes=\"auto, (max-width: 344px) 100vw, 344px\" \/><\/p>\n<p>Fonte: Flora do Brasil, 2020 (<a href=\"http:\/\/reflora.jbrj.gov.br\/reflora\/listaBrasil\/ConsultaPublicaUC\/BemVindoConsultaPublicaConsultar.do?invalidatePageControlCounter=1&amp;idsFilhosAlgas=%5B2%5D&amp;idsFilhosFungos=%5B1%2C11%2C10%5D&amp;lingua=&amp;grupo=5&amp;genero=Inga&amp;especie=edulis&amp;autor=&amp;nomeVernaculo=&amp;nomeCompleto=&amp;formaVida=null&amp;substrato=null&amp;ocorreBrasil=QUALQUER&amp;ocorrencia=OCORRE&amp;endemismo=TODOS&amp;origem=TODOS&amp;regiao=QUALQUER&amp;estado=QUALQUER&amp;ilhaOceanica=32767&amp;domFitogeograficos=QUALQUER&amp;bacia=QUALQUER&amp;vegetacao=TODOS&amp;mostrarAte=SUBESP_VAR&amp;opcoesBusca=TODOS_OS_NOMES&amp;loginUsuario=Visitante&amp;senhaUsuario=&amp;contexto=consulta-publica\">clique aqui<\/a>)<\/p>\n<h3><strong>Curiosidades:<\/strong><\/h3>\n<ul>\n<li>O extrato hidroalcoolico das flolhas apresenta \u00a0atividade antiproliferativa de c\u00e9lulas tumorais humanas, redu\u00e7\u00e3o de edemas e de les\u00f5es ulcerativas produzidas por etanol, possivelmente associada \u00e0 atividade antioxidante (<a href=\"https:\/\/www.scielo.br\/scielo.php?pid=S0044-59672012000100019&amp;script=sci_arttext\">Pompeu et al, 2012<\/a>).<\/li>\n<li>A polpa \u00e9 utilizada para fabrica\u00e7\u00e3o de xarope caseiro contra bronquites e o ch\u00e1 da casca na cura de feridas e diarr\u00e9ia (<a href=\"http:\/\/repositorio.faema.edu.br\/handle\/123456789\/827\">Dutra, 2012<\/a>)<\/li>\n<\/ul>\n","protected":false},"excerpt":{"rendered":"<p>Inga edulis Mart. Fam\u00edlia: Fabaceae Nomes populares: ing\u00e1 de metro, ing\u00e1-cip\u00f3, ing\u00e1-macarr\u00e3o,\u00a0ing\u00e1-torcido,\u00a0ing\u00e1-cobra ou\u00a0ing\u00e1-rabo-de-macaco Origem: Brasil (Amaz\u00f4nia) Distribui\u00e7\u00e3o Geogr\u00e1fica Ocorr\u00eancias: Norte&#8230;<\/p>\n","protected":false},"author":24,"featured_media":0,"parent":27,"menu_order":0,"comment_status":"closed","ping_status":"closed","template":"","meta":{"footnotes":""},"class_list":["post-978","page","type-page","status-publish","hentry"],"_links":{"self":[{"href":"https:\/\/uenf.br\/projetos\/arvoresdauenf\/wp-json\/wp\/v2\/pages\/978","targetHints":{"allow":["GET"]}}],"collection":[{"href":"https:\/\/uenf.br\/projetos\/arvoresdauenf\/wp-json\/wp\/v2\/pages"}],"about":[{"href":"https:\/\/uenf.br\/projetos\/arvoresdauenf\/wp-json\/wp\/v2\/types\/page"}],"author":[{"embeddable":true,"href":"https:\/\/uenf.br\/projetos\/arvoresdauenf\/wp-json\/wp\/v2\/users\/24"}],"replies":[{"embeddable":true,"href":"https:\/\/uenf.br\/projetos\/arvoresdauenf\/wp-json\/wp\/v2\/comments?post=978"}],"version-history":[{"count":0,"href":"https:\/\/uenf.br\/projetos\/arvoresdauenf\/wp-json\/wp\/v2\/pages\/978\/revisions"}],"up":[{"embeddable":true,"href":"https:\/\/uenf.br\/projetos\/arvoresdauenf\/wp-json\/wp\/v2\/pages\/27"}],"wp:attachment":[{"href":"https:\/\/uenf.br\/projetos\/arvoresdauenf\/wp-json\/wp\/v2\/media?parent=978"}],"curies":[{"name":"wp","href":"https:\/\/api.w.org\/{rel}","templated":true}]}}