{"id":980,"date":"2019-12-13T15:04:43","date_gmt":"2019-12-13T18:04:43","guid":{"rendered":"http:\/\/uenf.br\/projetos\/arvoresdauenf\/?page_id=980"},"modified":"2022-10-24T11:46:19","modified_gmt":"2022-10-24T14:46:19","slug":"angico-branco","status":"publish","type":"page","link":"https:\/\/uenf.br\/projetos\/arvoresdauenf\/especie-2\/angico-branco\/","title":{"rendered":"Angico branco"},"content":{"rendered":"<h2><i>Anadenanthera colubrina<\/i>\u00a0(Vell.) Brenan<\/h2>\n<p>&nbsp;<\/p>\n<div id=\"attachment_2324\" style=\"width: 608px\" class=\"wp-caption aligncenter\"><a href=\"https:\/\/uenf.br\/projetos\/arvoresdauenf\/files\/2022\/10\/DSCN2618-Rubens-Queiroz-min.jpg\"><img loading=\"lazy\" decoding=\"async\" aria-describedby=\"caption-attachment-2324\" class=\"wp-image-2324\" src=\"https:\/\/uenf.br\/projetos\/arvoresdauenf\/files\/2022\/10\/DSCN2618-Rubens-Queiroz-min-1024x768.jpg\" alt=\"\" width=\"598\" height=\"448\" srcset=\"https:\/\/uenf.br\/projetos\/arvoresdauenf\/files\/2022\/10\/DSCN2618-Rubens-Queiroz-min-1024x768.jpg 1024w, https:\/\/uenf.br\/projetos\/arvoresdauenf\/files\/2022\/10\/DSCN2618-Rubens-Queiroz-min-300x225.jpg 300w, https:\/\/uenf.br\/projetos\/arvoresdauenf\/files\/2022\/10\/DSCN2618-Rubens-Queiroz-min-768x576.jpg 768w, https:\/\/uenf.br\/projetos\/arvoresdauenf\/files\/2022\/10\/DSCN2618-Rubens-Queiroz-min-1536x1152.jpg 1536w, https:\/\/uenf.br\/projetos\/arvoresdauenf\/files\/2022\/10\/DSCN2618-Rubens-Queiroz-min.jpg 1600w\" sizes=\"auto, (max-width: 598px) 100vw, 598px\" \/><\/a><p id=\"caption-attachment-2324\" class=\"wp-caption-text\">Infloresc\u00eancia e folhas de A. columbrina. Foto: Rubens Queiroz (<a href=\"http:\/\/rubens-plantasdobrasil.blogspot.com\/2012\/11\/anadenanthera-colubrina-vell-brenan.html\">clique aqui<\/a>)<\/p><\/div>\n<h3><strong><span style=\"color: #000000\">Fam\u00edlia: <\/span><\/strong>Fabaceae<\/h3>\n<h3><strong><span style=\"color: #000000\">Nomes populares: angico branco da mata, cambu\u00ed angico, angico-branco-liso, curupa\u00ed e curupa\u00edba, \u00a0angico-c\u00f4co, angico-escuro, angico-liso, aperta-ru\u00e3o; cambu\u00ed, cambu\u00ed-branco , cambu\u00ed-vermelho, cauvi, jurema-preta, monjoleiro<\/span><\/strong><\/h3>\n<h3>Origem:<\/h3>\n<h3 id=\"distribuicaoGeografica\" class=\"label\"><strong>Distribui\u00e7\u00e3o Geogr\u00e1fica<\/strong><\/h3>\n<div class=\"tabelamapa\">\n<div id=\"ocorrencia_confirmada\" class=\"label\"><strong>Ocorr\u00eancias:<\/strong><\/div>\n<div>\n<div id=\"tr-carregaTaxonGrupoDistribuicaoGeograficaCertezaNordeste\" class=\"distribuicaoGeograficaCertezaNordeste\">\n<ul>\n<li id=\"idFieldCertezaNordeste\" class=\"field\"><b>Nordeste<\/b> (Bahia, Cear\u00e1, Para\u00edba, Pernambuco, Piau\u00ed, Rio Grande do Norte, Sergipe)<\/li>\n<li class=\"field\"><b>Centro-Oeste<\/b> (Distrito Federal, Goi\u00e1s, Mato Grosso do Sul, Mato Grosso)<\/li>\n<li class=\"field\"><b>Sudeste<\/b> (Minas Gerais, Rio de Janeiro, S\u00e3o Paulo)<\/li>\n<li class=\"field\"><b>Sul<\/b>\u00a0(Paran\u00e1)<\/li>\n<\/ul>\n<h3 class=\"label\"><strong>Dom\u00ednios Fitogeogr\u00e1ficos\u00a0<\/strong><\/h3>\n<ul>\n<li>Caatinga, Cerrado, Mata Atl\u00e2ntica<\/li>\n<\/ul>\n<p><img loading=\"lazy\" decoding=\"async\" class=\"size-full wp-image-1703 aligncenter\" src=\"http:\/\/uenf.br\/projetos\/arvoresdauenf\/files\/2020\/08\/ANGICO-BRANCO-min.jpg\" alt=\"\" width=\"357\" height=\"351\" srcset=\"https:\/\/uenf.br\/projetos\/arvoresdauenf\/files\/2020\/08\/ANGICO-BRANCO-min.jpg 357w, https:\/\/uenf.br\/projetos\/arvoresdauenf\/files\/2020\/08\/ANGICO-BRANCO-min-300x295.jpg 300w\" sizes=\"auto, (max-width: 357px) 100vw, 357px\" \/><\/p>\n<p>Fonte: Flora do Brasil, 2020 (<a href=\"http:\/\/floradobrasil.jbrj.gov.br\/reflora\/listaBrasil\/ConsultaPublicaUC\/BemVindoConsultaPublicaConsultar.do?invalidatePageControlCounter=1&amp;idsFilhosAlgas=%5B2%5D&amp;idsFilhosFungos=%5B1%2C10%2C11%5D&amp;lingua=&amp;grupo=5&amp;familia=null&amp;genero=Anadenanthera&amp;especie=colubrina&amp;autor=&amp;nomeVernaculo=&amp;nomeCompleto=&amp;formaVida=null&amp;substrato=null&amp;ocorreBrasil=QUALQUER&amp;ocorrencia=OCORRE&amp;endemismo=TODOS&amp;origem=TODOS&amp;regiao=QUALQUER&amp;estado=QUALQUER&amp;ilhaOceanica=32767&amp;domFitogeograficos=QUALQUER&amp;bacia=QUALQUER&amp;vegetacao=TODOS&amp;mostrarAte=SUBESP_VAR&amp;opcoesBusca=TODOS_OS_NOMES&amp;loginUsuario=Visitante&amp;senhaUsuario=&amp;contexto=consulta-publica\">clique aqui<\/a>)<\/p>\n<h3>\u00a0<strong>Curiosidades:<\/strong><\/h3>\n<ul>\n<li>Apresenta potencial antiss\u00e9ptico e cicatrizante.<\/li>\n<li>Comunidades tradicionais da Argentina, Venezuela e Bol\u00edvia utilizam esta planta para diversos fins terap\u00eauticos, bem como em rituais religiosos, pela inala\u00e7\u00e3o de &#8220;yopo&#8221;, produzido a partir das suas sementes (<a href=\"https:\/\/greenpower.net.br\/blog\/yopo-rape-medicinal-indigena\/\">clique aqui<\/a>)<\/li>\n<li>Do tronco \u00e9 extra\u00edda uma resina utilizada para a fabrica\u00e7\u00e3o de goma de mascar (<a href=\"https:\/\/pt.wikipedia.org\/wiki\/Anadenanthera_colubrina\">clique aqui<\/a>)<\/li>\n<\/ul>\n<\/div>\n<\/div>\n<\/div>\n","protected":false},"excerpt":{"rendered":"<p>Anadenanthera colubrina\u00a0(Vell.) Brenan &nbsp; Fam\u00edlia: Fabaceae Nomes populares: angico branco da mata, cambu\u00ed angico, angico-branco-liso, curupa\u00ed e curupa\u00edba, \u00a0angico-c\u00f4co, angico-escuro,&#8230;<\/p>\n","protected":false},"author":24,"featured_media":0,"parent":27,"menu_order":0,"comment_status":"closed","ping_status":"closed","template":"","meta":{"footnotes":""},"class_list":["post-980","page","type-page","status-publish","hentry"],"_links":{"self":[{"href":"https:\/\/uenf.br\/projetos\/arvoresdauenf\/wp-json\/wp\/v2\/pages\/980","targetHints":{"allow":["GET"]}}],"collection":[{"href":"https:\/\/uenf.br\/projetos\/arvoresdauenf\/wp-json\/wp\/v2\/pages"}],"about":[{"href":"https:\/\/uenf.br\/projetos\/arvoresdauenf\/wp-json\/wp\/v2\/types\/page"}],"author":[{"embeddable":true,"href":"https:\/\/uenf.br\/projetos\/arvoresdauenf\/wp-json\/wp\/v2\/users\/24"}],"replies":[{"embeddable":true,"href":"https:\/\/uenf.br\/projetos\/arvoresdauenf\/wp-json\/wp\/v2\/comments?post=980"}],"version-history":[{"count":0,"href":"https:\/\/uenf.br\/projetos\/arvoresdauenf\/wp-json\/wp\/v2\/pages\/980\/revisions"}],"up":[{"embeddable":true,"href":"https:\/\/uenf.br\/projetos\/arvoresdauenf\/wp-json\/wp\/v2\/pages\/27"}],"wp:attachment":[{"href":"https:\/\/uenf.br\/projetos\/arvoresdauenf\/wp-json\/wp\/v2\/media?parent=980"}],"curies":[{"name":"wp","href":"https:\/\/api.w.org\/{rel}","templated":true}]}}