{"id":2,"date":"2012-12-03T12:50:49","date_gmt":"2012-12-03T12:50:49","guid":{"rendered":"http:\/\/uenf.br\/projetos\/biotecveg\/?page_id=2"},"modified":"2025-05-20T19:46:29","modified_gmt":"2025-05-20T19:46:29","slug":"home","status":"publish","type":"page","link":"https:\/\/uenf.br\/projetos\/biotecveg\/","title":{"rendered":"Home"},"content":{"rendered":"<p style=\"text-align: justify\"><a href=\"http:\/\/uenf.br\/projetos\/biotecveg\/files\/2012\/12\/logotipo-vanildo-biotecnologia-vegetal.jpg\" rel=\"attachment wp-att-85\"><img loading=\"lazy\" decoding=\"async\" class=\"wp-image-85 aligncenter\" src=\"http:\/\/uenf.br\/projetos\/biotecveg\/files\/2012\/12\/logotipo-vanildo-biotecnologia-vegetal.jpg\" alt=\"logotipo vanildo biotecnologia vegetal\" width=\"280\" height=\"335\" \/><\/a><\/p>\n<p style=\"text-align: justify\">O laborat\u00f3rio de Biotecnologia Vegetal est\u00e1 atualmente trabalhando com maior \u00eanfase em uma das linhas de pesquisa do Programa de P\u00f3s-gradua\u00e7\u00e3o em Gen\u00e9tica e Melhoramento de Plantas, sendo esta a An\u00e1lise Gen\u00f4mica. Dentro desta linha de pesquisa temos tr\u00eas grandes projetos abordados: 1 &#8211; Prote\u00f4mica e metabol\u00f4mica aplicadas ao melhoramento gen\u00e9tico de plantas 2 &#8211; Atributos ecofisiol\u00f3gicos e de p\u00f3s-colheita em germoplasma utilizado em programas de melhoramento gen\u00e9tico vegetal 3 &#8211; Uso de marcadores de DNA e an\u00e1lise gen\u00f4mica no melhoramento gen\u00e9tico de plantas.<\/p>\n<p>Os principais pesquisadores deste laborat\u00f3rio s\u00e3o:<br \/>\nD.Sc. Claudete Santa-Catarina (Fisiologia Vegetal)<br \/>\n<a href=\"http:\/\/lattes.cnpq.br\/7135205469875532\" target=\"_blank\">Curr\u00edculo Lattes<\/a> e-mail: claudete@uenf.br<br \/>\nD.Sc. Vanildo Silveira (Biotecnologia\/Prote\u00f4mica Comparada e Morfog\u00eanese in vitro)<br \/>\n<a href=\"http:\/\/lattes.cnpq.br\/5487343211549907\" target=\"_blank\">Curr\u00edculo Lattes<\/a> e-mail: vanildo@uenf.br<br \/>\nD.Sc. Virginia Silva Carvalho (Cultura de Tecidos)<br \/>\n<a href=\"http:\/\/lattes.cnpq.br\/3199872902054955\" target=\"_blank\">Curr\u00edculo Lattes<\/a> e-mail: virginia@uenf.br<\/p>\n<div id=\"attachment_90\" style=\"width: 661px\" class=\"wp-caption alignleft\"><a href=\"http:\/\/uenf.br\/projetos\/biotecveg\/files\/2012\/12\/IMG-20160930-WA0013.jpg\"><img loading=\"lazy\" decoding=\"async\" aria-describedby=\"caption-attachment-90\" class=\"wp-image-90\" src=\"http:\/\/uenf.br\/projetos\/biotecveg\/files\/2012\/12\/IMG-20160930-WA0013.jpg\" alt=\"P8 biotecveg uenf\" width=\"651\" height=\"488\" \/><\/a><p id=\"caption-attachment-90\" class=\"wp-caption-text\">Grupo de pesquisa &#8220;Biologia Integrativa&#8221; (Biotecveg &#8211; P8), 2016. Da esquerda para a direita: Msc. Ricardo Reis, Msc. Lucas Passamani, Msc. Felipe de Almeida, Prof. Dr. Vanildo Silveira, Dr. \u00c2ngelo Heringer, Dr. Ellen de Moura Valle, Msc. Caio Corr\u00eaa, Msc. N\u00e1dia Botini, Bi\u00f3loga Kaliane Zaira.<\/p><\/div>\n","protected":false},"excerpt":{"rendered":"<p>O laborat\u00f3rio de Biotecnologia Vegetal est\u00e1 atualmente trabalhando com maior \u00eanfase em uma das linhas de pesquisa do Programa de&#8230;<\/p>\n","protected":false},"author":9,"featured_media":0,"parent":0,"menu_order":0,"comment_status":"closed","ping_status":"closed","template":"","meta":{"footnotes":""},"class_list":["post-2","page","type-page","status-publish","hentry"],"_links":{"self":[{"href":"https:\/\/uenf.br\/projetos\/biotecveg\/wp-json\/wp\/v2\/pages\/2","targetHints":{"allow":["GET"]}}],"collection":[{"href":"https:\/\/uenf.br\/projetos\/biotecveg\/wp-json\/wp\/v2\/pages"}],"about":[{"href":"https:\/\/uenf.br\/projetos\/biotecveg\/wp-json\/wp\/v2\/types\/page"}],"author":[{"embeddable":true,"href":"https:\/\/uenf.br\/projetos\/biotecveg\/wp-json\/wp\/v2\/users\/9"}],"replies":[{"embeddable":true,"href":"https:\/\/uenf.br\/projetos\/biotecveg\/wp-json\/wp\/v2\/comments?post=2"}],"version-history":[{"count":0,"href":"https:\/\/uenf.br\/projetos\/biotecveg\/wp-json\/wp\/v2\/pages\/2\/revisions"}],"wp:attachment":[{"href":"https:\/\/uenf.br\/projetos\/biotecveg\/wp-json\/wp\/v2\/media?parent=2"}],"curies":[{"name":"wp","href":"https:\/\/api.w.org\/{rel}","templated":true}]}}