{"id":40,"date":"2022-08-21T16:19:15","date_gmt":"2022-08-21T19:19:15","guid":{"rendered":"https:\/\/uenf.br\/projetos\/matematicaalcancetodos\/?page_id=40"},"modified":"2023-11-15T18:52:32","modified_gmt":"2023-11-15T21:52:32","slug":"primeira-feira-de-matematica-da-uenf","status":"publish","type":"page","link":"https:\/\/uenf.br\/projetos\/matematicaalcancetodos\/feiras-de-matematica\/primeira-feira-de-matematica-da-uenf\/","title":{"rendered":"Primeira Feira de Matem\u00e1tica da UENF"},"content":{"rendered":"\r\n<p>A Primeira Feira de Matem\u00e1tica da UENF foi realizada no dia 14 de outubro de 2022. Participaram, apresentando trabalhos, licenciandos do IFF, da UENF e estudantes da FAETEC.<\/p>\r\n\r\n\r\n\r\n<p>O objetivo foi mostrar ao p\u00fablico visitante, por meio de v\u00e1rias atividades l\u00fadicas, os diversos conceitos matem\u00e1ticos do Ensino B\u00e1sico. Al\u00e9m de outras atividades recreativas, Rob\u00f3tica e Sorteio de livros.<\/p>\r\n\r\n\r\n\r\n<p>As atividades foram apresentadas por alunos da rede p\u00fablica de Ensino Fundamental \u2013 Anos Finais, Ensino M\u00e9dio Regular, Ensino M\u00e9dio Profissionalizante e Ensino Superior do Munic\u00edpio de Campos dos Goytacazes.<\/p>\r\n\r\n\r\n\r\n<figure class=\"wp-block-image size-large\"><img loading=\"lazy\" decoding=\"async\" width=\"1024\" height=\"501\" class=\"wp-image-145\" src=\"https:\/\/uenf.br\/projetos\/matematicaalcancetodos\/files\/2023\/02\/IMG_4447-1024x501.jpg\" alt=\"\" srcset=\"https:\/\/uenf.br\/projetos\/matematicaalcancetodos\/files\/2023\/02\/IMG_4447-1024x501.jpg 1024w, https:\/\/uenf.br\/projetos\/matematicaalcancetodos\/files\/2023\/02\/IMG_4447-300x147.jpg 300w, https:\/\/uenf.br\/projetos\/matematicaalcancetodos\/files\/2023\/02\/IMG_4447-768x376.jpg 768w, https:\/\/uenf.br\/projetos\/matematicaalcancetodos\/files\/2023\/02\/IMG_4447-1536x752.jpg 1536w, https:\/\/uenf.br\/projetos\/matematicaalcancetodos\/files\/2023\/02\/IMG_4447-2048x1002.jpg 2048w\" sizes=\"auto, (max-width: 1024px) 100vw, 1024px\" \/>\r\n<figcaption class=\"wp-element-caption\">Primeira Feira de Matem\u00e1tica da UENF<\/figcaption>\r\n<\/figure>\r\n\r\n\r\n\r\n<p>&nbsp;<\/p>\r\n\r\n\r\n\r\n<p>Foram apresentadas as seguintes atividades:<\/p>\r\n\r\n\r\n\r\n<ol class=\"wp-block-list\" type=\"1\">\r\n<li><strong>Um estudo contextualizado e comparativo das fun\u00e7\u00f5es afim e exponencial<\/strong><\/li>\r\n\r\n\r\n\r\n<li><strong>De quadrado em quadrado at\u00e9 \u201cBhaskara\u201d<\/strong><\/li>\r\n\r\n\r\n\r\n<li><strong>Combina\u00e7\u00e3o de cores: uma proposta de aula interdisciplinar inclusiva<\/strong><\/li>\r\n\r\n\r\n\r\n<li><strong>Rumo \u00e0 \u00e1lgebra dialogada: para al\u00e9m do gabarito<\/strong><\/li>\r\n\r\n\r\n\r\n<li><strong>Casos de Congru\u00eancia de Tri\u00e2ngulos: Atrair para demonstrar<\/strong><\/li>\r\n\r\n\r\n\r\n<li><strong>Scratch: conectando-se com os m\u00faltiplos e divisores de um n\u00famero natural<\/strong><\/li>\r\n\r\n\r\n\r\n<li><strong>Constru\u00e7\u00e3o do Benzeno com R\u00e9gua e Compasso: Uma Proposta Interdisciplinar<\/strong><\/li>\r\n\r\n\r\n\r\n<li><strong>A contribui\u00e7\u00e3o dos objetos de Aprendizagem na Educa\u00e7\u00e3o Matem\u00e1tica<\/strong><\/li>\r\n\r\n\r\n\r\n<li><strong>O uso de material recicl\u00e1vel na matem\u00e1tica: uma estrat\u00e9gia para o ensino do estudo das opera\u00e7\u00f5es com fra\u00e7\u00f5es<\/strong><\/li>\r\n\r\n\r\n\r\n<li><strong>A matem\u00e1tica por tr\u00e1s dos jogos de l\u00f3gica.<\/strong><\/li>\r\n<\/ol>\r\n\r\n\r\n\r\n<h2 class=\"has-text-align-center wp-block-heading\">Atividades L\u00fadicas<\/h2>\r\n\r\n\r\n\r\n<figure class=\"wp-block-image aligncenter size-large is-resized\"><img loading=\"lazy\" decoding=\"async\" class=\"wp-image-146\" src=\"https:\/\/uenf.br\/projetos\/matematicaalcancetodos\/files\/2023\/02\/PHOTO-2022-10-14-19-11-43-768x1024.jpg\" alt=\"\" width=\"367\" height=\"489\" srcset=\"https:\/\/uenf.br\/projetos\/matematicaalcancetodos\/files\/2023\/02\/PHOTO-2022-10-14-19-11-43-768x1024.jpg 768w, https:\/\/uenf.br\/projetos\/matematicaalcancetodos\/files\/2023\/02\/PHOTO-2022-10-14-19-11-43-225x300.jpg 225w, https:\/\/uenf.br\/projetos\/matematicaalcancetodos\/files\/2023\/02\/PHOTO-2022-10-14-19-11-43-1152x1536.jpg 1152w, https:\/\/uenf.br\/projetos\/matematicaalcancetodos\/files\/2023\/02\/PHOTO-2022-10-14-19-11-43.jpg 1200w\" sizes=\"auto, (max-width: 367px) 100vw, 367px\" \/>\r\n<figcaption class=\"wp-element-caption\">Torre de Han\u00f3i<\/figcaption>\r\n<\/figure>\r\n\r\n\r\n\r\n<figure class=\"wp-block-image aligncenter size-large is-resized\"><img loading=\"lazy\" decoding=\"async\" class=\"wp-image-147\" src=\"https:\/\/uenf.br\/projetos\/matematicaalcancetodos\/files\/2023\/02\/PHOTO-2022-10-14-19-11-36-768x1024.jpg\" alt=\"\" width=\"360\" height=\"480\" srcset=\"https:\/\/uenf.br\/projetos\/matematicaalcancetodos\/files\/2023\/02\/PHOTO-2022-10-14-19-11-36-768x1024.jpg 768w, https:\/\/uenf.br\/projetos\/matematicaalcancetodos\/files\/2023\/02\/PHOTO-2022-10-14-19-11-36-225x300.jpg 225w, https:\/\/uenf.br\/projetos\/matematicaalcancetodos\/files\/2023\/02\/PHOTO-2022-10-14-19-11-36-1152x1536.jpg 1152w, https:\/\/uenf.br\/projetos\/matematicaalcancetodos\/files\/2023\/02\/PHOTO-2022-10-14-19-11-36.jpg 1200w\" sizes=\"auto, (max-width: 360px) 100vw, 360px\" \/>\r\n<figcaption class=\"wp-element-caption\">Sudoku<\/figcaption>\r\n<\/figure>\r\n\r\n\r\n\r\n<h2 class=\"has-text-align-center wp-block-heading\"><strong>Pr\u00eamios Destaques<\/strong><\/h2>\r\n\r\n\r\n\r\n<figure class=\"wp-block-image aligncenter size-large is-resized\"><img loading=\"lazy\" decoding=\"async\" class=\"wp-image-153\" src=\"https:\/\/uenf.br\/projetos\/matematicaalcancetodos\/files\/2023\/02\/premio-2-1024x633.jpg\" alt=\"\" width=\"675\" height=\"417\" srcset=\"https:\/\/uenf.br\/projetos\/matematicaalcancetodos\/files\/2023\/02\/premio-2-1024x633.jpg 1024w, https:\/\/uenf.br\/projetos\/matematicaalcancetodos\/files\/2023\/02\/premio-2-300x185.jpg 300w, https:\/\/uenf.br\/projetos\/matematicaalcancetodos\/files\/2023\/02\/premio-2-768x474.jpg 768w, https:\/\/uenf.br\/projetos\/matematicaalcancetodos\/files\/2023\/02\/premio-2-1536x949.jpg 1536w, https:\/\/uenf.br\/projetos\/matematicaalcancetodos\/files\/2023\/02\/premio-2-2048x1265.jpg 2048w\" sizes=\"auto, (max-width: 675px) 100vw, 675px\" \/>\r\n<figcaption class=\"wp-element-caption\">Pr\u00eamio Destaque EF &#8211; Casos de Congru\u00eancia de Tri\u00e2ngulos: Atrair para demonstrar.<\/figcaption>\r\n<\/figure>\r\n\r\n\r\n\r\n<figure class=\"wp-block-image aligncenter size-large is-resized\"><img loading=\"lazy\" decoding=\"async\" class=\"wp-image-155\" src=\"https:\/\/uenf.br\/projetos\/matematicaalcancetodos\/files\/2023\/02\/premio-1-1001x1024.png\" alt=\"\" width=\"474\" height=\"484\" srcset=\"https:\/\/uenf.br\/projetos\/matematicaalcancetodos\/files\/2023\/02\/premio-1-1001x1024.png 1001w, https:\/\/uenf.br\/projetos\/matematicaalcancetodos\/files\/2023\/02\/premio-1-293x300.png 293w, https:\/\/uenf.br\/projetos\/matematicaalcancetodos\/files\/2023\/02\/premio-1-768x786.png 768w, https:\/\/uenf.br\/projetos\/matematicaalcancetodos\/files\/2023\/02\/premio-1-1501x1536.png 1501w, https:\/\/uenf.br\/projetos\/matematicaalcancetodos\/files\/2023\/02\/premio-1.png 1541w\" sizes=\"auto, (max-width: 474px) 100vw, 474px\" \/>\r\n<figcaption class=\"wp-element-caption\">Pr\u00eamio Destaque EF &#8211; Combina\u00e7\u00e3o de cores: uma proposta de aula interdisciplinar inclusiva<\/figcaption>\r\n<\/figure>\r\n\r\n\r\n\r\n<figure class=\"wp-block-image aligncenter size-large is-resized\"><img loading=\"lazy\" decoding=\"async\" class=\"wp-image-156\" src=\"https:\/\/uenf.br\/projetos\/matematicaalcancetodos\/files\/2023\/02\/premio-3-1024x600.png\" alt=\"\" width=\"840\" height=\"492\" srcset=\"https:\/\/uenf.br\/projetos\/matematicaalcancetodos\/files\/2023\/02\/premio-3-1024x600.png 1024w, https:\/\/uenf.br\/projetos\/matematicaalcancetodos\/files\/2023\/02\/premio-3-300x176.png 300w, https:\/\/uenf.br\/projetos\/matematicaalcancetodos\/files\/2023\/02\/premio-3-768x450.png 768w, https:\/\/uenf.br\/projetos\/matematicaalcancetodos\/files\/2023\/02\/premio-3-1536x900.png 1536w, https:\/\/uenf.br\/projetos\/matematicaalcancetodos\/files\/2023\/02\/premio-3-2048x1200.png 2048w\" sizes=\"auto, (max-width: 840px) 100vw, 840px\" \/>\r\n<figcaption class=\"wp-element-caption\">Pr\u00eamio Destaque EM &#8211; De quadrado em quadrado at\u00e9 &#8220;Bhaskara&#8221;.<\/figcaption>\r\n<\/figure>\r\n\r\n\r\n\r\n<figure class=\"wp-block-image aligncenter size-large\"><img loading=\"lazy\" decoding=\"async\" width=\"1024\" height=\"368\" class=\"wp-image-157\" src=\"https:\/\/uenf.br\/projetos\/matematicaalcancetodos\/files\/2023\/02\/premio-4-1024x368.png\" alt=\"\" srcset=\"https:\/\/uenf.br\/projetos\/matematicaalcancetodos\/files\/2023\/02\/premio-4-1024x368.png 1024w, https:\/\/uenf.br\/projetos\/matematicaalcancetodos\/files\/2023\/02\/premio-4-300x108.png 300w, https:\/\/uenf.br\/projetos\/matematicaalcancetodos\/files\/2023\/02\/premio-4-768x276.png 768w, https:\/\/uenf.br\/projetos\/matematicaalcancetodos\/files\/2023\/02\/premio-4-1536x552.png 1536w, https:\/\/uenf.br\/projetos\/matematicaalcancetodos\/files\/2023\/02\/premio-4-2048x736.png 2048w\" sizes=\"auto, (max-width: 1024px) 100vw, 1024px\" \/>\r\n<figcaption class=\"wp-element-caption\">Pr\u00eamio Destaque EM &#8211; A matem\u00e1tica por tr\u00e1s dos jogos de l\u00f3gica<\/figcaption>\r\n<\/figure>\r\n\r\n\r\n\r\n<h2 class=\"has-text-align-center wp-block-heading\">Sorteio de Livros<\/h2>\r\n\r\n\r\n\r\n<div class=\"wp-block-columns is-layout-flex wp-container-core-columns-is-layout-9d6595d7 wp-block-columns-is-layout-flex\">\r\n<div class=\"wp-block-column is-layout-flow wp-block-column-is-layout-flow\" style=\"flex-basis: 100%\">\r\n<div class=\"wp-block-group is-layout-constrained wp-block-group-is-layout-constrained\">\r\n<figure class=\"wp-block-gallery has-nested-images columns-default is-cropped wp-block-gallery-1 is-layout-flex wp-block-gallery-is-layout-flex\">\r\n<figure class=\"wp-block-image size-large\"><img loading=\"lazy\" decoding=\"async\" width=\"1018\" height=\"1024\" data-id=\"160\" class=\"wp-image-160\" src=\"https:\/\/uenf.br\/projetos\/matematicaalcancetodos\/files\/2023\/02\/sorteio-2-1018x1024.png\" alt=\"\" srcset=\"https:\/\/uenf.br\/projetos\/matematicaalcancetodos\/files\/2023\/02\/sorteio-2-1018x1024.png 1018w, https:\/\/uenf.br\/projetos\/matematicaalcancetodos\/files\/2023\/02\/sorteio-2-298x300.png 298w, https:\/\/uenf.br\/projetos\/matematicaalcancetodos\/files\/2023\/02\/sorteio-2-150x150.png 150w, https:\/\/uenf.br\/projetos\/matematicaalcancetodos\/files\/2023\/02\/sorteio-2-768x773.png 768w, https:\/\/uenf.br\/projetos\/matematicaalcancetodos\/files\/2023\/02\/sorteio-2-1527x1536.png 1527w, https:\/\/uenf.br\/projetos\/matematicaalcancetodos\/files\/2023\/02\/sorteio-2.png 1945w\" sizes=\"auto, (max-width: 1018px) 100vw, 1018px\" \/><\/figure>\r\n\r\n\r\n\r\n<figure class=\"wp-block-image size-large\"><img loading=\"lazy\" decoding=\"async\" width=\"1024\" height=\"969\" data-id=\"159\" class=\"wp-image-159\" src=\"https:\/\/uenf.br\/projetos\/matematicaalcancetodos\/files\/2023\/02\/sorteio-1-1-1024x969.png\" alt=\"\" srcset=\"https:\/\/uenf.br\/projetos\/matematicaalcancetodos\/files\/2023\/02\/sorteio-1-1-1024x969.png 1024w, https:\/\/uenf.br\/projetos\/matematicaalcancetodos\/files\/2023\/02\/sorteio-1-1-300x284.png 300w, https:\/\/uenf.br\/projetos\/matematicaalcancetodos\/files\/2023\/02\/sorteio-1-1-768x727.png 768w, https:\/\/uenf.br\/projetos\/matematicaalcancetodos\/files\/2023\/02\/sorteio-1-1-1536x1453.png 1536w, https:\/\/uenf.br\/projetos\/matematicaalcancetodos\/files\/2023\/02\/sorteio-1-1-2048x1938.png 2048w\" sizes=\"auto, (max-width: 1024px) 100vw, 1024px\" \/><\/figure>\r\n<\/figure>\r\n<\/div>\r\n<\/div>\r\n<\/div>\r\n\r\n\r\n\r\n<p>&nbsp;<\/p>\r\n<h2 style=\"text-align: center\">Atividades<\/h2>\r\n\r\n\r\n\r\n<figure class=\"wp-block-gallery has-nested-images columns-default is-cropped wp-block-gallery-2 is-layout-flex wp-block-gallery-is-layout-flex\">\r\n<figure class=\"wp-block-image size-full\"><img loading=\"lazy\" decoding=\"async\" width=\"563\" height=\"835\" data-id=\"163\" class=\"wp-image-163\" src=\"https:\/\/uenf.br\/projetos\/matematicaalcancetodos\/files\/2023\/02\/atividade-2.png\" alt=\"\" srcset=\"https:\/\/uenf.br\/projetos\/matematicaalcancetodos\/files\/2023\/02\/atividade-2.png 563w, https:\/\/uenf.br\/projetos\/matematicaalcancetodos\/files\/2023\/02\/atividade-2-202x300.png 202w\" sizes=\"auto, (max-width: 563px) 100vw, 563px\" \/>\r\n<figcaption class=\"wp-element-caption\">Casos de Congru\u00eancia de Tri\u00e2ngulos: Atrair para demonstrar.<\/figcaption>\r\n<\/figure>\r\n\r\n\r\n\r\n<figure class=\"wp-block-image size-full\"><img loading=\"lazy\" decoding=\"async\" width=\"931\" height=\"1095\" data-id=\"162\" class=\"wp-image-162\" src=\"https:\/\/uenf.br\/projetos\/matematicaalcancetodos\/files\/2023\/02\/atividade-1.png\" alt=\"\" srcset=\"https:\/\/uenf.br\/projetos\/matematicaalcancetodos\/files\/2023\/02\/atividade-1.png 931w, https:\/\/uenf.br\/projetos\/matematicaalcancetodos\/files\/2023\/02\/atividade-1-255x300.png 255w, https:\/\/uenf.br\/projetos\/matematicaalcancetodos\/files\/2023\/02\/atividade-1-871x1024.png 871w, https:\/\/uenf.br\/projetos\/matematicaalcancetodos\/files\/2023\/02\/atividade-1-768x903.png 768w\" sizes=\"auto, (max-width: 931px) 100vw, 931px\" \/>\r\n<figcaption class=\"wp-element-caption\">De quadrado em quadrado at\u00e9 \u201cBhaskara\u201d.<\/figcaption>\r\n<\/figure>\r\n<\/figure>\r\n\r\n\r\n\r\n<p>&nbsp;<\/p>\r\n\r\n\r\n\r\n<figure class=\"wp-block-image aligncenter size-full is-resized\"><img loading=\"lazy\" decoding=\"async\" class=\"wp-image-164\" src=\"https:\/\/uenf.br\/projetos\/matematicaalcancetodos\/files\/2023\/02\/atividade-3.png\" alt=\"\" width=\"768\" height=\"500\" srcset=\"https:\/\/uenf.br\/projetos\/matematicaalcancetodos\/files\/2023\/02\/atividade-3.png 999w, https:\/\/uenf.br\/projetos\/matematicaalcancetodos\/files\/2023\/02\/atividade-3-300x195.png 300w, https:\/\/uenf.br\/projetos\/matematicaalcancetodos\/files\/2023\/02\/atividade-3-768x500.png 768w\" sizes=\"auto, (max-width: 768px) 100vw, 768px\" \/>\r\n<figcaption class=\"wp-element-caption\">A constru\u00e7\u00e3o dos objetos de Aprendizagem na Educa\u00e7\u00e3o da Matem\u00e1tica<\/figcaption>\r\n<\/figure>\r\n\r\n\r\n\r\n<p>&nbsp;<\/p>\r\n\r\n\r\n\r\n<p>&nbsp;<\/p>\r\n\r\n\r\n\r\n<figure class=\"wp-block-image aligncenter size-large is-resized\"><img loading=\"lazy\" decoding=\"async\" class=\"wp-image-165\" src=\"https:\/\/uenf.br\/projetos\/matematicaalcancetodos\/files\/2023\/02\/atividade-5-952x1024.png\" alt=\"\" width=\"445\" height=\"478\" srcset=\"https:\/\/uenf.br\/projetos\/matematicaalcancetodos\/files\/2023\/02\/atividade-5-952x1024.png 952w, https:\/\/uenf.br\/projetos\/matematicaalcancetodos\/files\/2023\/02\/atividade-5-279x300.png 279w, https:\/\/uenf.br\/projetos\/matematicaalcancetodos\/files\/2023\/02\/atividade-5-768x826.png 768w, https:\/\/uenf.br\/projetos\/matematicaalcancetodos\/files\/2023\/02\/atividade-5.png 1035w\" sizes=\"auto, (max-width: 445px) 100vw, 445px\" \/>\r\n<figcaption class=\"wp-element-caption\">Scratch: conectando-se com os m\u00faltiplos e divisores de um n\u00famero natural<\/figcaption>\r\n<\/figure>\r\n\r\n\r\n\r\n<p>&nbsp;<\/p>\r\n\r\n\r\n\r\n<figure class=\"wp-block-image aligncenter size-full is-resized\"><img loading=\"lazy\" decoding=\"async\" class=\"wp-image-166\" src=\"https:\/\/uenf.br\/projetos\/matematicaalcancetodos\/files\/2023\/02\/atividade-4.png\" alt=\"\" width=\"361\" height=\"488\" srcset=\"https:\/\/uenf.br\/projetos\/matematicaalcancetodos\/files\/2023\/02\/atividade-4.png 717w, https:\/\/uenf.br\/projetos\/matematicaalcancetodos\/files\/2023\/02\/atividade-4-222x300.png 222w\" sizes=\"auto, (max-width: 361px) 100vw, 361px\" \/>\r\n<figcaption class=\"wp-element-caption\">Caminhando na reta n\u00fameros dos inteiros<\/figcaption>\r\n<\/figure>\r\n\r\n\r\n\r\n<p>&nbsp;<\/p>\r\n\r\n\r\n\r\n<figure class=\"wp-block-image aligncenter size-full is-resized\"><img loading=\"lazy\" decoding=\"async\" class=\"wp-image-167\" src=\"https:\/\/uenf.br\/projetos\/matematicaalcancetodos\/files\/2023\/02\/comissaoexaminadora.png\" alt=\"\" width=\"495\" height=\"490\" srcset=\"https:\/\/uenf.br\/projetos\/matematicaalcancetodos\/files\/2023\/02\/comissaoexaminadora.png 929w, https:\/\/uenf.br\/projetos\/matematicaalcancetodos\/files\/2023\/02\/comissaoexaminadora-300x297.png 300w, https:\/\/uenf.br\/projetos\/matematicaalcancetodos\/files\/2023\/02\/comissaoexaminadora-768x761.png 768w\" sizes=\"auto, (max-width: 495px) 100vw, 495px\" \/>\r\n<figcaption class=\"wp-element-caption\">Coordena\u00e7\u00e3o Cient\u00edfica<\/figcaption>\r\n<\/figure>\r\n\r\n\r\n\r\n<p>&nbsp;<\/p>\r\n\r\n\r\n\r\n<p>&nbsp;<\/p>\r\n","protected":false},"excerpt":{"rendered":"<p>A Primeira Feira de Matem\u00e1tica da UENF foi realizada no dia 14 de outubro de 2022. Participaram, apresentando trabalhos, licenciandos&#8230;<\/p>\n","protected":false},"author":30,"featured_media":0,"parent":128,"menu_order":1,"comment_status":"closed","ping_status":"closed","template":"","meta":{"footnotes":""},"class_list":["post-40","page","type-page","status-publish","hentry"],"_links":{"self":[{"href":"https:\/\/uenf.br\/projetos\/matematicaalcancetodos\/wp-json\/wp\/v2\/pages\/40","targetHints":{"allow":["GET"]}}],"collection":[{"href":"https:\/\/uenf.br\/projetos\/matematicaalcancetodos\/wp-json\/wp\/v2\/pages"}],"about":[{"href":"https:\/\/uenf.br\/projetos\/matematicaalcancetodos\/wp-json\/wp\/v2\/types\/page"}],"author":[{"embeddable":true,"href":"https:\/\/uenf.br\/projetos\/matematicaalcancetodos\/wp-json\/wp\/v2\/users\/30"}],"replies":[{"embeddable":true,"href":"https:\/\/uenf.br\/projetos\/matematicaalcancetodos\/wp-json\/wp\/v2\/comments?post=40"}],"version-history":[{"count":0,"href":"https:\/\/uenf.br\/projetos\/matematicaalcancetodos\/wp-json\/wp\/v2\/pages\/40\/revisions"}],"up":[{"embeddable":true,"href":"https:\/\/uenf.br\/projetos\/matematicaalcancetodos\/wp-json\/wp\/v2\/pages\/128"}],"wp:attachment":[{"href":"https:\/\/uenf.br\/projetos\/matematicaalcancetodos\/wp-json\/wp\/v2\/media?parent=40"}],"curies":[{"name":"wp","href":"https:\/\/api.w.org\/{rel}","templated":true}]}}