{"id":136,"date":"2010-04-23T19:17:24","date_gmt":"2010-04-23T19:17:24","guid":{"rendered":"http:\/\/uenf.br\/sites\/quimtic\/?page_id=136"},"modified":"2011-11-08T17:04:19","modified_gmt":"2011-11-08T19:04:19","slug":"distribuicao-de-agua-no-planeta","status":"publish","type":"page","link":"https:\/\/uenf.br\/projetos\/quimtic\/o-azul-do-planeta\/distribuicao-de-agua-no-planeta\/","title":{"rendered":"Distribui\u00e7\u00e3o de \u00e1gua no Planeta"},"content":{"rendered":"<p><a href=\"http:\/\/uenf.br\/projetos\/quimtic\/files\/2010\/05\/qui6_ativ21.swf\" target=\"_blank\"><img loading=\"lazy\" decoding=\"async\" width=\"500\" height=\"284\" class=\"size-full wp-image-253 alignnone\" src=\"http:\/\/uenf.br\/projetos\/quimtic\/files\/2010\/05\/distri.jpg\" alt=\"\" \/><\/a><\/p>\n<p>Este objeto mostra a distribui\u00e7\u00e3o de \u00e1gua no planeta e a composi\u00e7\u00e3o das \u00e1guas, aproveitando para falar sobre solu\u00e7\u00f5es e ensinar c\u00e1lculos de concentra\u00e7\u00e3o de solu\u00e7\u00f5es.<\/p>\n<p><a href=\"http:\/\/uenf.br\/projetos\/quimtic\/files\/2010\/04\/Agua_no_Planeta.zip\">Download do Objeto Distribui\u00e7\u00e3o de \u00e1gua no Planeta<\/a><a href=\"http:\/\/uenf.br\/sites\/quimtic\/files\/2010\/04\/aquecimentoglobal.tar_.gz\"><br \/>\n<\/a><\/p>\n<p>Se voc\u00ea \u00e9 um(a)\u00a0 professor(a) e quer algumas dicas de como aplicar este objeto de aprendizagem, clique aqui: <a href=\"http:\/\/uenf.br\/projetos\/quimtic\/files\/2010\/05\/GP_distribuicao.pdf\">Guia do professor<\/a><\/p>\n","protected":false},"excerpt":{"rendered":"<p>Este objeto mostra a distribui\u00e7\u00e3o de \u00e1gua no planeta e a composi\u00e7\u00e3o das \u00e1guas, aproveitando para falar sobre solu\u00e7\u00f5es e&#8230;<\/p>\n","protected":false},"author":6,"featured_media":0,"parent":109,"menu_order":1,"comment_status":"closed","ping_status":"open","template":"","meta":{"footnotes":""},"class_list":["post-136","page","type-page","status-publish","hentry"],"_links":{"self":[{"href":"https:\/\/uenf.br\/projetos\/quimtic\/wp-json\/wp\/v2\/pages\/136","targetHints":{"allow":["GET"]}}],"collection":[{"href":"https:\/\/uenf.br\/projetos\/quimtic\/wp-json\/wp\/v2\/pages"}],"about":[{"href":"https:\/\/uenf.br\/projetos\/quimtic\/wp-json\/wp\/v2\/types\/page"}],"author":[{"embeddable":true,"href":"https:\/\/uenf.br\/projetos\/quimtic\/wp-json\/wp\/v2\/users\/6"}],"replies":[{"embeddable":true,"href":"https:\/\/uenf.br\/projetos\/quimtic\/wp-json\/wp\/v2\/comments?post=136"}],"version-history":[{"count":0,"href":"https:\/\/uenf.br\/projetos\/quimtic\/wp-json\/wp\/v2\/pages\/136\/revisions"}],"up":[{"embeddable":true,"href":"https:\/\/uenf.br\/projetos\/quimtic\/wp-json\/wp\/v2\/pages\/109"}],"wp:attachment":[{"href":"https:\/\/uenf.br\/projetos\/quimtic\/wp-json\/wp\/v2\/media?parent=136"}],"curies":[{"name":"wp","href":"https:\/\/api.w.org\/{rel}","templated":true}]}}