{"id":241,"date":"2012-08-02T19:17:58","date_gmt":"2012-08-02T19:17:58","guid":{"rendered":"http:\/\/uenf.br\/reitoria\/agenciainovacao\/?page_id=241"},"modified":"2012-09-25T15:37:31","modified_gmt":"2012-09-25T15:37:31","slug":"gestaodainovacao","status":"publish","type":"page","link":"https:\/\/uenf.br\/reitoria\/agenciainovacao\/portifolios\/servicos\/gestaodainovacao\/","title":{"rendered":"Gest\u00e3o da inova\u00e7\u00e3o tecnol\u00f3gica no \u00e2mbito empresarial"},"content":{"rendered":"<p><strong style=\"color: #888888;\">PROFESSOR RESPONS\u00c1VEL<br \/>\n<\/strong><strong><span>Manuel Antonio Molina Palma<\/span><span>, Prof. D.Sc.<\/span><\/strong>\u00a0<em><a href=\"http:\/\/lattes.cnpq.br\/6034302026767691\" target=\"_blank\">Visitar Curr\u00edculo Lattes<br \/>\n<\/a><\/em><em>Laborat\u00f3rio de Engenharia de Produ\u00e7\u00e3o (LEPROD &#8211; CCT &#8211; UENF)<\/em><\/p>\n<p><span style=\"color: #888888;\"><strong>CONTATO<\/strong><\/span><br \/>\nE-mail \u00a0<em><strong>mmolina@uenf.br<\/strong><em>\u00a0 \u00a0<\/em>||<em>\u00a0\u00a0\u00a0<\/em>Telefone \u00a0<strong><em><strong>(22) 2739 7856<\/strong><\/em><\/strong><\/em><\/p>\n<p><em><\/em><span style=\"color: #888888;\"><strong>DESCRI\u00c7\u00c3O GERAL<\/strong><\/span><strong><span style=\"color: #888888;\"><br \/>\n<\/span><\/strong>Suporte gerencial para promo\u00e7\u00e3o da inova\u00e7\u00e3o tecnol\u00f3gica como fonte de vantagem competitiva atrav\u00e9s do diagn\u00f3stico da capacidade da inova\u00e7\u00e3o da empresa, identifica\u00e7\u00e3o das pr\u00e1ticas gerenciais, identifica\u00e7\u00e3o de gargalos e solu\u00e7\u00f5es atrav\u00e9s do uso de t\u00e9cnicas participativas como a elabora\u00e7\u00e3o de mapas cognitivos.<\/p>\n<p><span style=\"color: #888888;\"><strong>DESCRI\u00c7\u00c3O ESPEC\u00cdFICA<\/strong><\/span><strong><br \/>\n<\/strong>An\u00e1lise SWOT; Balanced scorecard; Matriz BCG; Matriz GE; Dashboard; Indicadores-Chave de Desempenho.<\/p>\n<p><span style=\"color: #888888;\"><strong>P\u00daBLICO-ALVO<\/strong><\/span><br \/>\nEmpresas em geral, produtoras de produtos e\/ou provedoras de servi\u00e7os.<\/p>\n","protected":false},"excerpt":{"rendered":"<p>PROFESSOR RESPONS\u00c1VEL Manuel Antonio Molina Palma, Prof. D.Sc.\u00a0Visitar Curr\u00edculo Lattes Laborat\u00f3rio de Engenharia de Produ\u00e7\u00e3o (LEPROD &#8211; CCT &#8211; UENF)&#8230;<\/p>\n","protected":false},"author":20,"featured_media":0,"parent":74,"menu_order":0,"comment_status":"closed","ping_status":"open","template":"","meta":{"footnotes":""},"class_list":["post-241","page","type-page","status-publish","hentry"],"_links":{"self":[{"href":"https:\/\/uenf.br\/reitoria\/agenciainovacao\/wp-json\/wp\/v2\/pages\/241","targetHints":{"allow":["GET"]}}],"collection":[{"href":"https:\/\/uenf.br\/reitoria\/agenciainovacao\/wp-json\/wp\/v2\/pages"}],"about":[{"href":"https:\/\/uenf.br\/reitoria\/agenciainovacao\/wp-json\/wp\/v2\/types\/page"}],"author":[{"embeddable":true,"href":"https:\/\/uenf.br\/reitoria\/agenciainovacao\/wp-json\/wp\/v2\/users\/20"}],"replies":[{"embeddable":true,"href":"https:\/\/uenf.br\/reitoria\/agenciainovacao\/wp-json\/wp\/v2\/comments?post=241"}],"version-history":[{"count":0,"href":"https:\/\/uenf.br\/reitoria\/agenciainovacao\/wp-json\/wp\/v2\/pages\/241\/revisions"}],"up":[{"embeddable":true,"href":"https:\/\/uenf.br\/reitoria\/agenciainovacao\/wp-json\/wp\/v2\/pages\/74"}],"wp:attachment":[{"href":"https:\/\/uenf.br\/reitoria\/agenciainovacao\/wp-json\/wp\/v2\/media?parent=241"}],"curies":[{"name":"wp","href":"https:\/\/api.w.org\/{rel}","templated":true}]}}