{"id":32,"date":"2012-07-25T18:36:13","date_gmt":"2012-07-25T18:36:13","guid":{"rendered":"http:\/\/uenf.br\/reitoria\/agenciainovacao\/?page_id=32"},"modified":"2025-09-09T12:24:03","modified_gmt":"2025-09-09T12:24:03","slug":"apresentacao","status":"publish","type":"page","link":"https:\/\/uenf.br\/reitoria\/agenciainovacao\/","title":{"rendered":"Apresenta\u00e7\u00e3o"},"content":{"rendered":"<p><img loading=\"lazy\" decoding=\"async\" class=\"wp-image-850 aligncenter\" src=\"http:\/\/uenf.br\/reitoria\/agenciainovacao\/files\/2012\/07\/Agi-UENF.jpg\" alt=\"Agi UENF\" width=\"350\" height=\"193\" srcset=\"https:\/\/uenf.br\/reitoria\/agenciainovacao\/files\/2012\/07\/Agi-UENF.jpg 500w, https:\/\/uenf.br\/reitoria\/agenciainovacao\/files\/2012\/07\/Agi-UENF-300x165.jpg 300w, https:\/\/uenf.br\/reitoria\/agenciainovacao\/files\/2012\/07\/Agi-UENF-150x82.jpg 150w, https:\/\/uenf.br\/reitoria\/agenciainovacao\/files\/2012\/07\/Agi-UENF-400x220.jpg 400w\" sizes=\"auto, (max-width: 350px) 100vw, 350px\" \/><\/p>\n<p dir=\"auto\">A Ag\u00eancia UENF de Inova\u00e7\u00e3o (AgiUENF) tem como um de seus principais objetivos fortalecer as rela\u00e7\u00f5es entre Universidade e Empresa.<\/p>\n<p dir=\"auto\">A Ag\u00eancia UENF de Inova\u00e7\u00e3o foi institu\u00edda pela <a href=\"http:\/\/uenf.br\/reitoria\/agenciainovacao\/files\/2012\/08\/resolucao_consuni_2011_n05.pdf\" target=\"_blank\" rel=\"noopener noreferrer\">resolu\u00e7\u00e3o n.5\/2011<\/a> do Conselho Universit\u00e1rio (CONSUNI) da UENF, de 4 de novembro de 2011.<\/p>\n<p>S\u00e3o compet\u00eancias da Ag\u00eancia UENF de Inova\u00e7\u00e3o:<\/p>\n<p><strong>.:<\/strong> Atuar como proponente e gestora da pol\u00edtica de inova\u00e7\u00e3o da UENF, conforme Lei Estadual N\u00ba 9.809 de 22 de julho de 2022.<\/p>\n<p><strong>.:\u00a0<\/strong>Atuar no desenvolvimento das rela\u00e7\u00f5es Universidade \u2013 Empresa, inclusive com as funda\u00e7\u00f5es de apoio.<\/p>\n<p><strong>.: <\/strong>Ao Setor de Patentes e de Transfer\u00eancia de Tecnologia, compete a formaliza\u00e7\u00e3o, acompanhamento e guarda de pedidos de patentes e modelos de utilidade, o registro de softwares, cultivares e marcas desenvolvidos pela UENF junto aos \u00f3rg\u00e3os competentes. Compete ainda manter banco de dados atualizado, compreendendo as novas tecnologias a serem comercializadas (mecanismos de transfer\u00eancia de tecnologia), propondo acordos de coopera\u00e7\u00e3o para este fim.<\/p>\n<p><strong>.: <\/strong>Ao Setor de Administra\u00e7\u00e3o de Projetos, \u00f3rg\u00e3o auxiliar da Ag\u00eancia UENF de Inova\u00e7\u00e3o, compete: analisar, elaborar, tramitar internamente na UENF e guardar os conv\u00eanios de coopera\u00e7\u00e3o firmados pela UENF. Tamb\u00e9m \u00e9 atribui\u00e7\u00e3o a administra\u00e7\u00e3o de conv\u00eanios geridos pela UENF.<\/p>\n<p><strong>.:<\/strong> \u00c0 Assessoria da Incubadora de Empresas e Parque Tecnol\u00f3gico, compete o desenvolvimento e participa\u00e7\u00e3o da UENF em empreendimentos que propiciem a cria\u00e7\u00e3o e manuten\u00e7\u00e3o de incubadoras de empresas e a cria\u00e7\u00e3o de um futuro parque tecnol\u00f3gico.<\/p>\n<p><strong>Gon\u00e7alo Apolin\u00e1rio de Souza Filho, Prof. D.Sc.<\/strong><br \/>\n<em>Diretor\u00a0<\/em><br \/>\nageinov@uenf.br<br \/>\n(22) 2739 7331<\/p>\n<p>&nbsp;<\/p>\n","protected":false},"excerpt":{"rendered":"<p>A Ag\u00eancia UENF de Inova\u00e7\u00e3o (AgiUENF) tem como um de seus principais objetivos fortalecer as rela\u00e7\u00f5es entre Universidade e Empresa&#8230;.<\/p>\n","protected":false},"author":20,"featured_media":0,"parent":0,"menu_order":1,"comment_status":"closed","ping_status":"closed","template":"","meta":{"footnotes":""},"class_list":["post-32","page","type-page","status-publish","hentry"],"_links":{"self":[{"href":"https:\/\/uenf.br\/reitoria\/agenciainovacao\/wp-json\/wp\/v2\/pages\/32","targetHints":{"allow":["GET"]}}],"collection":[{"href":"https:\/\/uenf.br\/reitoria\/agenciainovacao\/wp-json\/wp\/v2\/pages"}],"about":[{"href":"https:\/\/uenf.br\/reitoria\/agenciainovacao\/wp-json\/wp\/v2\/types\/page"}],"author":[{"embeddable":true,"href":"https:\/\/uenf.br\/reitoria\/agenciainovacao\/wp-json\/wp\/v2\/users\/20"}],"replies":[{"embeddable":true,"href":"https:\/\/uenf.br\/reitoria\/agenciainovacao\/wp-json\/wp\/v2\/comments?post=32"}],"version-history":[{"count":0,"href":"https:\/\/uenf.br\/reitoria\/agenciainovacao\/wp-json\/wp\/v2\/pages\/32\/revisions"}],"wp:attachment":[{"href":"https:\/\/uenf.br\/reitoria\/agenciainovacao\/wp-json\/wp\/v2\/media?parent=32"}],"curies":[{"name":"wp","href":"https:\/\/api.w.org\/{rel}","templated":true}]}}