{"id":378,"date":"2012-08-31T19:37:16","date_gmt":"2012-08-31T19:37:16","guid":{"rendered":"http:\/\/uenf.br\/reitoria\/agenciainovacao\/?page_id=378"},"modified":"2012-09-25T18:28:09","modified_gmt":"2012-09-25T18:28:09","slug":"identificacao-de-contaminantes","status":"publish","type":"page","link":"https:\/\/uenf.br\/reitoria\/agenciainovacao\/portifolios\/servicos\/identificacao-de-contaminantes\/","title":{"rendered":"Identifica\u00e7\u00e3o de contaminantes bacterianos de processos fermentativos"},"content":{"rendered":"<p><strong style=\"color: #888888;\">PROFESSOR RESPONS\u00c1VEL<br \/>\n<\/strong><strong><span>Gon\u00e7alo Apolin\u00e1rio de Souza Filho, Prof. D.Sc.<\/span><\/strong>\u00a0<em><a href=\"http:\/\/lattes.cnpq.br\/7935607913760531\" target=\"_blank\">Visitar Curr\u00edculo Lattes<br \/>\n<\/a><\/em><em>N\u00facleo de An\u00e1lise Gen\u00f4mica\u00a0(NAG &#8211; CBB &#8211; UENF)<\/em><\/p>\n<p><em><strong><span style=\"color: #888888;\">CONTATO<\/span><br \/>\n<\/strong><\/em>E-mail<em> \u00a0<em><strong>goncalos@uenf.br\u00a0 \u00a0<\/strong><\/em>||<em><strong>\u00a0\u00a0\u00a0<\/strong><\/em><\/em>Telefone<em> \u00a0<em><strong>(22) 2739 7031<\/strong><\/em><br \/>\n<\/em><strong style=\"color: #888888;\"><\/strong><\/p>\n<p><strong style=\"color: #888888;\">DESCRI\u00c7\u00c3O GERAL<br \/>\n<\/strong>Atualmente as an\u00e1lises de material gen\u00e9tico possuem uma gama infinita de utiliza\u00e7\u00f5es, que v\u00e3o desde a identifica\u00e7\u00e3o de paternidade at\u00e9, por exemplo, a modifica\u00e7\u00e3o de genes em bact\u00e9rias visando amplificar caracter\u00edsticas ben\u00e9ficas \u00e0 cana-de-a\u00e7\u00facar (pesquisa que \u00e9 desenvolvida em parceria com o N\u00facleo). Com o objetivo tornar acess\u00edvel aos interessados a tecnologia dispon\u00edvel em suas instala\u00e7\u00f5es, o NAG\/UENF est\u00e1 oferecendo o seguinte servi\u00e7o:<\/p>\n<p>Identifica\u00e7\u00e3o de contaminantes bacterianos de processos fermentativos, por sequenciamento e an\u00e1lise de DNA.<\/p>\n<p><strong style=\"color: #808080;\">P\u00daBLICO-ALVO<br \/>\n<\/strong>Usinas sucroalcooleiras.<\/p>\n","protected":false},"excerpt":{"rendered":"<p>PROFESSOR RESPONS\u00c1VEL Gon\u00e7alo Apolin\u00e1rio de Souza Filho, Prof. D.Sc.\u00a0Visitar Curr\u00edculo Lattes N\u00facleo de An\u00e1lise Gen\u00f4mica\u00a0(NAG &#8211; CBB &#8211; UENF) CONTATO&#8230;<\/p>\n","protected":false},"author":20,"featured_media":0,"parent":74,"menu_order":0,"comment_status":"closed","ping_status":"open","template":"","meta":{"footnotes":""},"class_list":["post-378","page","type-page","status-publish","hentry"],"_links":{"self":[{"href":"https:\/\/uenf.br\/reitoria\/agenciainovacao\/wp-json\/wp\/v2\/pages\/378","targetHints":{"allow":["GET"]}}],"collection":[{"href":"https:\/\/uenf.br\/reitoria\/agenciainovacao\/wp-json\/wp\/v2\/pages"}],"about":[{"href":"https:\/\/uenf.br\/reitoria\/agenciainovacao\/wp-json\/wp\/v2\/types\/page"}],"author":[{"embeddable":true,"href":"https:\/\/uenf.br\/reitoria\/agenciainovacao\/wp-json\/wp\/v2\/users\/20"}],"replies":[{"embeddable":true,"href":"https:\/\/uenf.br\/reitoria\/agenciainovacao\/wp-json\/wp\/v2\/comments?post=378"}],"version-history":[{"count":0,"href":"https:\/\/uenf.br\/reitoria\/agenciainovacao\/wp-json\/wp\/v2\/pages\/378\/revisions"}],"up":[{"embeddable":true,"href":"https:\/\/uenf.br\/reitoria\/agenciainovacao\/wp-json\/wp\/v2\/pages\/74"}],"wp:attachment":[{"href":"https:\/\/uenf.br\/reitoria\/agenciainovacao\/wp-json\/wp\/v2\/media?parent=378"}],"curies":[{"name":"wp","href":"https:\/\/api.w.org\/{rel}","templated":true}]}}