{"id":511,"date":"2012-09-25T20:06:43","date_gmt":"2012-09-25T20:06:43","guid":{"rendered":"http:\/\/uenf.br\/reitoria\/agenciainovacao\/?page_id=511"},"modified":"2012-09-25T20:13:06","modified_gmt":"2012-09-25T20:13:06","slug":"clinica-cirurgica","status":"publish","type":"page","link":"https:\/\/uenf.br\/reitoria\/agenciainovacao\/portifolios\/servicos\/clinica-cirurgica\/","title":{"rendered":"Cl\u00ednica Cir\u00fargica de Animais de Produ\u00e7\u00e3o"},"content":{"rendered":"<p><strong style=\"color: #888888;\">PROFESSORA RESPONS\u00c1VEL<br \/>\n<\/strong><strong><span>Paula Alessandra Di Filippo, Profa. Ph.D.\u00a0<\/span><\/strong><em><a href=\"http:\/\/lattes.cnpq.br\/3512179950353953\" target=\"_blank\">Visitar Curr\u00edculo Lattes<br \/>\n<\/a><\/em><em>Laborat\u00f3rio de Cl\u00ednicas e Cir\u00fargia Animal (LCCA\u00a0&#8211; CCTA &#8211; UENF)<\/em><\/p>\n<p><strong><span style=\"color: #888888;\">CONTATO<\/span><br \/>\n<\/strong>E-mail \u00a0<em><strong>difilippo@uenf.br\u00a0 \u00a0<\/strong><\/em>||<em><strong>\u00a0\u00a0\u00a0<\/strong><\/em>Telefone \u00a0<em><strong>(22) 2731 9940<\/strong><\/em><\/p>\n<p><em><\/em><span style=\"color: #888888;\"><strong>DESCRI\u00c7\u00c3O GERAL<br \/>\n<\/strong><\/span>Atendimento de equinos, bovinos, ovinos, caprinos e su\u00ednos\u00a0portadores de afec\u00e7\u00f5es cl\u00ednico-cir\u00fargicas. Entre os procedimentos diagn\u00f3sticos e\u00a0terap\u00eauticos incluem-se os relacionados a enfermidades dos aparelhos locomotor,\u00a0digest\u00f3rio, respirat\u00f3rio, geniturin\u00e1rio, tegumentar e anexos.<\/p>\n<p><span style=\"color: #808080;\"><strong>DESCRI\u00c7\u00c3O ESPEC\u00cdFICA<\/strong><\/span><strong><br \/>\n<\/strong>Cirurgias gastrointestinais de equinos (c\u00f3licas); anestesia geral.<\/p>\n<p><strong style=\"color: #888888;\">P\u00daBLICO-ALVO<br \/>\n<\/strong>Fazendas, haras, j\u00f3queis e propriedades em geral, mantenedoras ou\u00a0criadoras de animais de produ\u00e7\u00e3o.<\/p>\n","protected":false},"excerpt":{"rendered":"<p>PROFESSORA RESPONS\u00c1VEL Paula Alessandra Di Filippo, Profa. Ph.D.\u00a0Visitar Curr\u00edculo Lattes Laborat\u00f3rio de Cl\u00ednicas e Cir\u00fargia Animal (LCCA\u00a0&#8211; CCTA &#8211; UENF)&#8230;<\/p>\n","protected":false},"author":20,"featured_media":0,"parent":74,"menu_order":0,"comment_status":"closed","ping_status":"open","template":"","meta":{"footnotes":""},"class_list":["post-511","page","type-page","status-publish","hentry"],"_links":{"self":[{"href":"https:\/\/uenf.br\/reitoria\/agenciainovacao\/wp-json\/wp\/v2\/pages\/511","targetHints":{"allow":["GET"]}}],"collection":[{"href":"https:\/\/uenf.br\/reitoria\/agenciainovacao\/wp-json\/wp\/v2\/pages"}],"about":[{"href":"https:\/\/uenf.br\/reitoria\/agenciainovacao\/wp-json\/wp\/v2\/types\/page"}],"author":[{"embeddable":true,"href":"https:\/\/uenf.br\/reitoria\/agenciainovacao\/wp-json\/wp\/v2\/users\/20"}],"replies":[{"embeddable":true,"href":"https:\/\/uenf.br\/reitoria\/agenciainovacao\/wp-json\/wp\/v2\/comments?post=511"}],"version-history":[{"count":0,"href":"https:\/\/uenf.br\/reitoria\/agenciainovacao\/wp-json\/wp\/v2\/pages\/511\/revisions"}],"up":[{"embeddable":true,"href":"https:\/\/uenf.br\/reitoria\/agenciainovacao\/wp-json\/wp\/v2\/pages\/74"}],"wp:attachment":[{"href":"https:\/\/uenf.br\/reitoria\/agenciainovacao\/wp-json\/wp\/v2\/media?parent=511"}],"curies":[{"name":"wp","href":"https:\/\/api.w.org\/{rel}","templated":true}]}}