{"id":527,"date":"2012-09-28T18:40:31","date_gmt":"2012-09-28T18:40:31","guid":{"rendered":"http:\/\/uenf.br\/reitoria\/agenciainovacao\/?page_id=527"},"modified":"2013-03-18T20:09:15","modified_gmt":"2013-03-18T20:09:15","slug":"matriz-ligante","status":"publish","type":"page","link":"https:\/\/uenf.br\/reitoria\/agenciainovacao\/portifolios\/portfolio-uenf-de-patentes\/matriz-ligante\/","title":{"rendered":"Matriz ligante de Fe-Cu com controlador de desgaste para uso em ferramentas diamantadas"},"content":{"rendered":"<p><strong><span style=\"color: #888888;\">INVENTOR<\/span><br \/>\n<\/strong><strong>Marcello Filgueira, Prof. D.Sc.<\/strong>\u00a0<em><a href=\"http:\/\/lattes.cnpq.br\/0725750287341168\" target=\"_blank\">Visitar Curr\u00edculo Lattes<br \/>\n<\/a>Laborat\u00f3rio de Materiais Avan\u00e7ados\u00a0(LAMAV &#8211; CCT &#8211; UENF)<\/em><\/p>\n<p><strong><span style=\"color: #888888;\">CONTATO<\/span><br \/>\n<\/strong>E-mail \u00a0<strong>patentes@uenf.br<\/strong> || Telefone <strong>(22)\u00a02739 7331<\/strong><\/p>\n<p><strong style=\"color: #888888;\">DESCRI\u00c7\u00c3O GERAL<br \/>\n<\/strong>A Patente em quest\u00e3o refere-se a uma liga de Fe-Cu para uso como matriz ligante em ferramentas diamantadas com adi\u00e7\u00e3o de Carbeto de Sil\u00edcio (SiC) como controlador da taxa de desgaste da matriz ligante.<\/p>\n<p>A adi\u00e7\u00e3o de Carbeto de Sil\u00edcio (SiC) \u00e0 liga ferro-cobre exerce import\u00e2ncia fundamental no desempenho desta como matriz ligante para os diamantes nas ferramentas diamantadas, pois essas part\u00edculas cer\u00e2micas de SiC atuam como controladoras da taxa de desgaste da matriz ligante, o que evita a perda prematura desta quando da abras\u00e3o com o material a ser cortado, al\u00e9m disso, promovem um ganho consider\u00e1vel em dureza e resist\u00eancia \u00e0 abras\u00e3o, propriedades mec\u00e2nicas de extrema import\u00e2ncia, tanto para desempenho quanto para a vida \u00fatil da ferramenta diamantada.<\/p>\n<p>O Fe e o Cu s\u00e3o metais de grande disponibilidade no Brasil, principalmente o Fe, pois nosso pa\u00eds det\u00e9m as maiores reservas mundiais deste metal, e \u00e9 o maior produtor de min\u00e9rio de Fe do mundo, o que proporcionaria a diminui\u00e7\u00e3o no custo do produto final dentro do Brasil, e abriria novos e amplos mercados no exterior. Ambos, Fe e Cu, s\u00e3o cerca de 20 vezes mais baratos que o cobalto \u2013 amplamente utilizado como fase majorit\u00e1ria para a ades\u00e3o de diamantes.<\/p>\n<p><span style=\"color: #888888;\"><strong>OBJETIVOS<\/strong><\/span><br \/>\nO objetivo \u00e9 que a liga de Fe-Cu seja aplicada na produ\u00e7\u00e3o de ferramentas de corte que utilizem p\u00f3 de diamante como part\u00edcula abrasiva, a fim de baratear o custo do produto final, tendo em vista a abund\u00e2ncia dos materiais o pa\u00eds. A adi\u00e7\u00e3o de Carbeto de Sil\u00edcio (SiC) objetiva controlar a perda prematura dos diamantes por abras\u00e3o da matriz ligante durante a opera\u00e7\u00e3o de corte e proporcionar aumento de at\u00e9 40% em dureza e em resist\u00eancia ao desgaste da matriz ligante e por conseguinte da ferramenta.<\/p>\n<p><span style=\"color: #888888;\"><strong>P\u00daBLICO-ALVO<\/strong><\/span><br \/>\nSetor de Rochas Ornamentais, Minera\u00e7\u00e3o e Constru\u00e7\u00e3o Civil.<\/p>\n","protected":false},"excerpt":{"rendered":"<p>INVENTOR Marcello Filgueira, Prof. D.Sc.\u00a0Visitar Curr\u00edculo Lattes Laborat\u00f3rio de Materiais Avan\u00e7ados\u00a0(LAMAV &#8211; CCT &#8211; UENF) CONTATO E-mail \u00a0patentes@uenf.br || Telefone&#8230;<\/p>\n","protected":false},"author":20,"featured_media":0,"parent":80,"menu_order":9,"comment_status":"closed","ping_status":"closed","template":"","meta":{"footnotes":""},"class_list":["post-527","page","type-page","status-publish","hentry"],"_links":{"self":[{"href":"https:\/\/uenf.br\/reitoria\/agenciainovacao\/wp-json\/wp\/v2\/pages\/527","targetHints":{"allow":["GET"]}}],"collection":[{"href":"https:\/\/uenf.br\/reitoria\/agenciainovacao\/wp-json\/wp\/v2\/pages"}],"about":[{"href":"https:\/\/uenf.br\/reitoria\/agenciainovacao\/wp-json\/wp\/v2\/types\/page"}],"author":[{"embeddable":true,"href":"https:\/\/uenf.br\/reitoria\/agenciainovacao\/wp-json\/wp\/v2\/users\/20"}],"replies":[{"embeddable":true,"href":"https:\/\/uenf.br\/reitoria\/agenciainovacao\/wp-json\/wp\/v2\/comments?post=527"}],"version-history":[{"count":0,"href":"https:\/\/uenf.br\/reitoria\/agenciainovacao\/wp-json\/wp\/v2\/pages\/527\/revisions"}],"up":[{"embeddable":true,"href":"https:\/\/uenf.br\/reitoria\/agenciainovacao\/wp-json\/wp\/v2\/pages\/80"}],"wp:attachment":[{"href":"https:\/\/uenf.br\/reitoria\/agenciainovacao\/wp-json\/wp\/v2\/media?parent=527"}],"curies":[{"name":"wp","href":"https:\/\/api.w.org\/{rel}","templated":true}]}}