{"id":536,"date":"2012-10-01T19:37:31","date_gmt":"2012-10-01T19:37:31","guid":{"rendered":"http:\/\/uenf.br\/reitoria\/agenciainovacao\/?page_id=536"},"modified":"2013-03-18T20:08:36","modified_gmt":"2013-03-18T20:08:36","slug":"antialergica","status":"publish","type":"page","link":"https:\/\/uenf.br\/reitoria\/agenciainovacao\/portifolios\/portfolio-uenf-de-patentes\/antialergica\/","title":{"rendered":"Composi\u00e7\u00e3o farmac\u00eautica antial\u00e9rgica a base de amino\u00e1cidos livres"},"content":{"rendered":"<p><strong><span style=\"color: #888888;\">INVENTOR<\/span><br \/>\n<\/strong><strong>Olga Lima Tavares Machado,\u00a0Profa. D.Sc.<\/strong>\u00a0<em><a href=\"http:\/\/lattes.cnpq.br\/8204780680625242\" target=\"_blank\">Visitar Curr\u00edculo Lattes<br \/>\n<\/a>Laborat\u00f3rio de Qu\u00edmica e Fun\u00e7\u00e3o de Prote\u00ednas e Pept\u00eddeos (LQFPPs &#8211; CBB &#8211; UENF)<\/em><\/p>\n<p><strong><span style=\"color: #888888;\">CONTATO<\/span><br \/>\n<\/strong>E-mail \u00a0<strong>patentes@uenf.br<\/strong> || Telefone <strong>(22)\u00a02739 7331<\/strong><\/p>\n<p><strong style=\"color: #888888;\">DESCRI\u00c7\u00c3O GERAL<br \/>\n<\/strong>A patente em quest\u00e3o apresenta composi\u00e7\u00f5es farmac\u00eauticas baseadas em amino\u00e1cidos para preven\u00e7\u00e3o de alergias. Compreende em uma pluralidade de subst\u00e2ncias org\u00e2nicas capazes de se ligarem de forma monovalente e bloquearem o s\u00edtio de liga\u00e7\u00e3o para diversos tipos de subst\u00e2ncias alerg\u00eanicas. Esta estrat\u00e9gia de tratamento difere completamente dos medicamentos anti-histam\u00ednicos largamente utilizados para o tratamento da alergia. Ela impede a libera\u00e7\u00e3o da histamina e, portanto, o desencadeamento da alergia.<\/p>\n<p>Vale destacar que alergias afetam cerca de 25% da popula\u00e7\u00e3o mundial. Este n\u00famero est\u00e1 em crescimento em liga\u00e7\u00e3o com a toxicidade do meio ambiente, exposi\u00e7\u00e3o \u00e0s poeiras e p\u00f3len de diversas plantas etc.<\/p>\n<p>Alergias desencadeadas por polens assolam grande parte de popula\u00e7\u00f5es que residem pr\u00f3ximas a regi\u00f5es de plantio. No atual contexto mundial onde se procura substituir combust\u00edveis derivados de petr\u00f3leo por combust\u00edveis derivados de plantas oleaginosas (como girassol, mamona, soja e milho), aumenta-se enormemente o risco de sensibiliza\u00e7\u00e3o de popula\u00e7\u00f5es por meio de polens.<\/p>\n<p>Esta situa\u00e7\u00e3o implica que novas estrat\u00e9gias de tratamento para alergias sejam desenvolvidas.<\/p>\n<p><span style=\"color: #888888;\"><strong>OBJETIVOS<\/strong><\/span><br \/>\nO objetivo \u00e9 evitar alergias por meio do bloqueamento do s\u00edtio espec\u00edfico onde as liga\u00e7\u00f5es respons\u00e1veis por rea\u00e7\u00f5es al\u00e9rgicas aconteceriam.<\/p>\n<p><span style=\"color: #888888;\"><strong>P\u00daBLICO-ALVO<\/strong><\/span><br \/>\nLaborat\u00f3rios farmac\u00eauticos.<\/p>\n","protected":false},"excerpt":{"rendered":"<p>INVENTOR Olga Lima Tavares Machado,\u00a0Profa. D.Sc.\u00a0Visitar Curr\u00edculo Lattes Laborat\u00f3rio de Qu\u00edmica e Fun\u00e7\u00e3o de Prote\u00ednas e Pept\u00eddeos (LQFPPs &#8211; CBB&#8230;<\/p>\n","protected":false},"author":20,"featured_media":0,"parent":80,"menu_order":7,"comment_status":"closed","ping_status":"open","template":"","meta":{"footnotes":""},"class_list":["post-536","page","type-page","status-publish","hentry"],"_links":{"self":[{"href":"https:\/\/uenf.br\/reitoria\/agenciainovacao\/wp-json\/wp\/v2\/pages\/536","targetHints":{"allow":["GET"]}}],"collection":[{"href":"https:\/\/uenf.br\/reitoria\/agenciainovacao\/wp-json\/wp\/v2\/pages"}],"about":[{"href":"https:\/\/uenf.br\/reitoria\/agenciainovacao\/wp-json\/wp\/v2\/types\/page"}],"author":[{"embeddable":true,"href":"https:\/\/uenf.br\/reitoria\/agenciainovacao\/wp-json\/wp\/v2\/users\/20"}],"replies":[{"embeddable":true,"href":"https:\/\/uenf.br\/reitoria\/agenciainovacao\/wp-json\/wp\/v2\/comments?post=536"}],"version-history":[{"count":0,"href":"https:\/\/uenf.br\/reitoria\/agenciainovacao\/wp-json\/wp\/v2\/pages\/536\/revisions"}],"up":[{"embeddable":true,"href":"https:\/\/uenf.br\/reitoria\/agenciainovacao\/wp-json\/wp\/v2\/pages\/80"}],"wp:attachment":[{"href":"https:\/\/uenf.br\/reitoria\/agenciainovacao\/wp-json\/wp\/v2\/media?parent=536"}],"curies":[{"name":"wp","href":"https:\/\/api.w.org\/{rel}","templated":true}]}}