{"id":603,"date":"2013-03-01T14:45:29","date_gmt":"2013-03-01T14:45:29","guid":{"rendered":"http:\/\/uenf.br\/reitoria\/agenciainovacao\/?page_id=603"},"modified":"2013-03-18T20:11:26","modified_gmt":"2013-03-18T20:11:26","slug":"aparelho-de-aquecimento-intermitente-para-estimativa-de-fluxo-de-seiva-e-seu-modelo-teorico","status":"publish","type":"page","link":"https:\/\/uenf.br\/reitoria\/agenciainovacao\/portifolios\/portfolio-uenf-de-patentes\/aparelho-de-aquecimento-intermitente-para-estimativa-de-fluxo-de-seiva-e-seu-modelo-teorico\/","title":{"rendered":"Aparelho de Aquecimento Intermitente para estimativa de fluxo de seiva e seu modelo te\u00f3rico"},"content":{"rendered":"<p><strong>INVENTOR<br \/>\n<\/strong><strong>Elias Fernandes de Souza, Prof. D. Sc. <\/strong> <em><a href=\"http:\/\/lattes.cnpq.br\/4336877181545923\" target=\"_blank\">Visitar Curr\u00edculo Lattes<\/a><\/em><\/p>\n<p><strong>CONTATO<br \/>\n<\/strong>E-mail \u00a0<strong>patentes@uenf.br<\/strong> || Telefone <strong>(22)\u00a02739 7331<\/strong><\/p>\n<p><strong>DESCRI\u00c7\u00c3O GERAL<\/strong><\/p>\n<p>A aferi\u00e7\u00e3o do fluxo de \u00e1gua na planta e no solo e suas propriedades t\u00e9rmicas possui aplica\u00e7\u00e3o em v\u00e1rias \u00e1reas, como hidrologia, ecologia, irriga\u00e7\u00e3o, dentre outras, pois possibilita a determina\u00e7\u00e3o da quantidade de \u00e1gua em tr\u00e2nsito na planta, determinando, assim, qual a poss\u00edvel demanda por \u00e1gua.<\/p>\n<p>Com esse objetivo, nos \u00faltimos 30 anos, v\u00e1rios m\u00e9todos para medir o fluxo de seiva foram elaborados. Entretanto, todos os m\u00e9todos utilizam dois ou mais sensores de temperatura que rastreiam o pulso de calor, esta inser\u00e7\u00e3o \u00e9 fundamental, pois pode acarretar em erros grosseiros na medi\u00e7\u00e3o do fluxo xil\u00eamico. Al\u00e9m disso, n\u00e3o foi poss\u00edvel obter um modelo que fosse aplic\u00e1vel para todas as agulhas constru\u00eddas. Cada agulha exigia uma calibra\u00e7\u00e3o espec\u00edfica, o que afetou a operacionalidade do sensor.<\/p>\n<p>O objetivo da presente inven\u00e7\u00e3o \u00e9 um sensor constitu\u00eddo por apenas uma agulha hipod\u00e9rmica, apresentando no seu interior uma extremidade do conjunto termopar e um fio met\u00e1lico, sendo essa agulha inserida radialmente no caule da planta.<\/p>\n<p><strong>OBJETIVOS<\/strong><\/p>\n<p>(1) Desenvolvimento de sensor de fluxo de seiva mais preciso e aplicado a diferentes situa\u00e7\u00f5es.<\/p>\n<p><strong>P\u00daBLICO-ALVO<\/strong><\/p>\n<p>Produtores rurais, engenheiros Agr\u00f4nomos, engenheiro Agr\u00edcola, empresas p\u00fablicas e privadas na \u00e1rea de assist\u00eancia t\u00e9cnica.<\/p>\n<p>&nbsp;<\/p>\n","protected":false},"excerpt":{"rendered":"<p>INVENTOR Elias Fernandes de Souza, Prof. D. Sc. Visitar Curr\u00edculo Lattes CONTATO E-mail \u00a0patentes@uenf.br || Telefone (22)\u00a02739 7331 DESCRI\u00c7\u00c3O GERAL&#8230;<\/p>\n","protected":false},"author":20,"featured_media":0,"parent":80,"menu_order":2,"comment_status":"closed","ping_status":"closed","template":"","meta":{"footnotes":""},"class_list":["post-603","page","type-page","status-publish","hentry"],"_links":{"self":[{"href":"https:\/\/uenf.br\/reitoria\/agenciainovacao\/wp-json\/wp\/v2\/pages\/603","targetHints":{"allow":["GET"]}}],"collection":[{"href":"https:\/\/uenf.br\/reitoria\/agenciainovacao\/wp-json\/wp\/v2\/pages"}],"about":[{"href":"https:\/\/uenf.br\/reitoria\/agenciainovacao\/wp-json\/wp\/v2\/types\/page"}],"author":[{"embeddable":true,"href":"https:\/\/uenf.br\/reitoria\/agenciainovacao\/wp-json\/wp\/v2\/users\/20"}],"replies":[{"embeddable":true,"href":"https:\/\/uenf.br\/reitoria\/agenciainovacao\/wp-json\/wp\/v2\/comments?post=603"}],"version-history":[{"count":0,"href":"https:\/\/uenf.br\/reitoria\/agenciainovacao\/wp-json\/wp\/v2\/pages\/603\/revisions"}],"up":[{"embeddable":true,"href":"https:\/\/uenf.br\/reitoria\/agenciainovacao\/wp-json\/wp\/v2\/pages\/80"}],"wp:attachment":[{"href":"https:\/\/uenf.br\/reitoria\/agenciainovacao\/wp-json\/wp\/v2\/media?parent=603"}],"curies":[{"name":"wp","href":"https:\/\/api.w.org\/{rel}","templated":true}]}}