{"id":639,"date":"2013-03-06T18:21:59","date_gmt":"2013-03-06T18:21:59","guid":{"rendered":"http:\/\/uenf.br\/reitoria\/agenciainovacao\/?page_id=639"},"modified":"2013-03-18T20:09:30","modified_gmt":"2013-03-18T20:09:30","slug":"metodologia-de-formulacao-e-cura-de-compositos-particulados-em-resina-epoxi-dgba-aminas-alifaticas","status":"publish","type":"page","link":"https:\/\/uenf.br\/reitoria\/agenciainovacao\/portifolios\/portfolio-uenf-de-patentes\/metodologia-de-formulacao-e-cura-de-compositos-particulados-em-resina-epoxi-dgba-aminas-alifaticas\/","title":{"rendered":"Metodologia de formula\u00e7\u00e3o  e cura de comp\u00f3sitos particulados em resina ep\u00f3xi DGBEA-aminas alif\u00e1ticas"},"content":{"rendered":"<p>&nbsp;<\/p>\n<p><span style=\"color: #888888;\"><strong>INVENTORES<\/strong><\/span><\/p>\n<p><strong>Rub\u00e9n J. Sanch\u00e9z Rodr\u00edguez, Prof. D.Sc.<\/strong><\/p>\n<p><span style=\"color: #888888;\"><strong>CONTATO<\/strong><\/span><\/p>\n<p>E-mail <strong>patentes@uenf.br<\/strong>\u00a0|| Telefone\u00a0<strong>(22)\u00a02739 7331<\/strong><\/p>\n<p>&nbsp;<\/p>\n<p><span style=\"color: #888888;\"><strong>DESCRI\u00c7\u00c3O GERAL<\/strong><\/span><\/p>\n<p>A engenharia de materiais tem dedicado especial aten\u00e7\u00e3o \u00e0 formula\u00e7\u00e3o e caracteriza\u00e7\u00e3o de comp\u00f3sitos para diversos usos onde a alta resist\u00eancia ao desgaste \u00e9 exigida. A resist\u00eancia da matriz \u00e9 um requisito fundamental para materiais utilizados em condi\u00e7\u00f5es severas de atrito, como aquelas existentes nas opera\u00e7\u00f5es de desbaste e polimento.<\/p>\n<p>O polimento de pedras \u00e9 uma aplica\u00e7\u00e3o em que s\u00e3o exigidos comp\u00f3sitos resistentes ao desgaste. As ferramentas diamantadas, empregadas em escala industrial para opera\u00e7\u00f5es abrasivas, s\u00e3o, hoje, fabricadas em comp\u00f3sitos com matriz mais tenaz, mais d\u00factil e mais barata.<\/p>\n<p>A resist\u00eancia do material pode ser modulada atrav\u00e9s de diferentes vari\u00e1veis, como a natureza dos componentes e a metodologia de prepara\u00e7\u00e3o e cura, que refletem nas caracter\u00edsticas de dureza e estabilidade da matriz, e que proporcionam uma rela\u00e7\u00e3o adequada de dureza\/integridade \u00e0 matriz.<\/p>\n<p>A presente patente estabelece a metodologia de prepara\u00e7\u00e3o e cura de sistemas epox\u00eddicos do tipo DGEBA e aminas alif\u00e1ticas; a metodologia de prepara\u00e7\u00e3o e a cura de comp\u00f3sitos particulados e a formula\u00e7\u00e3o de um abrasivo para o desbaste de pedras ornamentais a partir da resina DGEBA (Diglicidil \u00c9ter Bisfenol A) e amina alif\u00e1tica Tetraetilenopentamina (TEPA) de f\u00e1cil manuseio e micro diamantes.<\/p>\n<p>Este sistema ep\u00f3xi proporciona uma matriz com estabilidade dimensional e com ader\u00eancia em rela\u00e7\u00e3o \u00e0 carga de microdiamantes e \u00e0 rigidez adequada para seu uso como ferramenta diamantada no desbaste de pedras ornamentais.<\/p>\n<p>&nbsp;<\/p>\n<p><span style=\"color: #888888;\"><strong>OBJETIVOS<\/strong><\/span><\/p>\n<p>&nbsp;<\/p>\n<p>(1)\u00a0 Propor a metodologia de prepara\u00e7\u00e3o e cura de sistemas epox\u00eddicos do tipo DGEBA e aminas alif\u00e1ticas;<\/p>\n<p>(2)\u00a0 Propor uma metodologia de prepara\u00e7\u00e3o e cura de comp\u00f3sitos particulados utilizando como matriz sistemas epox\u00eddicos do tipo DGEBA e aminas alif\u00e1ticas;<\/p>\n<p>(3)\u00a0 Formula\u00e7\u00e3o de um abrasivo para o desbate de pedras ornamentais a partir da resina DGEBA e amina alif\u00e1tica de f\u00e1cil manuseio e microdiamantes)<\/p>\n<p>&nbsp;<\/p>\n<p><span style=\"color: #888888;\"><strong>P\u00daBLICO-ALVO<\/strong><\/span><\/p>\n<p>Ind\u00fastria de Rochas Ornamentais.<\/p>\n<p>&nbsp;<\/p>\n","protected":false},"excerpt":{"rendered":"<p>&nbsp; INVENTORES Rub\u00e9n J. Sanch\u00e9z Rodr\u00edguez, Prof. D.Sc. CONTATO E-mail patentes@uenf.br\u00a0|| Telefone\u00a0(22)\u00a02739 7331 &nbsp; DESCRI\u00c7\u00c3O GERAL A engenharia de materiais&#8230;<\/p>\n","protected":false},"author":20,"featured_media":0,"parent":80,"menu_order":10,"comment_status":"closed","ping_status":"closed","template":"","meta":{"footnotes":""},"class_list":["post-639","page","type-page","status-publish","hentry"],"_links":{"self":[{"href":"https:\/\/uenf.br\/reitoria\/agenciainovacao\/wp-json\/wp\/v2\/pages\/639","targetHints":{"allow":["GET"]}}],"collection":[{"href":"https:\/\/uenf.br\/reitoria\/agenciainovacao\/wp-json\/wp\/v2\/pages"}],"about":[{"href":"https:\/\/uenf.br\/reitoria\/agenciainovacao\/wp-json\/wp\/v2\/types\/page"}],"author":[{"embeddable":true,"href":"https:\/\/uenf.br\/reitoria\/agenciainovacao\/wp-json\/wp\/v2\/users\/20"}],"replies":[{"embeddable":true,"href":"https:\/\/uenf.br\/reitoria\/agenciainovacao\/wp-json\/wp\/v2\/comments?post=639"}],"version-history":[{"count":0,"href":"https:\/\/uenf.br\/reitoria\/agenciainovacao\/wp-json\/wp\/v2\/pages\/639\/revisions"}],"up":[{"embeddable":true,"href":"https:\/\/uenf.br\/reitoria\/agenciainovacao\/wp-json\/wp\/v2\/pages\/80"}],"wp:attachment":[{"href":"https:\/\/uenf.br\/reitoria\/agenciainovacao\/wp-json\/wp\/v2\/media?parent=639"}],"curies":[{"name":"wp","href":"https:\/\/api.w.org\/{rel}","templated":true}]}}