{"id":884,"date":"2013-08-30T19:00:52","date_gmt":"2013-08-30T19:00:52","guid":{"rendered":"http:\/\/uenf.br\/reitoria\/agenciainovacao\/?page_id=884"},"modified":"2013-08-30T19:00:52","modified_gmt":"2013-08-30T19:00:52","slug":"palestras","status":"publish","type":"page","link":"https:\/\/uenf.br\/reitoria\/agenciainovacao\/assessoria-de-patentes\/palestras\/","title":{"rendered":"Palestras sobre Propriedade Intelectual"},"content":{"rendered":"<p>Resumo: Em um mundo cada vez mais competitivo, faz-se obrigat\u00f3rio o registro da Propriedade Intelectual para que o inventor ou autor possa ser beneficiado economicamente por seu invento ou cria\u00e7\u00e3o, al\u00e9m, de ser protegido contra concorr\u00eancia desleal e o pl\u00e1gio. Esta palestra estabelece conceitos imprescind\u00edveis sobre os direitos relativos \u00e0 Propriedade Intelectual em todas as suas esferas, ao abordar t\u00f3picos da Propriedade Industrial, Direitos autorais, Prote\u00e7\u00f5es H\u00edbridas e Prote\u00e7\u00e3o Sui Generis.<\/p>\n<p>Palestrante: Carlos Diego de Oliveira Azevedo \u2013 Assessor de Patentes da Ag\u00eancia UENF de Inova\u00e7\u00e3o.<\/p>\n<p>P\u00fablico- Alvo: Docentes e Discentes dos Programas de P\u00f3s-Gradua\u00e7\u00e3o da UENF.<\/p>\n<p>Ementa:<\/p>\n<ol>\n<li>Conceito de Propriedade Intelectual e a sua \u00e1rea de abrang\u00eancia;<\/li>\n<li>Legisla\u00e7\u00e3o vigente em \u00e2mbito nacional e internacional;<\/li>\n<li>Institui\u00e7\u00f5es Nacionais e Internacionais Regulamentadores de Itens de Propriedade Intelectual;<\/li>\n<li>Propriedade Industrial: Patentes de Inven\u00e7\u00e3o, Modelos de Utilidade, Desenhos Industriais, Marcas e Indica\u00e7\u00f5es Geogr\u00e1ficas;<\/li>\n<li>Direitos Autorais: Direitos de Autor e Direitos Conexos;<\/li>\n<li>Prote\u00e7\u00f5es H\u00edbridas: Programas de Computador;<\/li>\n<li>Prote\u00e7\u00f5es Sui Generis: Topografia de Circuitos Integrados e Cultivares.<\/li>\n<\/ol>\n<p>Contato para agendamento de palestra ou maiores informa\u00e7\u00f5es: diego.patentes@uenf.br.<\/p>\n","protected":false},"excerpt":{"rendered":"<p>Resumo: Em um mundo cada vez mais competitivo, faz-se obrigat\u00f3rio o registro da Propriedade Intelectual para que o inventor ou&#8230;<\/p>\n","protected":false},"author":20,"featured_media":0,"parent":128,"menu_order":5,"comment_status":"closed","ping_status":"open","template":"","meta":{"footnotes":""},"class_list":["post-884","page","type-page","status-publish","hentry"],"_links":{"self":[{"href":"https:\/\/uenf.br\/reitoria\/agenciainovacao\/wp-json\/wp\/v2\/pages\/884","targetHints":{"allow":["GET"]}}],"collection":[{"href":"https:\/\/uenf.br\/reitoria\/agenciainovacao\/wp-json\/wp\/v2\/pages"}],"about":[{"href":"https:\/\/uenf.br\/reitoria\/agenciainovacao\/wp-json\/wp\/v2\/types\/page"}],"author":[{"embeddable":true,"href":"https:\/\/uenf.br\/reitoria\/agenciainovacao\/wp-json\/wp\/v2\/users\/20"}],"replies":[{"embeddable":true,"href":"https:\/\/uenf.br\/reitoria\/agenciainovacao\/wp-json\/wp\/v2\/comments?post=884"}],"version-history":[{"count":0,"href":"https:\/\/uenf.br\/reitoria\/agenciainovacao\/wp-json\/wp\/v2\/pages\/884\/revisions"}],"up":[{"embeddable":true,"href":"https:\/\/uenf.br\/reitoria\/agenciainovacao\/wp-json\/wp\/v2\/pages\/128"}],"wp:attachment":[{"href":"https:\/\/uenf.br\/reitoria\/agenciainovacao\/wp-json\/wp\/v2\/media?parent=884"}],"curies":[{"name":"wp","href":"https:\/\/api.w.org\/{rel}","templated":true}]}}

<p>Resumo: Em um mundo cada vez mais competitivo, faz-se obrigatório o registro da Propriedade Intelectual para que o inventor ou autor possa ser beneficiado economicamente por seu invento ou criação, além, de ser protegido contra concorrência desleal e o plágio. Esta palestra estabelece conceitos imprescindíveis sobre os direitos relativos à Propriedade Intelectual em todas as suas esferas, ao abordar tópicos da Propriedade Industrial, Direitos autorais, Proteções Híbridas e Proteção Sui Generis.</p>
<p>Palestrante: Carlos Diego de Oliveira Azevedo – Assessor de Patentes da Agência UENF de Inovação.</p>
<p>Público- Alvo: Docentes e Discentes dos Programas de Pós-Graduação da UENF.</p>
<p>Ementa:</p>
<ol>
<li>Conceito de Propriedade Intelectual e a sua área de abrangência;</li>
<li>Legislação vigente em âmbito nacional e internacional;</li>
<li>Instituições Nacionais e Internacionais Regulamentadores de Itens de Propriedade Intelectual;</li>
<li>Propriedade Industrial: Patentes de Invenção, Modelos de Utilidade, Desenhos Industriais, Marcas e Indicações Geográficas;</li>
<li>Direitos Autorais: Direitos de Autor e Direitos Conexos;</li>
<li>Proteções Híbridas: Programas de Computador;</li>
<li>Proteções Sui Generis: Topografia de Circuitos Integrados e Cultivares.</li>
</ol>
<p>Contato para agendamento de palestra ou maiores informações: diego.patentes@uenf.br.</p>

<p>Resumo: Em um mundo cada vez mais competitivo, faz-se obrigatório o registro da Propriedade Intelectual para que o inventor ou&#8230;</p>
