{"id":93,"date":"2012-07-26T17:58:39","date_gmt":"2012-07-26T17:58:39","guid":{"rendered":"http:\/\/uenf.br\/reitoria\/agenciainovacao\/?page_id=93"},"modified":"2023-11-23T19:06:19","modified_gmt":"2023-11-23T19:06:19","slug":"objetivos","status":"publish","type":"page","link":"https:\/\/uenf.br\/reitoria\/agenciainovacao\/convenios-e-contratos\/objetivos\/","title":{"rendered":"Regras b\u00e1sicas"},"content":{"rendered":"<table border=\"0\" width=\"600\" cellspacing=\"0\" cellpadding=\"0\">\n<tbody>\n<tr>\n<td style=\"padding-left: 30px\" valign=\"top\" width=\"180\" height=\"0\"><span style=\"color: #808080\"><strong>Paulo Roberto Moreira<\/strong><\/span><br \/>\n<span style=\"color: #808080\"><em>Conv\u00eanios e Contratos<\/em><\/span><br \/>\n<span style=\"color: #808080\">pmoreira@uenf.br<\/span><br \/>\n<span style=\"color: #808080\">(22) 2739 7295<\/span><\/td>\n<td valign=\"top\" width=\"020\" height=\"0\"><\/td>\n<td valign=\"top\" width=\"400\" height=\"0\"><span style=\"color: #808080\"><strong>Ricardo Andrade Pohlmann<\/strong><\/span><br \/>\n<span style=\"color: #808080\"> <em>Conv\u00eanios e Contratos<br \/>\n<\/em>pohlmann@uenf.br<\/span><br \/>\n<span style=\"color: #808080\"> (22) 2739 7016<\/span><\/td>\n<\/tr>\n<\/tbody>\n<\/table>\n<p>O Magn\u00edfico Reitor da UENF \u00e9 o \u00fanico que pode firmar conv\u00eanios e contratos (C&amp;C) em nome da institui\u00e7\u00e3o, ouvidas as inst\u00e2ncias previstas no Estatuto da UENF.<\/p>\n<p>Todo C&amp;C deve prever um coordenador por parte da UENF, que assume a responsabilidade t\u00e9cnica e administrativa da condu\u00e7\u00e3o do respectivo C&amp;C.<\/p>\n<p>As atividades de C&amp;C n\u00e3o devem, em hip\u00f3tese alguma, envolver aumento de despesas n\u00e3o previstas no or\u00e7amento da UENF, bem como reduzir as horas-aula semanais dos docentes envolvidos, em conformidade com a LDB.<\/p>\n<p>Todo C&amp;C firmado pela UENF deve ter seu extrato (resumo) publicado no Di\u00e1rio Oficial do Estado do Rio de Janeiro, bem como c\u00f3pia do mesmo deve ser enviada ao Tribunal de Contas do Estado do Rio de Janeiro e \u00e0 Secretaria de Estado de Ci\u00eancia, Tecnologia e Inova\u00e7\u00e3o.<\/p>\n<p>A interveni\u00eancia de uma <strong>funda\u00e7\u00e3o<\/strong> \u00e9 recomendada quando envolve a capta\u00e7\u00e3o de recursos financeiros e\/ou materiais para a institui\u00e7\u00e3o.<\/p>\n<p>N\u00e3o h\u00e1 a interveni\u00eancia de uma funda\u00e7\u00e3o para conv\u00eanios com \u00f3rg\u00e3os do governo federal ou estadual (FAPERJ, CNPq, CAPES, FNDE, MAPA, entre outros) e quando o conv\u00eanio n\u00e3o envolver recursos materiais.<\/p>\n<p>Veja ainda:<\/p>\n<p><strong>.:<\/strong>\u00a0<a href=\"http:\/\/uenf.br\/reitoria\/agenciainovacao\/files\/2012\/08\/resolucao_consuni_2011_n03.pdf\" target=\"_blank\" rel=\"noopener\">Resolu\u00e7\u00e3o n.3\/2011<\/a> do Conselho Universit\u00e1rio (CONSUNI) da UENF: <em>Estabelece crit\u00e9rios m\u00ednimos para a aprova\u00e7\u00e3o, a renova\u00e7\u00e3o e o encerramento de conv\u00eanios na UENF, para a aprova\u00e7\u00e3o de novos conv\u00eanios com remunera\u00e7\u00e3o para pesquisadores, e d\u00e1 outras provid\u00eancias<\/em>.<\/p>\n<p><strong>.:\u00a0<\/strong><a href=\"https:\/\/uenf.br\/reitoria\/agenciainovacao\/files\/2021\/09\/Resol.-COLAC-n09.2021_VRCI.pdf\">Resolu\u00e7\u00e3o n.9\/2021<\/a> do Colegiado Acad\u00eamico da UENF: <em>Disp\u00f5e sobre metodologia de c\u00e1lculo do valor do ressarcimento dos custos indiretos (VRCI) da UENF, a serem aplicados em acordos e parcerias, projetos ou programas financiados por empresas e intermediados por funda\u00e7\u00f5es de apoio.<\/em><\/p>\n<p><strong>.:<\/strong>\u00a0<a href=\"https:\/\/uenf.br\/reitoria\/agenciainovacao\/files\/2021\/10\/Resolucao-CONSUNI-13-2021.pdf\">Resolu\u00e7\u00e3o n.13\/2021<\/a> do Conselho Universit\u00e1rio (CONSUNI) da UENF: Estabelece as normas para regulamenta\u00e7\u00e3o de projetos patrocinados e presta\u00e7\u00e3o de servi\u00e7os pela UENF e disciplina a propriedade intelectual decorrente.<\/p>\n<p><strong>.:<\/strong>\u00a0 <a href=\"https:\/\/uenf.br\/reitoria\/agenciainovacao\/files\/2021\/11\/Resolucao_CONSUNI_n14-2021.pdf\">Resolu\u00e7\u00e3o n.14\/2021<\/a> do Conselho Universit\u00e1rio (CONSUNI) da UENF: Altera a Resolu\u00e7\u00e3o CONSUNI n\u00ba 03\/2011 e d\u00e1 outras provid\u00eancias.<\/p>\n<p><strong>.:<\/strong>\u00a0 <a href=\"https:\/\/uenf.br\/reitoria\/agenciainovacao\/files\/2023\/11\/Portaria-33.MGSIP_.revogou-a-PI-424.2016.pdf\">PORTARIA CONJUNTA MGI\/MF\/CGU N\u00ba 33, DE 30 DE AGOSTO DE 2023<\/a>: Estabelece normas complementares para as transfer\u00eancias de recursos oriundos dos Or\u00e7amentos Fiscal e da Seguridade Social da Uni\u00e3o &#8211; OFSS, operacionalizadas por meio da celebra\u00e7\u00e3o de conv\u00eanios e contratos de repasse entre \u00f3rg\u00e3os e entidades da administra\u00e7\u00e3o p\u00fablica federal, de um lado, e \u00f3rg\u00e3os e entidades dos estados, Distrito Federal e munic\u00edpios, bem como cons\u00f3rcios p\u00fablicos e entidades privadas sem fins lucrativos, de outro, para a execu\u00e7\u00e3o de<br \/>\nprogramas, projetos e atividades de interesse rec\u00edproco e em regime de m\u00fatua<br \/>\ncolabora\u00e7\u00e3o.<\/p>\n","protected":false},"excerpt":{"rendered":"<p>Paulo Roberto Moreira Conv\u00eanios e Contratos pmoreira@uenf.br (22) 2739 7295 Ricardo Andrade Pohlmann Conv\u00eanios e Contratos pohlmann@uenf.br (22) 2739 7016&#8230;<\/p>\n","protected":false},"author":20,"featured_media":0,"parent":8,"menu_order":3,"comment_status":"closed","ping_status":"open","template":"","meta":{"footnotes":""},"class_list":["post-93","page","type-page","status-publish","hentry"],"_links":{"self":[{"href":"https:\/\/uenf.br\/reitoria\/agenciainovacao\/wp-json\/wp\/v2\/pages\/93","targetHints":{"allow":["GET"]}}],"collection":[{"href":"https:\/\/uenf.br\/reitoria\/agenciainovacao\/wp-json\/wp\/v2\/pages"}],"about":[{"href":"https:\/\/uenf.br\/reitoria\/agenciainovacao\/wp-json\/wp\/v2\/types\/page"}],"author":[{"embeddable":true,"href":"https:\/\/uenf.br\/reitoria\/agenciainovacao\/wp-json\/wp\/v2\/users\/20"}],"replies":[{"embeddable":true,"href":"https:\/\/uenf.br\/reitoria\/agenciainovacao\/wp-json\/wp\/v2\/comments?post=93"}],"version-history":[{"count":0,"href":"https:\/\/uenf.br\/reitoria\/agenciainovacao\/wp-json\/wp\/v2\/pages\/93\/revisions"}],"up":[{"embeddable":true,"href":"https:\/\/uenf.br\/reitoria\/agenciainovacao\/wp-json\/wp\/v2\/pages\/8"}],"wp:attachment":[{"href":"https:\/\/uenf.br\/reitoria\/agenciainovacao\/wp-json\/wp\/v2\/media?parent=93"}],"curies":[{"name":"wp","href":"https:\/\/api.w.org\/{rel}","templated":true}]}}