{"id":949,"date":"2014-06-02T18:26:49","date_gmt":"2014-06-02T18:26:49","guid":{"rendered":"http:\/\/uenf.br\/reitoria\/agenciainovacao\/?page_id=949"},"modified":"2015-10-16T12:09:12","modified_gmt":"2015-10-16T12:09:12","slug":"relatorios-de-gestao-da-agiuenf","status":"publish","type":"page","link":"https:\/\/uenf.br\/reitoria\/agenciainovacao\/transparencia\/relatorios-de-gestao-da-agiuenf\/","title":{"rendered":"Relat\u00f3rios de Gest\u00e3o da AgiUENF"},"content":{"rendered":"<p style=\"text-align: justify\">Os Relat\u00f3rios de Gest\u00e3o s\u00e3o documentos que descrevem as atividades realizadas nos diversos departamentos administrativos da UENF e s\u00e3o entregues \u00e0 Reitoria anualmente. Nesses documentos s\u00e3o descritas as atividades realizadas pelo departamento, bem como informam quais os servidores envolvidos no execu\u00e7\u00e3o destas atividades. Abaixo, disponibilizamos os relat\u00f3rios de gest\u00e3o da AgiUENF referente aos anos-base 2010, 2011, 2012, 2013 e 2014.<\/p>\n<p><a href=\"http:\/\/uenf.br\/reitoria\/agenciainovacao\/files\/2014\/06\/Relatorio-2010.pdf\">Relat\u00f3rio de Gest\u00e3o &#8211; 2010<\/a><\/p>\n<p><a href=\"http:\/\/uenf.br\/reitoria\/agenciainovacao\/files\/2014\/06\/Relat\u00f3rio-2011.pdf\">Relat\u00f3rio de Gest\u00e3o &#8211; 2011<\/a><\/p>\n<p><a href=\"http:\/\/uenf.br\/reitoria\/agenciainovacao\/files\/2014\/06\/Relat\u00f3rio-2012.pdf\">Relat\u00f3rio de Gest\u00e3o &#8211; 2012<\/a><\/p>\n<p><a href=\"http:\/\/uenf.br\/reitoria\/agenciainovacao\/files\/2014\/06\/Relat\u00f3rio-2013-AgiUENF.pdf\">Relat\u00f3rio de Gest\u00e3o &#8211; 2013<\/a><\/p>\n<p><a href=\"http:\/\/uenf.br\/reitoria\/agenciainovacao\/files\/2014\/06\/Relat\u00f3rio-2014-AGIUENF-CI183-14.pdf\">Relat\u00f3rio de Gest\u00e3o &#8211; 2014<\/a><\/p>\n<p><a href=\"http:\/\/uenf.br\/reitoria\/agenciainovacao\/files\/2014\/06\/Relat\u00f3rio-Atividades-AgiUEN-2015.pdf\">Relat\u00f3rio de Gest\u00e3o &#8211; 2015<\/a><\/p>\n<p>&nbsp;<\/p>\n<p>&nbsp;<\/p>\n","protected":false},"excerpt":{"rendered":"<p>Os Relat\u00f3rios de Gest\u00e3o s\u00e3o documentos que descrevem as atividades realizadas nos diversos departamentos administrativos da UENF e s\u00e3o entregues&#8230;<\/p>\n","protected":false},"author":20,"featured_media":0,"parent":326,"menu_order":0,"comment_status":"closed","ping_status":"open","template":"","meta":{"footnotes":""},"class_list":["post-949","page","type-page","status-publish","hentry"],"_links":{"self":[{"href":"https:\/\/uenf.br\/reitoria\/agenciainovacao\/wp-json\/wp\/v2\/pages\/949","targetHints":{"allow":["GET"]}}],"collection":[{"href":"https:\/\/uenf.br\/reitoria\/agenciainovacao\/wp-json\/wp\/v2\/pages"}],"about":[{"href":"https:\/\/uenf.br\/reitoria\/agenciainovacao\/wp-json\/wp\/v2\/types\/page"}],"author":[{"embeddable":true,"href":"https:\/\/uenf.br\/reitoria\/agenciainovacao\/wp-json\/wp\/v2\/users\/20"}],"replies":[{"embeddable":true,"href":"https:\/\/uenf.br\/reitoria\/agenciainovacao\/wp-json\/wp\/v2\/comments?post=949"}],"version-history":[{"count":0,"href":"https:\/\/uenf.br\/reitoria\/agenciainovacao\/wp-json\/wp\/v2\/pages\/949\/revisions"}],"up":[{"embeddable":true,"href":"https:\/\/uenf.br\/reitoria\/agenciainovacao\/wp-json\/wp\/v2\/pages\/326"}],"wp:attachment":[{"href":"https:\/\/uenf.br\/reitoria\/agenciainovacao\/wp-json\/wp\/v2\/media?parent=949"}],"curies":[{"name":"wp","href":"https:\/\/api.w.org\/{rel}","templated":true}]}}