{"id":107,"date":"2015-10-05T12:25:22","date_gmt":"2015-10-05T12:25:22","guid":{"rendered":"http:\/\/uenf.br\/reitoria\/nucest\/?page_id=107"},"modified":"2024-07-31T14:22:57","modified_gmt":"2024-07-31T14:22:57","slug":"duvidas-frequentes","status":"publish","type":"page","link":"https:\/\/uenf.br\/reitoria\/nucest\/duvidas-frequentes\/","title":{"rendered":"D\u00favidas Frequentes"},"content":{"rendered":"<p><strong>Posso Fazer Est\u00e1gio numa \u00e1rea diferente da minha \u00e1rea de forma\u00e7\u00e3o?<\/strong><\/p>\n<p>N\u00e3o.\u00a0O est\u00e1gio visa ao aprendizado de compet\u00eancias pr\u00f3prias da atividade profissional, com objetivo do desenvolvimento do aluno para a vida cidad\u00e3 e para o mundo do trabalho.<\/p>\n<p><strong>Quem deve ser meu supervisor na institui\u00e7\u00e3o que desejo realizar o est\u00e1gio?<\/strong><\/p>\n<p>O Supervisor de est\u00e1gio deve fazer parte do quadro de pessoal da empresa concedente, tendo este forma\u00e7\u00e3o ou experi\u00eancia profissional na \u00e1rea de conhecimento desenvolvida no curso do estagi\u00e1rio.<\/p>\n<p><strong>Qual deve ser o per\u00edodo de dura\u00e7\u00e3o do meu est\u00e1gio?<\/strong><\/p>\n<p>Segundo a lei de est\u00e1gio, a dura\u00e7\u00e3o n\u00e3o poder\u00e1 exceder a dois anos.<\/p>\n<p><strong>Como fazer se desejo suspender o meu est\u00e1gio antes do tempo estabelecido no termo de compromisso?<\/strong><\/p>\n<p>O estagi\u00e1rio dever\u00e1 baixar o termo de distrato e encaminh\u00e1-lo ao seu Coordenador de est\u00e1gio, \u00a0juntamente com o Formul\u00e1rio de Avalia\u00e7\u00e3o de Est\u00e1gio. O Coordenador encaminhar\u00e1 ambos para o NUCEST, via SEI (Sistema eletr\u00f4nico de informa\u00e7\u00f5es) para que o est\u00e1gio seja devidamente encerrado.<\/p>\n<p><strong>Qual \u00e9 a carga hor\u00e1ria m\u00ednima e m\u00e1xima semanal que posso fazer est\u00e1gio?<\/strong><\/p>\n<p>M\u00ednima de 6 horas semanais, n\u00e3o devendo ultrapassar 30 horas semanais, no caso de estudantes do ensino superior, da educa\u00e7\u00e3o profissional de n\u00edvel m\u00e9dio e do ensino m\u00e9dio regular. No caso relativo a cursos que alternam teoria e pr\u00e1tica, nos per\u00edodos em que n\u00e3o est\u00e3o programadas as aulas presenciais, poder\u00e1 ter jornada de at\u00e9 40 horas semanais, desde que isso seja previsto no projeto pedag\u00f3gico do curso e da institui\u00e7\u00e3o de ensino.<\/p>\n<p><strong>Posso fazer est\u00e1gio em duas institui\u00e7\u00f5es ao mesmo tempo?<\/strong><\/p>\n<p>Pode. Vale ressaltar que a jornada de trabalho semanal n\u00e3o pode ultrapassar a seis horas di\u00e1rias ( trinta semanais), podendo a jornada semanal ser de at\u00e9 quarenta horas, caso esteja previsto no projeto pedag\u00f3gico da Institui\u00e7\u00e3o. A cada semestre o aluno poder\u00e1 realizar est\u00e1gio em no m\u00e1ximo duas institui\u00e7\u00f5es.<\/p>\n<p><strong>Posso fazer Est\u00e1gio sem antes enviar a documenta\u00e7\u00e3o para o NUCEST?<\/strong><\/p>\n<p>N\u00e3o.\u00a0Os est\u00e1gios iniciados sem a autoriza\u00e7\u00e3o e a assinatura dos coordenadores de curso e do NUCEST\u00a0<strong>N\u00c3O SER\u00c3O RECONHECIDOS.<\/strong><strong>\u00a0\u00a0\u00a0<\/strong><\/p>\n<p><strong>Posso fazer est\u00e1gio no semestre letivo atual em uma institui\u00e7\u00e3o que n\u00e3o possui conv\u00eanio?<\/strong><\/p>\n<p>N\u00e3o. O aluno s\u00f3 poder\u00e1 fazer o est\u00e1gio em\u00a0 institui\u00e7\u00f5es que\u00a0j\u00e1 tenham\u00a0conv\u00eanio de est\u00e1gio firmado com a UENF no in\u00edcio do semestre letivo e em vigor no momento em que o est\u00e1gio ser\u00e1 realizado.<\/p>\n<p><strong>O seguro contra acidentes pessoais contratado pela UENF vencer\u00e1 em 14\/09\/24. O que fazer?<\/strong><\/p>\n<p>Os termos de compromisso emitidos antes da contrata\u00e7\u00e3o de nova ap\u00f3lice de seguro, dever\u00e3o ter data de t\u00e9rmino igual ou anterior \u00e0 14\/09\/24. Se at\u00e9 esta data o aluno n\u00e3o conseguir cumprir toda a carga hor\u00e1ria necess\u00e1ria para o est\u00e1gio, ele dever\u00e1 emitir um termo aditivo, prorrogando a data do est\u00e1gio e atualizando os dados da ap\u00f3lice de seguro.<\/p>\n<p>A observa\u00e7\u00e3o acima vale para os est\u00e1gio onde o seguro especificado no termo de compromisso for o da UENF. Para os casos em que a institui\u00e7\u00e3o que conceder\u00e1 o est\u00e1gio contratar o seguro, os termos de compromisso poder\u00e3o vigorar at\u00e9 a data de vig\u00eancia do seguro contratado.<\/p>\n<p><strong>O seguro contra acidentes pessoais contratado pela UENF vencer\u00e1 em 14\/09\/24. Isto significa que eu n\u00e3o posso fazer est\u00e1gio?<\/strong><\/p>\n<p>O fato da ap\u00f3lice de seguro atual vigorar at\u00e9 14\/09\/24, n\u00e3o impede que os alunos realizem est\u00e1gio. O aluno poder\u00e1 realizar est\u00e1gio at\u00e9 esta data ou por todo o per\u00edodo, desde que a concedente contrate o seguro contra acidentes pessoais. Neste caso, os dados da ap\u00f3lice e da seguradora dever\u00e3o ser especificados no termo de compromisso apresentado pelo aluno.<\/p>\n<p>&nbsp;<\/p>\n<p>&nbsp;<\/p>\n","protected":false},"excerpt":{"rendered":"<p>Posso Fazer Est\u00e1gio numa \u00e1rea diferente da minha \u00e1rea de forma\u00e7\u00e3o? N\u00e3o.\u00a0O est\u00e1gio visa ao aprendizado de compet\u00eancias pr\u00f3prias da&#8230;<\/p>\n","protected":false},"author":34,"featured_media":0,"parent":0,"menu_order":12,"comment_status":"closed","ping_status":"closed","template":"","meta":{"footnotes":""},"class_list":["post-107","page","type-page","status-publish","hentry"],"_links":{"self":[{"href":"https:\/\/uenf.br\/reitoria\/nucest\/wp-json\/wp\/v2\/pages\/107","targetHints":{"allow":["GET"]}}],"collection":[{"href":"https:\/\/uenf.br\/reitoria\/nucest\/wp-json\/wp\/v2\/pages"}],"about":[{"href":"https:\/\/uenf.br\/reitoria\/nucest\/wp-json\/wp\/v2\/types\/page"}],"author":[{"embeddable":true,"href":"https:\/\/uenf.br\/reitoria\/nucest\/wp-json\/wp\/v2\/users\/34"}],"replies":[{"embeddable":true,"href":"https:\/\/uenf.br\/reitoria\/nucest\/wp-json\/wp\/v2\/comments?post=107"}],"version-history":[{"count":0,"href":"https:\/\/uenf.br\/reitoria\/nucest\/wp-json\/wp\/v2\/pages\/107\/revisions"}],"wp:attachment":[{"href":"https:\/\/uenf.br\/reitoria\/nucest\/wp-json\/wp\/v2\/media?parent=107"}],"curies":[{"name":"wp","href":"https:\/\/api.w.org\/{rel}","templated":true}]}}