{"id":1269,"date":"2023-08-15T14:50:25","date_gmt":"2023-08-15T14:50:25","guid":{"rendered":"https:\/\/uenf.br\/reitoria\/nucest\/?page_id=1269"},"modified":"2025-07-23T13:03:43","modified_gmt":"2025-07-23T13:03:43","slug":"cederj-pedagogia-outras-instituicoes","status":"publish","type":"page","link":"https:\/\/uenf.br\/reitoria\/nucest\/cederj-pedagogia-outras-instituicoes\/","title":{"rendered":"CEDERJ Pedagogia Outras Institui\u00e7\u00f5es"},"content":{"rendered":"<p><strong>FORMUL\u00c1RIOS <span style=\"color: #000000\">(<\/span><\/strong><span style=\"color: #000000\"><strong>Est\u00e1gios Obrigat\u00f3rios):<\/strong><\/span><\/p>\n<p><span style=\"color: #0000ff\">Conforme estabelecido na 376\u00aa C\u00e2mara de Gradua\u00e7\u00e3o da UENF, os termos de compromisso devem ser apresentados para an\u00e1lise e assinatura do NUCEST <strong><span style=\"color: #ff0000\">antes<\/span><\/strong> da data de in\u00edcio do est\u00e1gio.<\/span><\/p>\n<ul>\n<li><a href=\"https:\/\/uenf.br\/reitoria\/nucest\/files\/2025\/07\/Termo-Pedagogia-1-Cederj.pdf\">Est\u00e1gio I<\/a><\/li>\n<li><a href=\"https:\/\/uenf.br\/reitoria\/nucest\/files\/2025\/07\/Termo-Pedagogia-2-Cederj.pdf\">Est\u00e1gio II<\/a><\/li>\n<li><a href=\"https:\/\/uenf.br\/reitoria\/nucest\/files\/2025\/07\/Termo-Pedagogia-3-Cederj.pdf\">Est\u00e1gio III<\/a><\/li>\n<li><a href=\"https:\/\/uenf.br\/reitoria\/nucest\/files\/2025\/07\/Termo-Pedagogia-4-Cederj.pdf\">Est\u00e1gio IV<\/a><\/li>\n<li><a href=\"https:\/\/uenf.br\/reitoria\/nucest\/files\/2025\/07\/Termo-Pedagogia-5-Cederj.pdf\">Est\u00e1gio V<\/a><\/li>\n<\/ul>\n","protected":false},"excerpt":{"rendered":"<p>FORMUL\u00c1RIOS (Est\u00e1gios Obrigat\u00f3rios): Conforme estabelecido na 376\u00aa C\u00e2mara de Gradua\u00e7\u00e3o da UENF, os termos de compromisso devem ser apresentados para&#8230;<\/p>\n","protected":false},"author":35,"featured_media":0,"parent":0,"menu_order":0,"comment_status":"closed","ping_status":"closed","template":"","meta":{"footnotes":""},"class_list":["post-1269","page","type-page","status-publish","hentry"],"_links":{"self":[{"href":"https:\/\/uenf.br\/reitoria\/nucest\/wp-json\/wp\/v2\/pages\/1269","targetHints":{"allow":["GET"]}}],"collection":[{"href":"https:\/\/uenf.br\/reitoria\/nucest\/wp-json\/wp\/v2\/pages"}],"about":[{"href":"https:\/\/uenf.br\/reitoria\/nucest\/wp-json\/wp\/v2\/types\/page"}],"author":[{"embeddable":true,"href":"https:\/\/uenf.br\/reitoria\/nucest\/wp-json\/wp\/v2\/users\/35"}],"replies":[{"embeddable":true,"href":"https:\/\/uenf.br\/reitoria\/nucest\/wp-json\/wp\/v2\/comments?post=1269"}],"version-history":[{"count":0,"href":"https:\/\/uenf.br\/reitoria\/nucest\/wp-json\/wp\/v2\/pages\/1269\/revisions"}],"wp:attachment":[{"href":"https:\/\/uenf.br\/reitoria\/nucest\/wp-json\/wp\/v2\/media?parent=1269"}],"curies":[{"name":"wp","href":"https:\/\/api.w.org\/{rel}","templated":true}]}}