{"id":1307,"date":"2023-08-16T10:02:34","date_gmt":"2023-08-16T10:02:34","guid":{"rendered":"https:\/\/uenf.br\/reitoria\/nucest\/?page_id=1307"},"modified":"2025-08-14T15:05:21","modified_gmt":"2025-08-14T15:05:21","slug":"cederj-quimica","status":"publish","type":"page","link":"https:\/\/uenf.br\/reitoria\/nucest\/cederj-quimica\/","title":{"rendered":"CEDERJ Qu\u00edmica"},"content":{"rendered":"<p><strong>EST\u00c1GIO OBRIGAT\u00d3RIO<\/strong><\/p>\n<p><span style=\"color: #0000ff\">Conforme estabelecido na 376\u00aa C\u00e2mara de Gradua\u00e7\u00e3o da UENF, os termos de compromisso devem ser apresentados para an\u00e1lise e assinatura do NUCEST <strong><span style=\"color: #ff0000\">antes<\/span><\/strong> da data de in\u00edcio do est\u00e1gio.<\/span><\/p>\n<ul>\n<li><a href=\"https:\/\/uenf.br\/reitoria\/nucest\/files\/2025\/07\/CEDERJ_2025Termo-de-Compromisso_OBRIGATORIO.pdf\">Termo de Compromisso_OBRIGAT\u00d3RIO<\/a> (para est\u00e1gio realizado em outras institui\u00e7\u00f5es)<\/li>\n<li><a href=\"https:\/\/uenf.br\/reitoria\/nucest\/files\/2025\/07\/CEDERJ_2025Termo-de-Compromisso_SEEDUC.pdf\">Termo de Compromisso_SEEDUC<\/a> (para est\u00e1gios realizados em Col\u00e9gios\/Escolas Estaduais)<\/li>\n<\/ul>\n<p>&nbsp;<\/p>\n<p><span style=\"color: #ff0000\"><strong>ATEN\u00c7\u00c3O!<\/strong><\/span><\/p>\n<p><strong>ATIVIDADES A SEREM PREENCHIDAS NOS ANEXOS AO TERMO DE COMPROMISSO:<\/strong><\/p>\n<p>Licenciatura em Qu\u00edmica<\/p>\n<ul>\n<li><a href=\"https:\/\/uenf.br\/reitoria\/nucest\/files\/2022\/09\/Estagio-I-Quimica-CEDERJ.pdf\">Est\u00e1gio I<\/a><\/li>\n<li><a href=\"https:\/\/uenf.br\/reitoria\/nucest\/files\/2022\/09\/Estagio-II-Quimica-CEDERJ.pdf\">Est\u00e1gio II<\/a><\/li>\n<li><a href=\"https:\/\/uenf.br\/reitoria\/nucest\/files\/2022\/09\/Estagio-III-Quimica-CEDERJ.pdf\">Est\u00e1gio III<\/a><\/li>\n<li><a href=\"https:\/\/uenf.br\/reitoria\/nucest\/files\/2022\/09\/Estagio-IV-Quimica-CEDERJ.pdf\">Est\u00e1gio IV<\/a><\/li>\n<\/ul>\n","protected":false},"excerpt":{"rendered":"<p>EST\u00c1GIO OBRIGAT\u00d3RIO Conforme estabelecido na 376\u00aa C\u00e2mara de Gradua\u00e7\u00e3o da UENF, os termos de compromisso devem ser apresentados para an\u00e1lise&#8230;<\/p>\n","protected":false},"author":35,"featured_media":0,"parent":0,"menu_order":0,"comment_status":"closed","ping_status":"closed","template":"","meta":{"footnotes":""},"class_list":["post-1307","page","type-page","status-publish","hentry"],"_links":{"self":[{"href":"https:\/\/uenf.br\/reitoria\/nucest\/wp-json\/wp\/v2\/pages\/1307","targetHints":{"allow":["GET"]}}],"collection":[{"href":"https:\/\/uenf.br\/reitoria\/nucest\/wp-json\/wp\/v2\/pages"}],"about":[{"href":"https:\/\/uenf.br\/reitoria\/nucest\/wp-json\/wp\/v2\/types\/page"}],"author":[{"embeddable":true,"href":"https:\/\/uenf.br\/reitoria\/nucest\/wp-json\/wp\/v2\/users\/35"}],"replies":[{"embeddable":true,"href":"https:\/\/uenf.br\/reitoria\/nucest\/wp-json\/wp\/v2\/comments?post=1307"}],"version-history":[{"count":0,"href":"https:\/\/uenf.br\/reitoria\/nucest\/wp-json\/wp\/v2\/pages\/1307\/revisions"}],"wp:attachment":[{"href":"https:\/\/uenf.br\/reitoria\/nucest\/wp-json\/wp\/v2\/media?parent=1307"}],"curies":[{"name":"wp","href":"https:\/\/api.w.org\/{rel}","templated":true}]}}