{"id":1388,"date":"2024-03-07T16:40:33","date_gmt":"2024-03-07T16:40:33","guid":{"rendered":"https:\/\/uenf.br\/reitoria\/nucest\/?page_id=1388"},"modified":"2026-04-16T15:17:03","modified_gmt":"2026-04-16T15:17:03","slug":"lista-de-convenios-em-vigor","status":"publish","type":"page","link":"https:\/\/uenf.br\/reitoria\/nucest\/onde-posso-fazer-o-estagio\/lista-de-convenios-em-vigor\/","title":{"rendered":"Lista de Conv\u00eanios em Vigor"},"content":{"rendered":"<p>A UENF possui conv\u00eanio de est\u00e1gio com diversas Institui\u00e7\u00f5es\/Empresas.<\/p>\n<p>&nbsp;<\/p>\n<p><strong><span style=\"color: #000000\">Para ver <\/span><\/strong><span style=\"color: #ff0000\"><span style=\"color: #000000\"><strong>a lista completa das Institui\u00e7\u00f5es que possuem conv\u00eanio com a UENF<\/strong>,\u00a0 <a href=\"https:\/\/uenf.br\/reitoria\/nucest\/files\/2026\/04\/LISTA-ATUALIZADA-DE-CONVENIOS-2026-ABRIL-2026.pdf\">Clique Aqui<\/a><\/span><\/span><\/p>\n<p>(Atualizada em 16\/04\/2026)<\/p>\n<p><strong>OBSERVA\u00c7\u00c3O:<\/strong><\/p>\n<p>Se a institui\u00e7\u00e3o que voc\u00ea deseja fazer est\u00e1gio n\u00e3o se encontrar na lista acima,<span style=\"color: #ff0000\"> <a style=\"color: #ff0000\" href=\"https:\/\/uenf.br\/reitoria\/nucest\/como-fazer-um-convenio-de-estagio-com-a-uenf\/\">clique aqui<\/a> .<\/span><\/p>\n","protected":false},"excerpt":{"rendered":"<p>A UENF possui conv\u00eanio de est\u00e1gio com diversas Institui\u00e7\u00f5es\/Empresas. &nbsp; Para ver a lista completa das Institui\u00e7\u00f5es que possuem conv\u00eanio&#8230;<\/p>\n","protected":false},"author":35,"featured_media":0,"parent":78,"menu_order":1,"comment_status":"closed","ping_status":"closed","template":"","meta":{"footnotes":""},"class_list":["post-1388","page","type-page","status-publish","hentry"],"_links":{"self":[{"href":"https:\/\/uenf.br\/reitoria\/nucest\/wp-json\/wp\/v2\/pages\/1388","targetHints":{"allow":["GET"]}}],"collection":[{"href":"https:\/\/uenf.br\/reitoria\/nucest\/wp-json\/wp\/v2\/pages"}],"about":[{"href":"https:\/\/uenf.br\/reitoria\/nucest\/wp-json\/wp\/v2\/types\/page"}],"author":[{"embeddable":true,"href":"https:\/\/uenf.br\/reitoria\/nucest\/wp-json\/wp\/v2\/users\/35"}],"replies":[{"embeddable":true,"href":"https:\/\/uenf.br\/reitoria\/nucest\/wp-json\/wp\/v2\/comments?post=1388"}],"version-history":[{"count":0,"href":"https:\/\/uenf.br\/reitoria\/nucest\/wp-json\/wp\/v2\/pages\/1388\/revisions"}],"up":[{"embeddable":true,"href":"https:\/\/uenf.br\/reitoria\/nucest\/wp-json\/wp\/v2\/pages\/78"}],"wp:attachment":[{"href":"https:\/\/uenf.br\/reitoria\/nucest\/wp-json\/wp\/v2\/media?parent=1388"}],"curies":[{"name":"wp","href":"https:\/\/api.w.org\/{rel}","templated":true}]}}