{"id":1798,"date":"2026-03-20T12:53:51","date_gmt":"2026-03-20T12:53:51","guid":{"rendered":"https:\/\/uenf.br\/reitoria\/nucest\/?page_id=1798"},"modified":"2026-03-20T13:01:58","modified_gmt":"2026-03-20T13:01:58","slug":"editais-2026","status":"publish","type":"page","link":"https:\/\/uenf.br\/reitoria\/nucest\/editais-2026\/","title":{"rendered":"Editais 2026"},"content":{"rendered":"<ul>\n<li><strong>EDITAL LCQUI\/UENF N.\u00ba 01\/2026<\/strong><\/li>\n<\/ul>\n<div>A UENF abriu processo seletivo de est\u00e1gio remunerado. S\u00e3o 02 (duas) vagas no total para atuar no Laborat\u00f3rio de Ci\u00eancias Qu\u00edmicas da UENF.\u00a0As oportunidades est\u00e3o voltadas para estudantes do curso de gradua\u00e7\u00e3o em Qu\u00edmica.<\/div>\n<p>As inscri\u00e7\u00f5es est\u00e3o abertas at\u00e9 o dia 25\/03\/26. Para acessar o edital, <a href=\"https:\/\/uenf.br\/reitoria\/nucest\/files\/2026\/03\/SEI_127208025_Correspondencia_Interna___NA_16.pdf\">clique aqui<\/a>.<\/p>\n","protected":false},"excerpt":{"rendered":"<p>EDITAL LCQUI\/UENF N.\u00ba 01\/2026 A UENF abriu processo seletivo de est\u00e1gio remunerado. S\u00e3o 02 (duas) vagas no total para atuar&#8230;<\/p>\n","protected":false},"author":35,"featured_media":0,"parent":0,"menu_order":0,"comment_status":"closed","ping_status":"closed","template":"","meta":{"footnotes":""},"class_list":["post-1798","page","type-page","status-publish","hentry"],"_links":{"self":[{"href":"https:\/\/uenf.br\/reitoria\/nucest\/wp-json\/wp\/v2\/pages\/1798","targetHints":{"allow":["GET"]}}],"collection":[{"href":"https:\/\/uenf.br\/reitoria\/nucest\/wp-json\/wp\/v2\/pages"}],"about":[{"href":"https:\/\/uenf.br\/reitoria\/nucest\/wp-json\/wp\/v2\/types\/page"}],"author":[{"embeddable":true,"href":"https:\/\/uenf.br\/reitoria\/nucest\/wp-json\/wp\/v2\/users\/35"}],"replies":[{"embeddable":true,"href":"https:\/\/uenf.br\/reitoria\/nucest\/wp-json\/wp\/v2\/comments?post=1798"}],"version-history":[{"count":0,"href":"https:\/\/uenf.br\/reitoria\/nucest\/wp-json\/wp\/v2\/pages\/1798\/revisions"}],"wp:attachment":[{"href":"https:\/\/uenf.br\/reitoria\/nucest\/wp-json\/wp\/v2\/media?parent=1798"}],"curies":[{"name":"wp","href":"https:\/\/api.w.org\/{rel}","templated":true}]}}