{"id":56,"date":"2015-10-02T12:55:08","date_gmt":"2015-10-02T12:55:08","guid":{"rendered":"http:\/\/uenf.br\/reitoria\/nucest\/?page_id=56"},"modified":"2024-07-31T13:56:56","modified_gmt":"2024-07-31T13:56:56","slug":"atendimento-externo","status":"publish","type":"page","link":"https:\/\/uenf.br\/reitoria\/nucest\/apresentacao\/atendimento-externo\/","title":{"rendered":"Atendimento ao P\u00fablico"},"content":{"rendered":"<p><strong>ATENDIMENTO EXTERNO<\/strong><\/p>\n<ul>\n<li>De segunda a sexta-feira: de 9h \u00e0s 12h<\/li>\n<\/ul>\n<p>&nbsp;<\/p>\n<p><strong>E-mail para contato<\/strong>:\u00a0estagio@uenf.br<\/p>\n<p>Ou<\/p>\n<p>Utilize o &#8220;fale conosco&#8221; dispon\u00edvel em nossa p\u00e1gina. Para acessar, <span style=\"color: #ff0000\"><a style=\"color: #ff0000\" href=\"https:\/\/uenf.br\/reitoria\/nucest\/contato\/\">clique aqui<\/a><\/span>.<\/p>\n<p>&nbsp;<\/p>\n<p>&nbsp;<\/p>\n<p><strong>ENDERE\u00c7O:<\/strong><\/p>\n<p>N\u00daCLEO DE EST\u00c1GIO DA UENF &#8211; NUCEST<\/p>\n<p>Universidade Estadual do Norte Fluminense Darcy Ribeiro &#8211; UENF<\/p>\n<p>Pr\u00f3-Reitoria de Gradua\u00e7\u00e3o &#8211; PROGRAD<\/p>\n<p><span style=\"font-family: Arial\">Av. Alberto Lamego, 2000 &#8211; Pr\u00e9dio P9 \u2013 Parque Calif\u00f3rnia<\/span><\/p>\n<p><span style=\"font-family: Arial\">Campos dos Goytacazes \u2013 RJ<\/span><\/p>\n<p><span style=\"font-family: Arial\">CEP.: 28.013-602<\/span><\/p>\n","protected":false},"excerpt":{"rendered":"<p>ATENDIMENTO EXTERNO De segunda a sexta-feira: de 9h \u00e0s 12h &nbsp; E-mail para contato:\u00a0estagio@uenf.br Ou Utilize o &#8220;fale conosco&#8221; dispon\u00edvel&#8230;<\/p>\n","protected":false},"author":34,"featured_media":0,"parent":2,"menu_order":4,"comment_status":"closed","ping_status":"closed","template":"","meta":{"footnotes":""},"class_list":["post-56","page","type-page","status-publish","hentry"],"_links":{"self":[{"href":"https:\/\/uenf.br\/reitoria\/nucest\/wp-json\/wp\/v2\/pages\/56","targetHints":{"allow":["GET"]}}],"collection":[{"href":"https:\/\/uenf.br\/reitoria\/nucest\/wp-json\/wp\/v2\/pages"}],"about":[{"href":"https:\/\/uenf.br\/reitoria\/nucest\/wp-json\/wp\/v2\/types\/page"}],"author":[{"embeddable":true,"href":"https:\/\/uenf.br\/reitoria\/nucest\/wp-json\/wp\/v2\/users\/34"}],"replies":[{"embeddable":true,"href":"https:\/\/uenf.br\/reitoria\/nucest\/wp-json\/wp\/v2\/comments?post=56"}],"version-history":[{"count":0,"href":"https:\/\/uenf.br\/reitoria\/nucest\/wp-json\/wp\/v2\/pages\/56\/revisions"}],"up":[{"embeddable":true,"href":"https:\/\/uenf.br\/reitoria\/nucest\/wp-json\/wp\/v2\/pages\/2"}],"wp:attachment":[{"href":"https:\/\/uenf.br\/reitoria\/nucest\/wp-json\/wp\/v2\/media?parent=56"}],"curies":[{"name":"wp","href":"https:\/\/api.w.org\/{rel}","templated":true}]}}