{"id":71,"date":"2015-10-02T13:54:01","date_gmt":"2015-10-02T13:54:01","guid":{"rendered":"http:\/\/uenf.br\/reitoria\/nucest\/?page_id=71"},"modified":"2026-02-04T00:24:28","modified_gmt":"2026-02-04T00:24:28","slug":"verificar-se-esta-apto-a-fazer-o-estagio","status":"publish","type":"page","link":"https:\/\/uenf.br\/reitoria\/nucest\/verificar-se-esta-apto-a-fazer-o-estagio\/","title":{"rendered":"Requisitos Para se Fazer Est\u00e1gio"},"content":{"rendered":"<ul>\n<li><strong>Est\u00e1gio Obrigat\u00f3rio (Para alunos da UENF):<\/strong><\/li>\n<\/ul>\n<ol>\n<li>Todos os estudantes que estiverem regularmente matriculados na UENF (<strong>Presencial ou a Dist\u00e2ncia<\/strong>), frequentando o curso no qual se matriculou e tendo preenchido os pr\u00e9-requisitos estabelecidos na grade curricular do curso, podem fazer est\u00e1gio obrigat\u00f3rio, desde que isto conste no PPC do curso.<\/li>\n<\/ol>\n<p>&nbsp;<\/p>\n<ul>\n<li><strong>Est\u00e1gio N\u00e3o Obrigat\u00f3rio (Para alunos da UENF):<\/strong><\/li>\n<\/ul>\n<ol>\n<li>Est\u00e3o aptos a realizar est\u00e1gio n\u00e3o obrigat\u00f3rio os discentes com matr\u00edcula regular e sem pend\u00eancia curricular comprovada, vedada sua concess\u00e3o ap\u00f3s o cumprimento integral das disciplinas previstas na matriz do respectivo curso;<\/li>\n<li>O(a) aluno(a) obrigatoriamente dever\u00e1 ter integralizado todas as disciplinas dos quatro primeiros per\u00edodos da matriz curricular, inclusive aquelas do ciclo b\u00e1sico;<\/li>\n<li>A carga hor\u00e1ria cumprida no est\u00e1gio n\u00e3o poder\u00e1 ultrapassar 20% da carga hor\u00e1ria total do curso, exceto nos casos em que o PPC estabele\u00e7a percentual distinto.<\/li>\n<\/ol>\n<p>&nbsp;<\/p>\n<ul>\n<li><strong>Est\u00e1gio Obrigat\u00f3rio \/ N\u00e3o obrigat\u00f3rio (Para alunos de outras institui\u00e7\u00f5es):<\/strong><\/li>\n<\/ul>\n<ol>\n<li>Todos os estudantes aspirantes a est\u00e1gio nos setores da UENF que estiverem regularmente matriculados em Institui\u00e7\u00f5es de Ensino Superior ou Ensino M\u00e9dio T\u00e9cnico, cuja institui\u00e7\u00e3o j\u00e1 tenha conv\u00eanio de est\u00e1gio firmado e em vigor com a UENF.<\/li>\n<\/ol>\n<p>&nbsp;<\/p>\n<p>&nbsp;<\/p>\n","protected":false},"excerpt":{"rendered":"<p>Est\u00e1gio Obrigat\u00f3rio (Para alunos da UENF): Todos os estudantes que estiverem regularmente matriculados na UENF (Presencial ou a Dist\u00e2ncia), frequentando&#8230;<\/p>\n","protected":false},"author":34,"featured_media":0,"parent":0,"menu_order":0,"comment_status":"closed","ping_status":"closed","template":"","meta":{"footnotes":""},"class_list":["post-71","page","type-page","status-publish","hentry"],"_links":{"self":[{"href":"https:\/\/uenf.br\/reitoria\/nucest\/wp-json\/wp\/v2\/pages\/71","targetHints":{"allow":["GET"]}}],"collection":[{"href":"https:\/\/uenf.br\/reitoria\/nucest\/wp-json\/wp\/v2\/pages"}],"about":[{"href":"https:\/\/uenf.br\/reitoria\/nucest\/wp-json\/wp\/v2\/types\/page"}],"author":[{"embeddable":true,"href":"https:\/\/uenf.br\/reitoria\/nucest\/wp-json\/wp\/v2\/users\/34"}],"replies":[{"embeddable":true,"href":"https:\/\/uenf.br\/reitoria\/nucest\/wp-json\/wp\/v2\/comments?post=71"}],"version-history":[{"count":0,"href":"https:\/\/uenf.br\/reitoria\/nucest\/wp-json\/wp\/v2\/pages\/71\/revisions"}],"wp:attachment":[{"href":"https:\/\/uenf.br\/reitoria\/nucest\/wp-json\/wp\/v2\/media?parent=71"}],"curies":[{"name":"wp","href":"https:\/\/api.w.org\/{rel}","templated":true}]}}