{"id":86,"date":"2015-10-05T11:22:05","date_gmt":"2015-10-05T11:22:05","guid":{"rendered":"http:\/\/uenf.br\/reitoria\/nucest\/?page_id=86"},"modified":"2026-02-03T18:19:04","modified_gmt":"2026-02-03T18:19:04","slug":"como-renovar-o-estagio","status":"publish","type":"page","link":"https:\/\/uenf.br\/reitoria\/nucest\/como-renovar-o-estagio\/","title":{"rendered":"Como Renovar o Est\u00e1gio?"},"content":{"rendered":"<p>Os alunos que ANTES DA DATA DO T\u00c9RMINO DO TERMO DE COMPROMISSO, tiverem interesse em dar continuidade ao est\u00e1gio, dever\u00e3o seguir alguns procedimentos. Escolha a op\u00e7\u00e3o que melhor se ajusta ao seu caso, para conhecer os passos para a renova\u00e7\u00e3o de est\u00e1gio:<\/p>\n<p><a href=\"https:\/\/uenf.br\/reitoria\/nucest\/renovacao-do-estagio\/\">Sou aluno(a) UENF \/ Presencial<\/a><\/p>\n<p><a href=\"https:\/\/uenf.br\/reitoria\/nucest\/renovacao-do-estagio\/\">Sou aluno(a) UENF \/ CEDERJ<\/a><\/p>\n<p><a href=\"https:\/\/uenf.br\/reitoria\/nucest\/renovacao-do-estagio\/\">N\u00e3o sou aluno(a) da UENF<\/a><\/p>\n","protected":false},"excerpt":{"rendered":"<p>Os alunos que ANTES DA DATA DO T\u00c9RMINO DO TERMO DE COMPROMISSO, tiverem interesse em dar continuidade ao est\u00e1gio, dever\u00e3o&#8230;<\/p>\n","protected":false},"author":34,"featured_media":0,"parent":0,"menu_order":3,"comment_status":"closed","ping_status":"closed","template":"","meta":{"footnotes":""},"class_list":["post-86","page","type-page","status-publish","hentry"],"_links":{"self":[{"href":"https:\/\/uenf.br\/reitoria\/nucest\/wp-json\/wp\/v2\/pages\/86","targetHints":{"allow":["GET"]}}],"collection":[{"href":"https:\/\/uenf.br\/reitoria\/nucest\/wp-json\/wp\/v2\/pages"}],"about":[{"href":"https:\/\/uenf.br\/reitoria\/nucest\/wp-json\/wp\/v2\/types\/page"}],"author":[{"embeddable":true,"href":"https:\/\/uenf.br\/reitoria\/nucest\/wp-json\/wp\/v2\/users\/34"}],"replies":[{"embeddable":true,"href":"https:\/\/uenf.br\/reitoria\/nucest\/wp-json\/wp\/v2\/comments?post=86"}],"version-history":[{"count":0,"href":"https:\/\/uenf.br\/reitoria\/nucest\/wp-json\/wp\/v2\/pages\/86\/revisions"}],"wp:attachment":[{"href":"https:\/\/uenf.br\/reitoria\/nucest\/wp-json\/wp\/v2\/media?parent=86"}],"curies":[{"name":"wp","href":"https:\/\/api.w.org\/{rel}","templated":true}]}}

Como Renovar o Estágio?

<p>Os alunos que ANTES DA DATA DO TÉRMINO DO TERMO DE COMPROMISSO, tiverem interesse em dar continuidade ao estágio, deverão seguir alguns procedimentos. Escolha a opção que melhor se ajusta ao seu caso, para conhecer os passos para a renovação de estágio:</p>
<p><a href="https://uenf.br/reitoria/nucest/renovacao-do-estagio/">Sou aluno(a) UENF / Presencial</a></p>
<p><a href="https://uenf.br/reitoria/nucest/renovacao-do-estagio/">Sou aluno(a) UENF / CEDERJ</a></p>
<p><a href="https://uenf.br/reitoria/nucest/renovacao-do-estagio/">Não sou aluno(a) da UENF</a></p>

<p>Os alunos que ANTES DA DATA DO TÉRMINO DO TERMO DE COMPROMISSO, tiverem interesse em dar continuidade ao estágio, deverão&#8230;</p>
