{"id":113,"date":"2012-08-13T14:25:14","date_gmt":"2012-08-13T14:25:14","guid":{"rendered":"http:\/\/uenf.br\/reitoria\/secacad\/?page_id=113"},"modified":"2026-02-02T13:40:03","modified_gmt":"2026-02-02T13:40:03","slug":"apresentacao","status":"publish","type":"page","link":"https:\/\/uenf.br\/reitoria\/secacad\/","title":{"rendered":"Apresenta\u00e7\u00e3o"},"content":{"rendered":"<hr \/>\n<h1 style=\"text-align: center\">Pr\u00e9-Matr\u00edcula SISU 2026<\/h1>\n<p>E-mail para d\u00favidas sobre o Edital: inscricoes.prograd@uenf.br<\/p>\n<p>E-mail para d\u00favidas sobre documenta\u00e7\u00e3o acad\u00eamica: matricula.graduacao@uenf.br<\/p>\n<p>E-mail para d\u00favidas sobre assuntos de avalia\u00e7\u00e3o socioecon\u00f4mica: servicosocial@uenf.br<\/p>\n<p>E-mail para d\u00favidas sobre aux\u00edlios: auxilios.proac@uenf.br<\/p>\n<p>__________________________________________________________________________________________________________________<\/p>\n<p>&nbsp;<\/p>\n<p>A Secretaria Acad\u00eamica controla e organiza diversos aspectos da vida dos alunos de gradua\u00e7\u00e3o e p\u00f3s-gradua\u00e7\u00e3o. Dentre os servi\u00e7os desenvolvidos est\u00e3o: matr\u00edcula inicial, manuten\u00e7\u00e3o dos registros acad\u00eamicos, elabora\u00e7\u00e3o do calend\u00e1rio acad\u00eamico, lan\u00e7amento de notas e conceitos, emiss\u00e3o de hist\u00f3ricos e extratos, programas de disciplinas, certificados de conclus\u00e3o de curso, confec\u00e7\u00e3o e emiss\u00e3o de diplomas, inscri\u00e7\u00f5es no ENADE e editais de transfer\u00eancia, al\u00e9m de levantamentos estat\u00edsticos para Reitoria, Governo do Estado do Rio de Janeiro e MEC.<\/p>\n<p><strong>ENDERE\u00c7O<\/strong>: Av. Alberto Lamego, 2000 \u2013 Parque Calif\u00f3rnia \u2013 Campos dos Goytacazes \u2013 RJ \u2013 Brasil \u2013 CEP: 28013-602 \u2013 T\u00e9rreo do pr\u00e9dio da Administra\u00e7\u00e3o\/Reitoria (E1).<\/p>\n<p><span style=\"color: #ff0000\"><strong>Contatos<\/strong><\/span><\/p>\n<p>As demandas dever\u00e3o ser encaminhadas para o e-mail do setor respons\u00e1vel<\/p>\n<table style=\"height: 189px\" width=\"594\">\n<tbody>\n<tr>\n<td width=\"283\"><strong><span style=\"color: #0000ff\">Setor de Gradua\u00e7\u00e3o<\/span><\/strong><\/td>\n<td width=\"283\"><a style=\"color: #13aff0\" href=\"mailto:graduacao@uenf.br\" target=\"_blank\" rel=\"noopener\" aria-label=\"graduacao@uenf.br Do Contatos do Google\">graduacao@uenf.br<\/a><\/td>\n<\/tr>\n<tr>\n<td width=\"283\"><strong><span style=\"color: #0000ff\">Setor de P\u00f3s-Gradua\u00e7\u00e3o<\/span><\/strong><\/td>\n<td width=\"283\"><a style=\"color: #13aff0\" href=\"mailto:posgraduacao@uenf.br\" target=\"_blank\" rel=\"noopener\">posgraduacao@uenf.br<\/a><\/td>\n<\/tr>\n<tr>\n<td width=\"283\"><strong><span style=\"color: #0000ff\">Setor de EAD<\/span><\/strong><\/td>\n<td width=\"283\"><a style=\"color: #13aff0\" href=\"mailto:secretariaacademicaead@uenf.br\" target=\"_blank\" rel=\"noopener\" aria-label=\"secretariaacademicaead@uenf.br Do Contatos do Google\">secretariaacademicaead@uenf.br<\/a><\/td>\n<\/tr>\n<tr>\n<td width=\"283\"><strong><span style=\"color: #0000ff\">Setor de Diplomas<\/span><\/strong><\/td>\n<td width=\"283\"><a style=\"color: #13aff0\" href=\"mailto:graduacao@uenf.br\" target=\"_blank\" rel=\"noopener\" aria-label=\"graduacao@uenf.br Do Contatos do Google\">setordediplomas@uenf.br<\/a><\/td>\n<\/tr>\n<tr>\n<td width=\"283\"><strong><span style=\"color: #0000ff\">Secretaria Acad\u00eamica &#8211; Geral<\/span><\/strong><\/td>\n<td width=\"283\"><a style=\"color: #13aff0\" href=\"mailto:graduacao@uenf.br\" target=\"_blank\" rel=\"noopener\" aria-label=\"graduacao@uenf.br Do Contatos do Google\">secretariaacademica@uenf.br<\/a><\/td>\n<\/tr>\n<\/tbody>\n<\/table>\n<p>&nbsp;<\/p>\n<div><\/div>\n<div>\n<div><\/div>\n<\/div>\n<p>&nbsp;<\/p>\n<p>&nbsp;<\/p>\n","protected":false},"excerpt":{"rendered":"<p>Pr\u00e9-Matr\u00edcula SISU 2026 E-mail para d\u00favidas sobre o Edital: inscricoes.prograd@uenf.br E-mail para d\u00favidas sobre documenta\u00e7\u00e3o acad\u00eamica: matricula.graduacao@uenf.br E-mail para d\u00favidas&#8230;<\/p>\n","protected":false},"author":23,"featured_media":0,"parent":0,"menu_order":0,"comment_status":"closed","ping_status":"open","template":"","meta":{"footnotes":""},"class_list":["post-113","page","type-page","status-publish","hentry"],"_links":{"self":[{"href":"https:\/\/uenf.br\/reitoria\/secacad\/wp-json\/wp\/v2\/pages\/113","targetHints":{"allow":["GET"]}}],"collection":[{"href":"https:\/\/uenf.br\/reitoria\/secacad\/wp-json\/wp\/v2\/pages"}],"about":[{"href":"https:\/\/uenf.br\/reitoria\/secacad\/wp-json\/wp\/v2\/types\/page"}],"author":[{"embeddable":true,"href":"https:\/\/uenf.br\/reitoria\/secacad\/wp-json\/wp\/v2\/users\/23"}],"replies":[{"embeddable":true,"href":"https:\/\/uenf.br\/reitoria\/secacad\/wp-json\/wp\/v2\/comments?post=113"}],"version-history":[{"count":0,"href":"https:\/\/uenf.br\/reitoria\/secacad\/wp-json\/wp\/v2\/pages\/113\/revisions"}],"wp:attachment":[{"href":"https:\/\/uenf.br\/reitoria\/secacad\/wp-json\/wp\/v2\/media?parent=113"}],"curies":[{"name":"wp","href":"https:\/\/api.w.org\/{rel}","templated":true}]}}