{"id":122,"date":"2012-08-22T13:24:45","date_gmt":"2012-08-22T13:24:45","guid":{"rendered":"http:\/\/uenf.br\/reitoria\/secacad\/?page_id=122"},"modified":"2019-10-29T13:23:24","modified_gmt":"2019-10-29T13:23:24","slug":"servicos-e-tarifas","status":"publish","type":"page","link":"https:\/\/uenf.br\/reitoria\/secacad\/servicos-e-tarifas\/","title":{"rendered":"Servi\u00e7os e Tarifas"},"content":{"rendered":"<p>Consulte abaixo as taxas referentes a expedi\u00e7\u00e3o de documentos para os alunos da Gradua\u00e7\u00e3o e P\u00f3s-Gradua\u00e7\u00e3o.<\/p>\n<p>(Os alunos ativos est\u00e3o isentos do pagamentos das taxas)<\/p>\n<hr \/>\n<p>Gradua\u00e7\u00e3o<\/p>\n<p>&#8211; Hist\u00f3rico Escolar e Extrato &#8211; R$ 50,00<\/p>\n<p>&#8211; Declara\u00e7\u00f5es acad\u00eamicas &#8211; R$ 25,00<\/p>\n<p>&#8211; Programas de Disciplinas &#8211; R$ 15,00 por programa<\/p>\n<p>&#8211; Certid\u00e3o do Conclus\u00e3o de Curso &#8211; R$ 50,00<\/p>\n<p>&#8211; Diploma<br \/>\nPrimeira via: Gratuito<br \/>\nSegunda via: R$ 200,00<\/p>\n<p>Cola\u00e7\u00e3o de Grau Antecipada: R$ 200,00<\/p>\n<p>Revalida\u00e7\u00e3o de Diploma: R$ 750,00<\/p>\n<p>Observa\u00e7\u00f5es:<br \/>\n&#8211; A comprova\u00e7\u00e3o do pagamento da taxa da segunda via da Certid\u00e3o do<br \/>\nConclus\u00e3o do Curso deve ser entregue junto com o requerimento.<br \/>\n&#8211; Ser\u00e3o emitidos somente os programas de disciplinas cursados pelo aluno.<\/p>\n<hr \/>\n<p>P\u00f3s-Gradua\u00e7\u00e3o<\/p>\n<p>&#8211; Inscri\u00e7\u00e3o para Sele\u00e7\u00e3o &#8211; R$ 50,00<\/p>\n<p>&#8211; Hist\u00f3rico Escolar e Extrato &#8211; R$ 50,00<\/p>\n<p>&#8211; Declara\u00e7\u00f5es acad\u00eamicas: R$ 25,00<\/p>\n<p>&#8211; Programas de Disciplinas: R$ 15,00 por programa<\/p>\n<p>&#8211; Diploma<br \/>\nPrimeira via:\u00a0Gratuito<br \/>\nSegunda via: R$ 200,00<\/p>\n<p>Revalida\u00e7\u00e3o de Diploma: R$ 1000,00<\/p>\n","protected":false},"excerpt":{"rendered":"<p>Consulte abaixo as taxas referentes a expedi\u00e7\u00e3o de documentos para os alunos da Gradua\u00e7\u00e3o e P\u00f3s-Gradua\u00e7\u00e3o. (Os alunos ativos est\u00e3o&#8230;<\/p>\n","protected":false},"author":23,"featured_media":0,"parent":0,"menu_order":4,"comment_status":"closed","ping_status":"open","template":"","meta":{"footnotes":""},"class_list":["post-122","page","type-page","status-publish","hentry"],"_links":{"self":[{"href":"https:\/\/uenf.br\/reitoria\/secacad\/wp-json\/wp\/v2\/pages\/122","targetHints":{"allow":["GET"]}}],"collection":[{"href":"https:\/\/uenf.br\/reitoria\/secacad\/wp-json\/wp\/v2\/pages"}],"about":[{"href":"https:\/\/uenf.br\/reitoria\/secacad\/wp-json\/wp\/v2\/types\/page"}],"author":[{"embeddable":true,"href":"https:\/\/uenf.br\/reitoria\/secacad\/wp-json\/wp\/v2\/users\/23"}],"replies":[{"embeddable":true,"href":"https:\/\/uenf.br\/reitoria\/secacad\/wp-json\/wp\/v2\/comments?post=122"}],"version-history":[{"count":0,"href":"https:\/\/uenf.br\/reitoria\/secacad\/wp-json\/wp\/v2\/pages\/122\/revisions"}],"wp:attachment":[{"href":"https:\/\/uenf.br\/reitoria\/secacad\/wp-json\/wp\/v2\/media?parent=122"}],"curies":[{"name":"wp","href":"https:\/\/api.w.org\/{rel}","templated":true}]}}